{"id":312015,"date":"2026-03-06T01:34:55","date_gmt":"2026-03-06T01:34:55","guid":{"rendered":"https:\/\/grupotextil.es\/?post_type=product&#038;p=312015"},"modified":"2026-03-06T01:34:55","modified_gmt":"2026-03-06T01:34:55","slug":"chaleco-reversible-con-bolsillos-valento-aspen","status":"publish","type":"product","link":"https:\/\/grupotextil.es\/en\/product\/chaleco-reversible-con-bolsillos-valento-aspen\/","title":{"rendered":"Chaleco reversible con bolsillos VALENTO ASPEN"},"content":{"rendered":"<div class=\"product-description\">\n<div class=\"article_characteristics\">\n<ul style=\"margin-block-start: 0;\" >\n<li><b>Chaleco reversible<\/b> con <b>bolsillos<\/b>.<\/li>\n<li>Confeccionado con doble tejido: polar <b>anti-pilling<\/b> en una cara que aporta retenci\u00f3n t\u00e9rmica y en la otra cara, tejido plano hidro-repelente para una mayor comodidad.<\/li>\n<li>Cuello alto con cierre de cremallera reversible para cerrar por ambas caras que aporta calidez y confort.<\/li>\n<li>Doble pespunte en bajo y sisas que aumenta su resistencia.<\/li>\n<li>Dos <b>bolsillos<\/b> oblicuos, con cierre de cremallera en ambas caras, para tener todo accesible.<\/li>\n<li>M\u00e9todos id\u00f3neos de marcaje: vinilo, serigraf\u00eda, transfer.<\/li>\n<li>Ideal para diversos usos: <b>ropa laboral<\/b>, <b>textil promocional<\/b>, <b>ropa deportiva<\/b> y para realizar actividades al aire libre o en lugares fr\u00edos.<\/li>\n<\/ul><\/div>\n<\/div>\n<div class=\"product-pdf\">\n<p><a href=\"https:\/\/valento.es\/?service=ServeDocuments&amp;function=serve_datasheet&amp;article_ref=CHVAASP\" target=\"_blank\" rel=\"noopener\">Descargar ficha t\u00e9cnica (PDF)<\/a><\/p>\n<\/div>","protected":false},"excerpt":{"rendered":"<p>Chaleco reversible con bolsillos VALENTO ASPEN de Valento. Disponible en la categor\u00eda Chalecos. Env\u00edo r\u00e1pido 24\/48h.<\/p>","protected":false},"featured_media":312016,"comment_status":"open","ping_status":"closed","template":"","meta":{"_acf_changed":false},"product_brand":[11282],"product_cat":[13991,13982,13974,13975,13973],"product_tag":[],"class_list":{"0":"post-312015","1":"product","2":"type-product","3":"status-publish","4":"has-post-thumbnail","6":"product_brand-valento","7":"product_cat-m-chalecos","8":"product_cat-h-chalecos","9":"product_cat-ropa-hombre","10":"product_cat-ropa-mujer","11":"product_cat-ropa","12":"tm-no-options","14":"first","15":"instock","16":"taxable","17":"shipping-taxable","18":"product-type-variable"},"acf":[],"_links":{"self":[{"href":"https:\/\/grupotextil.es\/en\/wp-json\/wp\/v2\/product\/312015","targetHints":{"allow":["GET"]}}],"collection":[{"href":"https:\/\/grupotextil.es\/en\/wp-json\/wp\/v2\/product"}],"about":[{"href":"https:\/\/grupotextil.es\/en\/wp-json\/wp\/v2\/types\/product"}],"replies":[{"embeddable":true,"href":"https:\/\/grupotextil.es\/en\/wp-json\/wp\/v2\/comments?post=312015"}],"wp:featuredmedia":[{"embeddable":true,"href":"https:\/\/grupotextil.es\/en\/wp-json\/wp\/v2\/media\/312016"}],"wp:attachment":[{"href":"https:\/\/grupotextil.es\/en\/wp-json\/wp\/v2\/media?parent=312015"}],"wp:term":[{"taxonomy":"product_brand","embeddable":true,"href":"https:\/\/grupotextil.es\/en\/wp-json\/wp\/v2\/product_brand?post=312015"},{"taxonomy":"product_cat","embeddable":true,"href":"https:\/\/grupotextil.es\/en\/wp-json\/wp\/v2\/product_cat?post=312015"},{"taxonomy":"product_tag","embeddable":true,"href":"https:\/\/grupotextil.es\/en\/wp-json\/wp\/v2\/product_tag?post=312015"}],"curies":[{"name":"wp","href":"https:\/\/api.w.org\/{rel}","templated":true}]}}

<div class="product-description">
<div class="article_characteristics">
<ul style="margin-block-start: 0;" >
<li><b>Chaleco reversible</b> con <b>bolsillos</b>.</li>
<li>Confeccionado con doble tejido: polar <b>anti-pilling</b> en una cara que aporta retención térmica y en la otra cara, tejido plano hidro-repelente para una mayor comodidad.</li>
<li>Cuello alto con cierre de cremallera reversible para cerrar por ambas caras que aporta calidez y confort.</li>
<li>Doble pespunte en bajo y sisas que aumenta su resistencia.</li>
<li>Dos <b>bolsillos</b> oblicuos, con cierre de cremallera en ambas caras, para tener todo accesible.</li>
<li>Métodos idóneos de marcaje: vinilo, serigrafía, transfer.</li>
<li>Ideal para diversos usos: <b>ropa laboral</b>, <b>textil promocional</b>, <b>ropa deportiva</b> y para realizar actividades al aire libre o en lugares fríos.</li>
</ul></div>
</div>
<div class="product-pdf">
<p><a href="https://valento.es/?service=ServeDocuments&amp;function=serve_datasheet&amp;article_ref=CHVAASP" target="_blank" rel="noopener">Descargar ficha técnica (PDF)</a></p>
</div>

<p>Chaleco reversible con bolsillos VALENTO ASPEN de Valento. Disponible en la categoría Chalecos. Envío rápido 24/48h.</p>
