{"id":313213,"date":"2026-03-06T01:35:52","date_gmt":"2026-03-06T01:35:52","guid":{"rendered":"https:\/\/grupotextil.es\/?post_type=product&#038;p=313213"},"modified":"2026-03-06T01:35:52","modified_gmt":"2026-03-06T01:35:52","slug":"hombrera-textil-rigida-valento-kudos","status":"publish","type":"product","link":"https:\/\/grupotextil.es\/en\/product\/hombrera-textil-rigida-valento-kudos\/","title":{"rendered":"Hombrera textil r\u00edgida VALENTO KUDOS"},"content":{"rendered":"<div class=\"product-description\">\n<div class=\"article_characteristics\">\n<ul style=\"margin-block-start: 0;\" >\n<li><b>Hombrera<\/b> textil r\u00edgida.<\/li>\n<li>Confeccionada con <b>tejido impermeable<\/b> gabardina en el exterior y l\u00e1mina semi-r\u00edgida en su interior para una mejor imagen y resistencia.<\/li>\n<li>Forma recta con terminaci\u00f3n en punta adecuada para galones con paso m\u00ednimo de 60 mm.<\/li>\n<li>Cierre de bot\u00f3n a presi\u00f3n que permite su colocaci\u00f3n en el hombro pasando la <b>hombrera<\/b> por la trabilla.<\/li>\n<li>M\u00e9todos id\u00f3neos de marcaje: vinilo, transfer, serigraf\u00eda, cosidos.<\/li>\n<li>Ideal para colocar galones o divisas en <b>uniformes de seguridad<\/b>, militar o policial y en el t\u00fanel para <b>hombrera<\/b> TIMOTHY.<\/li>\n<\/ul><\/div>\n<\/div>\n<div class=\"product-pdf\">\n<p><a href=\"https:\/\/valento.es\/?service=ServeDocuments&amp;function=serve_datasheet&amp;article_ref=HOVAKUD\" target=\"_blank\" rel=\"noopener\">Descargar ficha t\u00e9cnica (PDF)<\/a><\/p>\n<\/div>","protected":false},"excerpt":{"rendered":"<p>Hombrera textil r\u00edgida VALENTO KUDOS de Valento. Disponible en la categor\u00eda Cinturones Y Complementos. Env\u00edo r\u00e1pido 24\/48h.<\/p>","protected":false},"featured_media":313214,"comment_status":"open","ping_status":"closed","template":"","meta":{"_acf_changed":false},"product_brand":[11282],"product_cat":[13948],"product_tag":[],"class_list":{"0":"post-313213","1":"product","2":"type-product","3":"status-publish","4":"has-post-thumbnail","6":"product_brand-valento","7":"product_cat-accesorios","8":"tm-no-options","10":"first","11":"instock","12":"taxable","13":"shipping-taxable","14":"product-type-variable"},"acf":[],"_links":{"self":[{"href":"https:\/\/grupotextil.es\/en\/wp-json\/wp\/v2\/product\/313213","targetHints":{"allow":["GET"]}}],"collection":[{"href":"https:\/\/grupotextil.es\/en\/wp-json\/wp\/v2\/product"}],"about":[{"href":"https:\/\/grupotextil.es\/en\/wp-json\/wp\/v2\/types\/product"}],"replies":[{"embeddable":true,"href":"https:\/\/grupotextil.es\/en\/wp-json\/wp\/v2\/comments?post=313213"}],"wp:featuredmedia":[{"embeddable":true,"href":"https:\/\/grupotextil.es\/en\/wp-json\/wp\/v2\/media\/313214"}],"wp:attachment":[{"href":"https:\/\/grupotextil.es\/en\/wp-json\/wp\/v2\/media?parent=313213"}],"wp:term":[{"taxonomy":"product_brand","embeddable":true,"href":"https:\/\/grupotextil.es\/en\/wp-json\/wp\/v2\/product_brand?post=313213"},{"taxonomy":"product_cat","embeddable":true,"href":"https:\/\/grupotextil.es\/en\/wp-json\/wp\/v2\/product_cat?post=313213"},{"taxonomy":"product_tag","embeddable":true,"href":"https:\/\/grupotextil.es\/en\/wp-json\/wp\/v2\/product_tag?post=313213"}],"curies":[{"name":"wp","href":"https:\/\/api.w.org\/{rel}","templated":true}]}}

Hombrera textil rígida VALENTO KUDOS

<div class="product-description">
<div class="article_characteristics">
<ul style="margin-block-start: 0;" >
<li><b>Hombrera</b> textil rígida.</li>
<li>Confeccionada con <b>tejido impermeable</b> gabardina en el exterior y lámina semi-rígida en su interior para una mejor imagen y resistencia.</li>
<li>Forma recta con terminación en punta adecuada para galones con paso mínimo de 60 mm.</li>
<li>Cierre de botón a presión que permite su colocación en el hombro pasando la <b>hombrera</b> por la trabilla.</li>
<li>Métodos idóneos de marcaje: vinilo, transfer, serigrafía, cosidos.</li>
<li>Ideal para colocar galones o divisas en <b>uniformes de seguridad</b>, militar o policial y en el túnel para <b>hombrera</b> TIMOTHY.</li>
</ul></div>
</div>
<div class="product-pdf">
<p><a href="https://valento.es/?service=ServeDocuments&amp;function=serve_datasheet&amp;article_ref=HOVAKUD" target="_blank" rel="noopener">Descargar ficha técnica (PDF)</a></p>
</div>

<p>Hombrera textil rígida VALENTO KUDOS de Valento. Disponible en la categoría Cinturones Y Complementos. Envío rápido 24/48h.</p>
