{"id":313265,"date":"2026-03-06T01:35:56","date_gmt":"2026-03-06T01:35:56","guid":{"rendered":"https:\/\/grupotextil.es\/?post_type=product&#038;p=313265"},"modified":"2026-03-06T01:35:56","modified_gmt":"2026-03-06T01:35:56","slug":"cinturon-recortable-valento-brooklyn","status":"publish","type":"product","link":"https:\/\/grupotextil.es\/en\/product\/cinturon-recortable-valento-brooklyn\/","title":{"rendered":"Cintur\u00f3n recortable VALENTO BROOKLYN"},"content":{"rendered":"<div class=\"product-description\">\n<div class=\"article_characteristics\">\n<ul style=\"margin-block-start: 0;\" >\n<li><b>Cintur\u00f3n<\/b> <b>recortable<\/b>.<\/li>\n<li>Confeccionado con cinta de tejido Canvas gruesa y resistente.<\/li>\n<li>Hebilla met\u00e1lica extra\u00edble que permite el corte del <b>cintur\u00f3n<\/b> a la medida del usuario para un mejor ajuste.<\/li>\n<li>Final de la correa con terminaci\u00f3n met\u00e1lica que facilita su paso por la hebilla.<\/li>\n<li>M\u00e9todos id\u00f3neos de marcaje: serigraf\u00eda, tampograf\u00eda, gota de resina.<\/li>\n<li>Ideal como complemento de <b>ropa casual<\/b> y <b>uniformes de trabajo<\/b>.<\/li>\n<\/ul><\/div>\n<\/div>\n<div class=\"product-pdf\">\n<p><a href=\"https:\/\/valento.es\/?service=ServeDocuments&amp;function=serve_datasheet&amp;article_ref=CNVABRO\" target=\"_blank\" rel=\"noopener\">Descargar ficha t\u00e9cnica (PDF)<\/a><\/p>\n<\/div>","protected":false},"excerpt":{"rendered":"<p>Cintur\u00f3n recortable VALENTO BROOKLYN de Valento. Disponible en la categor\u00eda Cinturones Y Complementos. Env\u00edo r\u00e1pido 24\/48h.<\/p>","protected":false},"featured_media":313266,"comment_status":"open","ping_status":"closed","template":"","meta":{"_acf_changed":false},"product_brand":[11282],"product_cat":[13948,13974,13975],"product_tag":[],"class_list":{"0":"post-313265","1":"product","2":"type-product","3":"status-publish","4":"has-post-thumbnail","6":"product_brand-valento","7":"product_cat-accesorios","8":"product_cat-ropa-hombre","9":"product_cat-ropa-mujer","10":"tm-no-options","12":"first","13":"instock","14":"taxable","15":"shipping-taxable","16":"product-type-variable"},"acf":[],"_links":{"self":[{"href":"https:\/\/grupotextil.es\/en\/wp-json\/wp\/v2\/product\/313265","targetHints":{"allow":["GET"]}}],"collection":[{"href":"https:\/\/grupotextil.es\/en\/wp-json\/wp\/v2\/product"}],"about":[{"href":"https:\/\/grupotextil.es\/en\/wp-json\/wp\/v2\/types\/product"}],"replies":[{"embeddable":true,"href":"https:\/\/grupotextil.es\/en\/wp-json\/wp\/v2\/comments?post=313265"}],"wp:featuredmedia":[{"embeddable":true,"href":"https:\/\/grupotextil.es\/en\/wp-json\/wp\/v2\/media\/313266"}],"wp:attachment":[{"href":"https:\/\/grupotextil.es\/en\/wp-json\/wp\/v2\/media?parent=313265"}],"wp:term":[{"taxonomy":"product_brand","embeddable":true,"href":"https:\/\/grupotextil.es\/en\/wp-json\/wp\/v2\/product_brand?post=313265"},{"taxonomy":"product_cat","embeddable":true,"href":"https:\/\/grupotextil.es\/en\/wp-json\/wp\/v2\/product_cat?post=313265"},{"taxonomy":"product_tag","embeddable":true,"href":"https:\/\/grupotextil.es\/en\/wp-json\/wp\/v2\/product_tag?post=313265"}],"curies":[{"name":"wp","href":"https:\/\/api.w.org\/{rel}","templated":true}]}}

Cinturón recortable VALENTO BROOKLYN

<div class="product-description">
<div class="article_characteristics">
<ul style="margin-block-start: 0;" >
<li><b>Cinturón</b> <b>recortable</b>.</li>
<li>Confeccionado con cinta de tejido Canvas gruesa y resistente.</li>
<li>Hebilla metálica extraíble que permite el corte del <b>cinturón</b> a la medida del usuario para un mejor ajuste.</li>
<li>Final de la correa con terminación metálica que facilita su paso por la hebilla.</li>
<li>Métodos idóneos de marcaje: serigrafía, tampografía, gota de resina.</li>
<li>Ideal como complemento de <b>ropa casual</b> y <b>uniformes de trabajo</b>.</li>
</ul></div>
</div>
<div class="product-pdf">
<p><a href="https://valento.es/?service=ServeDocuments&amp;function=serve_datasheet&amp;article_ref=CNVABRO" target="_blank" rel="noopener">Descargar ficha técnica (PDF)</a></p>
</div>

<p>Cinturón recortable VALENTO BROOKLYN de Valento. Disponible en la categoría Cinturones Y Complementos. Envío rápido 24/48h.</p>
