{"id":313283,"date":"2026-03-06T01:36:00","date_gmt":"2026-03-06T01:36:00","guid":{"rendered":"https:\/\/grupotextil.es\/?post_type=product&#038;p=313283"},"modified":"2026-03-06T01:36:00","modified_gmt":"2026-03-06T01:36:00","slug":"cinturon-elastico-valento-neal","status":"publish","type":"product","link":"https:\/\/grupotextil.es\/en\/product\/cinturon-elastico-valento-neal\/","title":{"rendered":"Cintur\u00f3n el\u00e1stico VALENTO NEAL"},"content":{"rendered":"<div class=\"product-description\">\n<div class=\"article_characteristics\">\n<ul style=\"margin-block-start: 0;\" >\n<li><b>Cintur\u00f3n el\u00e1stico<\/b>.<\/li>\n<li>Fabricado en cord\u00f3n trenzado de gran elasticidad y extremos en imitaci\u00f3n de piel de f\u00e1cil limpieza.<\/li>\n<li>Hebilla met\u00e1lica con pasador intermedio para un ajuste personalizado.<\/li>\n<li>Ajustable sin agujeros lo que permite regular la hebilla en cualquier punto de la correa.<\/li>\n<li>Ideal para uso casual, <b>ropa laboral<\/b> y <b>uniformes corporativos<\/b>.<\/li>\n<\/ul><\/div>\n<\/div>\n<div class=\"product-pdf\">\n<p><a href=\"https:\/\/valento.es\/?service=ServeDocuments&amp;function=serve_datasheet&amp;article_ref=CNVANEA\" target=\"_blank\" rel=\"noopener\">Descargar ficha t\u00e9cnica (PDF)<\/a><\/p>\n<\/div>","protected":false},"excerpt":{"rendered":"<p>Cintur\u00f3n el\u00e1stico VALENTO NEAL de Valento. Disponible en la categor\u00eda Cinturones Y Complementos. Env\u00edo r\u00e1pido 24\/48h.<\/p>","protected":false},"featured_media":313284,"comment_status":"open","ping_status":"closed","template":"","meta":{"_acf_changed":false},"product_brand":[11282],"product_cat":[13948,13974,13975],"product_tag":[],"class_list":{"0":"post-313283","1":"product","2":"type-product","3":"status-publish","4":"has-post-thumbnail","6":"product_brand-valento","7":"product_cat-accesorios","8":"product_cat-ropa-hombre","9":"product_cat-ropa-mujer","10":"tm-no-options","12":"first","13":"instock","14":"taxable","15":"shipping-taxable","16":"product-type-variable"},"acf":[],"_links":{"self":[{"href":"https:\/\/grupotextil.es\/en\/wp-json\/wp\/v2\/product\/313283","targetHints":{"allow":["GET"]}}],"collection":[{"href":"https:\/\/grupotextil.es\/en\/wp-json\/wp\/v2\/product"}],"about":[{"href":"https:\/\/grupotextil.es\/en\/wp-json\/wp\/v2\/types\/product"}],"replies":[{"embeddable":true,"href":"https:\/\/grupotextil.es\/en\/wp-json\/wp\/v2\/comments?post=313283"}],"wp:featuredmedia":[{"embeddable":true,"href":"https:\/\/grupotextil.es\/en\/wp-json\/wp\/v2\/media\/313284"}],"wp:attachment":[{"href":"https:\/\/grupotextil.es\/en\/wp-json\/wp\/v2\/media?parent=313283"}],"wp:term":[{"taxonomy":"product_brand","embeddable":true,"href":"https:\/\/grupotextil.es\/en\/wp-json\/wp\/v2\/product_brand?post=313283"},{"taxonomy":"product_cat","embeddable":true,"href":"https:\/\/grupotextil.es\/en\/wp-json\/wp\/v2\/product_cat?post=313283"},{"taxonomy":"product_tag","embeddable":true,"href":"https:\/\/grupotextil.es\/en\/wp-json\/wp\/v2\/product_tag?post=313283"}],"curies":[{"name":"wp","href":"https:\/\/api.w.org\/{rel}","templated":true}]}}

Cinturón elástico VALENTO NEAL

<div class="product-description">
<div class="article_characteristics">
<ul style="margin-block-start: 0;" >
<li><b>Cinturón elástico</b>.</li>
<li>Fabricado en cordón trenzado de gran elasticidad y extremos en imitación de piel de fácil limpieza.</li>
<li>Hebilla metálica con pasador intermedio para un ajuste personalizado.</li>
<li>Ajustable sin agujeros lo que permite regular la hebilla en cualquier punto de la correa.</li>
<li>Ideal para uso casual, <b>ropa laboral</b> y <b>uniformes corporativos</b>.</li>
</ul></div>
</div>
<div class="product-pdf">
<p><a href="https://valento.es/?service=ServeDocuments&amp;function=serve_datasheet&amp;article_ref=CNVANEA" target="_blank" rel="noopener">Descargar ficha técnica (PDF)</a></p>
</div>

<p>Cinturón elástico VALENTO NEAL de Valento. Disponible en la categoría Cinturones Y Complementos. Envío rápido 24/48h.</p>
