{"id":313341,"date":"2026-03-06T01:36:06","date_gmt":"2026-03-06T01:36:06","guid":{"rendered":"https:\/\/grupotextil.es\/?post_type=product&#038;p=313341"},"modified":"2026-03-06T01:36:06","modified_gmt":"2026-03-06T01:36:06","slug":"cinturon-tactico-interior-semi-rigido-valento-ralph","status":"publish","type":"product","link":"https:\/\/grupotextil.es\/en\/product\/cinturon-tactico-interior-semi-rigido-valento-ralph\/","title":{"rendered":"Cintur\u00f3n t\u00e1ctico interior semi r\u00edgido VALENTO RALPH"},"content":{"rendered":"<div class=\"product-description\">\n<div class=\"article_characteristics\">\n<ul style=\"margin-block-start: 0;\" >\n<li><b>Cintur\u00f3n t\u00e1ctico<\/b> <b>interior<\/b> semi-r\u00edgido.<\/li>\n<li>Confeccionado con <b>tejido impermeable<\/b> exterior y  espuma adaptable en su <b>interior<\/b> para un mayor confort.<\/li>\n<li>Exterior con velcro-gancho que permite acoplar al cintur\u00f3n exterior.<\/li>\n<li><b>Interior<\/b> con velcro-pelo en los extremos que permite ajustar el cintur\u00f3n tanto a la derecha como a la izquierda.<\/li>\n<li>Refuerzo en los contornos con cinta Canvas que aumenta su resistencia y durabilidad.<\/li>\n<li>Ideal para usar debajo del cintur\u00f3n exterior, modelo GREGORY, en <b>uniformes de seguridad<\/b>.<\/li>\n<\/ul><\/div>\n<\/div>\n<div class=\"product-pdf\">\n<p><a href=\"https:\/\/valento.es\/?service=ServeDocuments&amp;function=serve_datasheet&amp;article_ref=CNVARAL\" target=\"_blank\" rel=\"noopener\">Descargar ficha t\u00e9cnica (PDF)<\/a><\/p>\n<\/div>","protected":false},"excerpt":{"rendered":"<p>Cintur\u00f3n t\u00e1ctico interior semi r\u00edgido VALENTO RALPH de Valento. Disponible en la categor\u00eda Cinturones Y Complementos. Env\u00edo r\u00e1pido 24\/48h.<\/p>","protected":false},"featured_media":313342,"comment_status":"open","ping_status":"closed","template":"","meta":{"_acf_changed":false},"product_brand":[11282],"product_cat":[13948,13974,13975],"product_tag":[],"class_list":{"0":"post-313341","1":"product","2":"type-product","3":"status-publish","4":"has-post-thumbnail","6":"product_brand-valento","7":"product_cat-accesorios","8":"product_cat-ropa-hombre","9":"product_cat-ropa-mujer","10":"tm-no-options","12":"first","13":"instock","14":"taxable","15":"shipping-taxable","16":"product-type-variable"},"acf":[],"_links":{"self":[{"href":"https:\/\/grupotextil.es\/en\/wp-json\/wp\/v2\/product\/313341","targetHints":{"allow":["GET"]}}],"collection":[{"href":"https:\/\/grupotextil.es\/en\/wp-json\/wp\/v2\/product"}],"about":[{"href":"https:\/\/grupotextil.es\/en\/wp-json\/wp\/v2\/types\/product"}],"replies":[{"embeddable":true,"href":"https:\/\/grupotextil.es\/en\/wp-json\/wp\/v2\/comments?post=313341"}],"wp:featuredmedia":[{"embeddable":true,"href":"https:\/\/grupotextil.es\/en\/wp-json\/wp\/v2\/media\/313342"}],"wp:attachment":[{"href":"https:\/\/grupotextil.es\/en\/wp-json\/wp\/v2\/media?parent=313341"}],"wp:term":[{"taxonomy":"product_brand","embeddable":true,"href":"https:\/\/grupotextil.es\/en\/wp-json\/wp\/v2\/product_brand?post=313341"},{"taxonomy":"product_cat","embeddable":true,"href":"https:\/\/grupotextil.es\/en\/wp-json\/wp\/v2\/product_cat?post=313341"},{"taxonomy":"product_tag","embeddable":true,"href":"https:\/\/grupotextil.es\/en\/wp-json\/wp\/v2\/product_tag?post=313341"}],"curies":[{"name":"wp","href":"https:\/\/api.w.org\/{rel}","templated":true}]}}

Cinturón táctico interior semi rígido VALENTO RALPH

<div class="product-description">
<div class="article_characteristics">
<ul style="margin-block-start: 0;" >
<li><b>Cinturón táctico</b> <b>interior</b> semi-rígido.</li>
<li>Confeccionado con <b>tejido impermeable</b> exterior y  espuma adaptable en su <b>interior</b> para un mayor confort.</li>
<li>Exterior con velcro-gancho que permite acoplar al cinturón exterior.</li>
<li><b>Interior</b> con velcro-pelo en los extremos que permite ajustar el cinturón tanto a la derecha como a la izquierda.</li>
<li>Refuerzo en los contornos con cinta Canvas que aumenta su resistencia y durabilidad.</li>
<li>Ideal para usar debajo del cinturón exterior, modelo GREGORY, en <b>uniformes de seguridad</b>.</li>
</ul></div>
</div>
<div class="product-pdf">
<p><a href="https://valento.es/?service=ServeDocuments&amp;function=serve_datasheet&amp;article_ref=CNVARAL" target="_blank" rel="noopener">Descargar ficha técnica (PDF)</a></p>
</div>

<p>Cinturón táctico interior semi rígido VALENTO RALPH de Valento. Disponible en la categoría Cinturones Y Complementos. Envío rápido 24/48h.</p>
