{"id":313364,"date":"2026-03-06T01:36:11","date_gmt":"2026-03-06T01:36:11","guid":{"rendered":"https:\/\/grupotextil.es\/?post_type=product&#038;p=313364"},"modified":"2026-03-06T01:36:11","modified_gmt":"2026-03-06T01:36:11","slug":"cinturon-tactico-sencillo-valento-patric","status":"publish","type":"product","link":"https:\/\/grupotextil.es\/en\/product\/cinturon-tactico-sencillo-valento-patric\/","title":{"rendered":"Cintur\u00f3n t\u00e1ctico sencillo VALENTO PATRIC"},"content":{"rendered":"<div class=\"product-description\">\n<div class=\"article_characteristics\">\n<ul style=\"margin-block-start: 0;\" >\n<li><b>Cintur\u00f3n t\u00e1ctico<\/b> sencillo.<\/li>\n<li>Confeccionado con cinta Canvas resistente e hidro-repelente para un mayor confort y durabilidad.<\/li>\n<li>Hebilla de pl\u00e1stico con cierre de doble presi\u00f3n tipo clic de f\u00e1cil apertura y cierre.<\/li>\n<li>Pasadores en las uniones de la hebilla para un mejor ajuste de la correa y mayor confort.<\/li>\n<li>M\u00e9todos id\u00f3neos de marcaje: tampograf\u00eda, gota de resina.<\/li>\n<li>Ideal como <b>ropa laboral<\/b> y <b>uniformes de seguridad<\/b>.<\/li>\n<\/ul><\/div>\n<\/div>\n<div class=\"product-pdf\">\n<p><a href=\"https:\/\/valento.es\/?service=ServeDocuments&amp;function=serve_datasheet&amp;article_ref=CNVAPAT\" target=\"_blank\" rel=\"noopener\">Descargar ficha t\u00e9cnica (PDF)<\/a><\/p>\n<\/div>","protected":false},"excerpt":{"rendered":"<p>Cintur\u00f3n t\u00e1ctico sencillo VALENTO PATRIC de Valento. Disponible en la categor\u00eda Cinturones Y Complementos. Env\u00edo r\u00e1pido 24\/48h.<\/p>","protected":false},"featured_media":313365,"comment_status":"open","ping_status":"closed","template":"","meta":{"_acf_changed":false},"product_brand":[11282],"product_cat":[13948,13974,13975],"product_tag":[],"class_list":{"0":"post-313364","1":"product","2":"type-product","3":"status-publish","4":"has-post-thumbnail","6":"product_brand-valento","7":"product_cat-accesorios","8":"product_cat-ropa-hombre","9":"product_cat-ropa-mujer","10":"tm-no-options","12":"first","13":"instock","14":"taxable","15":"shipping-taxable","16":"product-type-variable"},"acf":[],"_links":{"self":[{"href":"https:\/\/grupotextil.es\/en\/wp-json\/wp\/v2\/product\/313364","targetHints":{"allow":["GET"]}}],"collection":[{"href":"https:\/\/grupotextil.es\/en\/wp-json\/wp\/v2\/product"}],"about":[{"href":"https:\/\/grupotextil.es\/en\/wp-json\/wp\/v2\/types\/product"}],"replies":[{"embeddable":true,"href":"https:\/\/grupotextil.es\/en\/wp-json\/wp\/v2\/comments?post=313364"}],"wp:featuredmedia":[{"embeddable":true,"href":"https:\/\/grupotextil.es\/en\/wp-json\/wp\/v2\/media\/313365"}],"wp:attachment":[{"href":"https:\/\/grupotextil.es\/en\/wp-json\/wp\/v2\/media?parent=313364"}],"wp:term":[{"taxonomy":"product_brand","embeddable":true,"href":"https:\/\/grupotextil.es\/en\/wp-json\/wp\/v2\/product_brand?post=313364"},{"taxonomy":"product_cat","embeddable":true,"href":"https:\/\/grupotextil.es\/en\/wp-json\/wp\/v2\/product_cat?post=313364"},{"taxonomy":"product_tag","embeddable":true,"href":"https:\/\/grupotextil.es\/en\/wp-json\/wp\/v2\/product_tag?post=313364"}],"curies":[{"name":"wp","href":"https:\/\/api.w.org\/{rel}","templated":true}]}}

Cinturón táctico sencillo VALENTO PATRIC

<div class="product-description">
<div class="article_characteristics">
<ul style="margin-block-start: 0;" >
<li><b>Cinturón táctico</b> sencillo.</li>
<li>Confeccionado con cinta Canvas resistente e hidro-repelente para un mayor confort y durabilidad.</li>
<li>Hebilla de plástico con cierre de doble presión tipo clic de fácil apertura y cierre.</li>
<li>Pasadores en las uniones de la hebilla para un mejor ajuste de la correa y mayor confort.</li>
<li>Métodos idóneos de marcaje: tampografía, gota de resina.</li>
<li>Ideal como <b>ropa laboral</b> y <b>uniformes de seguridad</b>.</li>
</ul></div>
</div>
<div class="product-pdf">
<p><a href="https://valento.es/?service=ServeDocuments&amp;function=serve_datasheet&amp;article_ref=CNVAPAT" target="_blank" rel="noopener">Descargar ficha técnica (PDF)</a></p>
</div>

<p>Cinturón táctico sencillo VALENTO PATRIC de Valento. Disponible en la categoría Cinturones Y Complementos. Envío rápido 24/48h.</p>
