{"id":313374,"date":"2026-03-06T01:36:13","date_gmt":"2026-03-06T01:36:13","guid":{"rendered":"https:\/\/grupotextil.es\/?post_type=product&#038;p=313374"},"modified":"2026-03-06T01:36:13","modified_gmt":"2026-03-06T01:36:13","slug":"cinturon-tactico-exterior-ancho-valento-gregory","status":"publish","type":"product","link":"https:\/\/grupotextil.es\/en\/product\/cinturon-tactico-exterior-ancho-valento-gregory\/","title":{"rendered":"Cintur\u00f3n t\u00e1ctico exterior ancho VALENTO GREGORY"},"content":{"rendered":"<div class=\"product-description\">\n<div class=\"article_characteristics\">\n<ul style=\"margin-block-start: 0;\" >\n<li><b>Cintur\u00f3n t\u00e1ctico<\/b> <b>exterior<\/b> ancho.<\/li>\n<li>Confeccionado con <b>tejido impermeable<\/b> en el <b>exterior<\/b> y espuma adaptable en su interior para un mayor confort, cara interior con velcro para acoplar el cintur\u00f3n interior.<\/li>\n<li>Hebilla de pl\u00e1stico con triple cierre de seguridad para una mejor fijaci\u00f3n.<\/li>\n<li>Contorno con cinta ribeteada que refuerza su estructura, extremos con velcro para ajustar c\u00f3modamente y pasador para una mejor sujeci\u00f3n del sobrante de la correa.<\/li>\n<li>Refuerzo interior con l\u00e1mina semi-r\u00edgida adaptable en todo el contorno que reparte el peso de los accesorios sobre todo el cintur\u00f3n.<\/li>\n<li>M\u00e9todos id\u00f3neos de marcaje: tampograf\u00eda, gota de resina.<\/li>\n<li>Ideal para <b>uniformes de seguridad<\/b> y para llevar encima del cintur\u00f3n interior, modelos RALPH o ALBERT.<\/li>\n<\/ul><\/div>\n<\/div>\n<div class=\"product-pdf\">\n<p><a href=\"https:\/\/valento.es\/?service=ServeDocuments&amp;function=serve_datasheet&amp;article_ref=CNVAGRE\" target=\"_blank\" rel=\"noopener\">Descargar ficha t\u00e9cnica (PDF)<\/a><\/p>\n<\/div>","protected":false},"excerpt":{"rendered":"<p>Cintur\u00f3n t\u00e1ctico exterior ancho VALENTO GREGORY de Valento. Disponible en la categor\u00eda Cinturones Y Complementos. Env\u00edo r\u00e1pido 24\/48h.<\/p>","protected":false},"featured_media":313375,"comment_status":"open","ping_status":"closed","template":"","meta":{"_acf_changed":false},"product_brand":[11282],"product_cat":[13948,13974,13975],"product_tag":[],"class_list":{"0":"post-313374","1":"product","2":"type-product","3":"status-publish","4":"has-post-thumbnail","6":"product_brand-valento","7":"product_cat-accesorios","8":"product_cat-ropa-hombre","9":"product_cat-ropa-mujer","10":"tm-no-options","12":"first","13":"instock","14":"taxable","15":"shipping-taxable","16":"product-type-variable"},"acf":[],"_links":{"self":[{"href":"https:\/\/grupotextil.es\/en\/wp-json\/wp\/v2\/product\/313374","targetHints":{"allow":["GET"]}}],"collection":[{"href":"https:\/\/grupotextil.es\/en\/wp-json\/wp\/v2\/product"}],"about":[{"href":"https:\/\/grupotextil.es\/en\/wp-json\/wp\/v2\/types\/product"}],"replies":[{"embeddable":true,"href":"https:\/\/grupotextil.es\/en\/wp-json\/wp\/v2\/comments?post=313374"}],"wp:featuredmedia":[{"embeddable":true,"href":"https:\/\/grupotextil.es\/en\/wp-json\/wp\/v2\/media\/313375"}],"wp:attachment":[{"href":"https:\/\/grupotextil.es\/en\/wp-json\/wp\/v2\/media?parent=313374"}],"wp:term":[{"taxonomy":"product_brand","embeddable":true,"href":"https:\/\/grupotextil.es\/en\/wp-json\/wp\/v2\/product_brand?post=313374"},{"taxonomy":"product_cat","embeddable":true,"href":"https:\/\/grupotextil.es\/en\/wp-json\/wp\/v2\/product_cat?post=313374"},{"taxonomy":"product_tag","embeddable":true,"href":"https:\/\/grupotextil.es\/en\/wp-json\/wp\/v2\/product_tag?post=313374"}],"curies":[{"name":"wp","href":"https:\/\/api.w.org\/{rel}","templated":true}]}}

Cinturón táctico exterior ancho VALENTO GREGORY

<div class="product-description">
<div class="article_characteristics">
<ul style="margin-block-start: 0;" >
<li><b>Cinturón táctico</b> <b>exterior</b> ancho.</li>
<li>Confeccionado con <b>tejido impermeable</b> en el <b>exterior</b> y espuma adaptable en su interior para un mayor confort, cara interior con velcro para acoplar el cinturón interior.</li>
<li>Hebilla de plástico con triple cierre de seguridad para una mejor fijación.</li>
<li>Contorno con cinta ribeteada que refuerza su estructura, extremos con velcro para ajustar cómodamente y pasador para una mejor sujeción del sobrante de la correa.</li>
<li>Refuerzo interior con lámina semi-rígida adaptable en todo el contorno que reparte el peso de los accesorios sobre todo el cinturón.</li>
<li>Métodos idóneos de marcaje: tampografía, gota de resina.</li>
<li>Ideal para <b>uniformes de seguridad</b> y para llevar encima del cinturón interior, modelos RALPH o ALBERT.</li>
</ul></div>
</div>
<div class="product-pdf">
<p><a href="https://valento.es/?service=ServeDocuments&amp;function=serve_datasheet&amp;article_ref=CNVAGRE" target="_blank" rel="noopener">Descargar ficha técnica (PDF)</a></p>
</div>

<p>Cinturón táctico exterior ancho VALENTO GREGORY de Valento. Disponible en la categoría Cinturones Y Complementos. Envío rápido 24/48h.</p>
