{"id":313403,"date":"2026-03-06T01:36:19","date_gmt":"2026-03-06T01:36:19","guid":{"rendered":"https:\/\/grupotextil.es\/?post_type=product&#038;p=313403"},"modified":"2026-03-06T01:36:19","modified_gmt":"2026-03-06T01:36:19","slug":"tunel-para-hombrera-textil-valento-timothy","status":"publish","type":"product","link":"https:\/\/grupotextil.es\/en\/product\/tunel-para-hombrera-textil-valento-timothy\/","title":{"rendered":"T\u00fanel para hombrera textil VALENTO TIMOTHY"},"content":{"rendered":"<div class=\"product-description\">\n<div class=\"article_characteristics\">\n<ul style=\"margin-block-start: 0;\" >\n<li><b>T\u00fanel<\/b> de piel sint\u00e9tica para <b>hombrera<\/b> textil.<\/li>\n<li>Confeccionado con base textil semi-r\u00edgida de PU imitaci\u00f3n piel resistente y de f\u00e1cil limpieza.<\/li>\n<li>Forma tubular plana sin costuras, cerrada con tres ribetes met\u00e1licos, que permite una f\u00e1cil colocaci\u00f3n sobre las hombreras r\u00edgidas o blandas.<\/li>\n<li>M\u00e9todos id\u00f3neos de marcaje: vinilo, transfer, serigraf\u00eda.<\/li>\n<li>Ideal para <b>uniformes de seguridad<\/b> junto con las hombreras r\u00edgidas KUDOS y SERIN.<\/li>\n<\/ul><\/div>\n<\/div>\n<div class=\"product-pdf\">\n<p><a href=\"https:\/\/valento.es\/?service=ServeDocuments&amp;function=serve_datasheet&amp;article_ref=HOVATIM\" target=\"_blank\" rel=\"noopener\">Descargar ficha t\u00e9cnica (PDF)<\/a><\/p>\n<\/div>","protected":false},"excerpt":{"rendered":"<p>T\u00fanel para hombrera textil VALENTO TIMOTHY de Valento. Disponible en la categor\u00eda Cinturones Y Complementos. Env\u00edo r\u00e1pido 24\/48h.<\/p>","protected":false},"featured_media":313404,"comment_status":"open","ping_status":"closed","template":"","meta":{"_acf_changed":false},"product_brand":[11282],"product_cat":[13948],"product_tag":[],"class_list":{"0":"post-313403","1":"product","2":"type-product","3":"status-publish","4":"has-post-thumbnail","6":"product_brand-valento","7":"product_cat-accesorios","8":"tm-no-options","10":"first","11":"instock","12":"taxable","13":"shipping-taxable","14":"product-type-variable"},"acf":[],"_links":{"self":[{"href":"https:\/\/grupotextil.es\/en\/wp-json\/wp\/v2\/product\/313403","targetHints":{"allow":["GET"]}}],"collection":[{"href":"https:\/\/grupotextil.es\/en\/wp-json\/wp\/v2\/product"}],"about":[{"href":"https:\/\/grupotextil.es\/en\/wp-json\/wp\/v2\/types\/product"}],"replies":[{"embeddable":true,"href":"https:\/\/grupotextil.es\/en\/wp-json\/wp\/v2\/comments?post=313403"}],"wp:featuredmedia":[{"embeddable":true,"href":"https:\/\/grupotextil.es\/en\/wp-json\/wp\/v2\/media\/313404"}],"wp:attachment":[{"href":"https:\/\/grupotextil.es\/en\/wp-json\/wp\/v2\/media?parent=313403"}],"wp:term":[{"taxonomy":"product_brand","embeddable":true,"href":"https:\/\/grupotextil.es\/en\/wp-json\/wp\/v2\/product_brand?post=313403"},{"taxonomy":"product_cat","embeddable":true,"href":"https:\/\/grupotextil.es\/en\/wp-json\/wp\/v2\/product_cat?post=313403"},{"taxonomy":"product_tag","embeddable":true,"href":"https:\/\/grupotextil.es\/en\/wp-json\/wp\/v2\/product_tag?post=313403"}],"curies":[{"name":"wp","href":"https:\/\/api.w.org\/{rel}","templated":true}]}}

Túnel para hombrera textil VALENTO TIMOTHY

<div class="product-description">
<div class="article_characteristics">
<ul style="margin-block-start: 0;" >
<li><b>Túnel</b> de piel sintética para <b>hombrera</b> textil.</li>
<li>Confeccionado con base textil semi-rígida de PU imitación piel resistente y de fácil limpieza.</li>
<li>Forma tubular plana sin costuras, cerrada con tres ribetes metálicos, que permite una fácil colocación sobre las hombreras rígidas o blandas.</li>
<li>Métodos idóneos de marcaje: vinilo, transfer, serigrafía.</li>
<li>Ideal para <b>uniformes de seguridad</b> junto con las hombreras rígidas KUDOS y SERIN.</li>
</ul></div>
</div>
<div class="product-pdf">
<p><a href="https://valento.es/?service=ServeDocuments&amp;function=serve_datasheet&amp;article_ref=HOVATIM" target="_blank" rel="noopener">Descargar ficha técnica (PDF)</a></p>
</div>

<p>Túnel para hombrera textil VALENTO TIMOTHY de Valento. Disponible en la categoría Cinturones Y Complementos. Envío rápido 24/48h.</p>
