{"id":315188,"date":"2026-03-06T01:36:46","date_gmt":"2026-03-06T01:36:46","guid":{"rendered":"https:\/\/grupotextil.es\/?post_type=product&#038;p=315188"},"modified":"2026-03-06T01:36:46","modified_gmt":"2026-03-06T01:36:46","slug":"equipacion-deportiva-mujer-valento-lagos","status":"publish","type":"product","link":"https:\/\/grupotextil.es\/en\/product\/equipacion-deportiva-mujer-valento-lagos\/","title":{"rendered":"Equipaci\u00f3n deportiva mujer VALENTO LAGOS"},"content":{"rendered":"<div class=\"product-description\">\n<div class=\"article_characteristics\">\n<ul style=\"margin-block-start: 0;\" >\n<li><b>Equipaci\u00f3n deportiva<\/b> para <b>mujer<\/b>, compuesta por <b>camiseta<\/b> de <b>manga corta<\/b> con <b>cuello redondo<\/b> y <b>pantal\u00f3n corto deportivo<\/b>.<\/li>\n<li>Confeccionada en <b>tejido t\u00e9cnico transpirable<\/b> Bird-Eye que facilita el <b>secado r\u00e1pido<\/b> y la eliminaci\u00f3n del sudor.<\/li>\n<li><b>Camiseta<\/b> de <b>manga corta<\/b> y <b>cuello redondo<\/b> de canal\u00e9 el\u00e1stico que se adapta c\u00f3modamente.<\/li>\n<li><b>Pantal\u00f3n corto deportivo<\/b> con cintura de goma el\u00e1stica y cord\u00f3n para mejor ajuste y mayor comodidad.<\/li>\n<li>Doble pespunte en cuello, mangas, bajo de la <b>camiseta<\/b> y bajo del pantal\u00f3n que aumenta su resistencia.<\/li>\n<li>M\u00e9todos id\u00f3neos de marcaje: <b>sublimaci\u00f3n<\/b> sobre color blanco, serigraf\u00eda, transfer, bordados, cosidos.<\/li>\n<li>Ideal para vestir equipos deportivos, se vende \u00fanicamente en conjunto, no por separado.<\/li>\n<\/ul><\/div>\n<\/div>\n<div class=\"product-pdf\">\n<p><a href=\"https:\/\/valento.es\/?service=ServeDocuments&amp;function=serve_datasheet&amp;article_ref=CDVALAG\" target=\"_blank\" rel=\"noopener\">Descargar ficha t\u00e9cnica (PDF)<\/a><\/p>\n<\/div>","protected":false},"excerpt":{"rendered":"<p>Equipaci\u00f3n deportiva mujer VALENTO LAGOS de Valento. Disponible en la categor\u00eda Conjuntos Deportivos Y Chandales. Env\u00edo r\u00e1pido 24\/48h.<\/p>","protected":false},"featured_media":315189,"comment_status":"open","ping_status":"closed","template":"","meta":{"_acf_changed":false},"product_brand":[11282],"product_cat":[13940],"product_tag":[],"class_list":{"0":"post-315188","1":"product","2":"type-product","3":"status-publish","4":"has-post-thumbnail","6":"product_brand-valento","7":"product_cat-rd-conjuntos-deportivos","8":"tm-no-options","10":"first","11":"instock","12":"taxable","13":"shipping-taxable","14":"product-type-variable"},"acf":[],"_links":{"self":[{"href":"https:\/\/grupotextil.es\/en\/wp-json\/wp\/v2\/product\/315188","targetHints":{"allow":["GET"]}}],"collection":[{"href":"https:\/\/grupotextil.es\/en\/wp-json\/wp\/v2\/product"}],"about":[{"href":"https:\/\/grupotextil.es\/en\/wp-json\/wp\/v2\/types\/product"}],"replies":[{"embeddable":true,"href":"https:\/\/grupotextil.es\/en\/wp-json\/wp\/v2\/comments?post=315188"}],"wp:featuredmedia":[{"embeddable":true,"href":"https:\/\/grupotextil.es\/en\/wp-json\/wp\/v2\/media\/315189"}],"wp:attachment":[{"href":"https:\/\/grupotextil.es\/en\/wp-json\/wp\/v2\/media?parent=315188"}],"wp:term":[{"taxonomy":"product_brand","embeddable":true,"href":"https:\/\/grupotextil.es\/en\/wp-json\/wp\/v2\/product_brand?post=315188"},{"taxonomy":"product_cat","embeddable":true,"href":"https:\/\/grupotextil.es\/en\/wp-json\/wp\/v2\/product_cat?post=315188"},{"taxonomy":"product_tag","embeddable":true,"href":"https:\/\/grupotextil.es\/en\/wp-json\/wp\/v2\/product_tag?post=315188"}],"curies":[{"name":"wp","href":"https:\/\/api.w.org\/{rel}","templated":true}]}}

Equipación deportiva mujer VALENTO LAGOS

<div class="product-description">
<div class="article_characteristics">
<ul style="margin-block-start: 0;" >
<li><b>Equipación deportiva</b> para <b>mujer</b>, compuesta por <b>camiseta</b> de <b>manga corta</b> con <b>cuello redondo</b> y <b>pantalón corto deportivo</b>.</li>
<li>Confeccionada en <b>tejido técnico transpirable</b> Bird-Eye que facilita el <b>secado rápido</b> y la eliminación del sudor.</li>
<li><b>Camiseta</b> de <b>manga corta</b> y <b>cuello redondo</b> de canalé elástico que se adapta cómodamente.</li>
<li><b>Pantalón corto deportivo</b> con cintura de goma elástica y cordón para mejor ajuste y mayor comodidad.</li>
<li>Doble pespunte en cuello, mangas, bajo de la <b>camiseta</b> y bajo del pantalón que aumenta su resistencia.</li>
<li>Métodos idóneos de marcaje: <b>sublimación</b> sobre color blanco, serigrafía, transfer, bordados, cosidos.</li>
<li>Ideal para vestir equipos deportivos, se vende únicamente en conjunto, no por separado.</li>
</ul></div>
</div>
<div class="product-pdf">
<p><a href="https://valento.es/?service=ServeDocuments&amp;function=serve_datasheet&amp;article_ref=CDVALAG" target="_blank" rel="noopener">Descargar ficha técnica (PDF)</a></p>
</div>

<p>Equipación deportiva mujer VALENTO LAGOS de Valento. Disponible en la categoría Conjuntos Deportivos Y Chandales. Envío rápido 24/48h.</p>
