{"id":317379,"date":"2026-03-06T01:37:49","date_gmt":"2026-03-06T01:37:49","guid":{"rendered":"https:\/\/grupotextil.es\/?post_type=product&#038;p=317379"},"modified":"2026-03-06T01:37:49","modified_gmt":"2026-03-06T01:37:49","slug":"gorro-de-chef-desechable-tnt-valento-spoon","status":"publish","type":"product","link":"https:\/\/grupotextil.es\/en\/product\/gorro-de-chef-desechable-tnt-valento-spoon\/","title":{"rendered":"Gorro de chef desechable TNT VALENTO SPOON"},"content":{"rendered":"<div class=\"product-description\">\n<div class=\"article_characteristics\">\n<ul style=\"margin-block-start: 0;\" >\n<li><b>Gorro de chef<\/b> <b>desechable<\/b> y <b>ajustable<\/b>.<\/li>\n<li>Fabricado en <b>tejido no tejido (TNT)<\/b> de poli\u00e9ster ligero y resistente.<\/li>\n<li>Forma tubular con plisado redoblado con cuatro agujeros en la parte superior que facilitan la ventilaci\u00f3n.<\/li>\n<li>Contorno con dobladillo y cierre trasero con adhesivo para un mejor ajuste.<\/li>\n<li>M\u00e9todos id\u00f3neos de marcaje: serigraf\u00eda.<\/li>\n<li>Ideal para su uso en <b>hosteler\u00eda<\/b>.<\/li>\n<\/ul><\/div>\n<\/div>\n<div class=\"product-pdf\">\n<p><a href=\"https:\/\/valento.es\/?service=ServeDocuments&amp;function=serve_datasheet&amp;article_ref=GRVASPO\" target=\"_blank\" rel=\"noopener\">Descargar ficha t\u00e9cnica (PDF)<\/a><\/p>\n<\/div>","protected":false},"excerpt":{"rendered":"<p>Gorro de chef desechable TNT VALENTO SPOON de Valento. Disponible en la categor\u00eda Delantales Gorros De Cocina Y Hosteleria. Env\u00edo r\u00e1pido 24\/48h.<\/p>","protected":false},"featured_media":317380,"comment_status":"open","ping_status":"closed","template":"","meta":{"_acf_changed":false},"product_brand":[11282],"product_cat":[13974,13932,13975],"product_tag":[],"class_list":{"0":"post-317379","1":"product","2":"type-product","3":"status-publish","4":"has-post-thumbnail","6":"product_brand-valento","7":"product_cat-ropa-hombre","8":"product_cat-hosteleria-horeca","9":"product_cat-ropa-mujer","10":"tm-no-options","12":"first","13":"instock","14":"taxable","15":"shipping-taxable","16":"product-type-variable"},"acf":[],"_links":{"self":[{"href":"https:\/\/grupotextil.es\/en\/wp-json\/wp\/v2\/product\/317379","targetHints":{"allow":["GET"]}}],"collection":[{"href":"https:\/\/grupotextil.es\/en\/wp-json\/wp\/v2\/product"}],"about":[{"href":"https:\/\/grupotextil.es\/en\/wp-json\/wp\/v2\/types\/product"}],"replies":[{"embeddable":true,"href":"https:\/\/grupotextil.es\/en\/wp-json\/wp\/v2\/comments?post=317379"}],"wp:featuredmedia":[{"embeddable":true,"href":"https:\/\/grupotextil.es\/en\/wp-json\/wp\/v2\/media\/317380"}],"wp:attachment":[{"href":"https:\/\/grupotextil.es\/en\/wp-json\/wp\/v2\/media?parent=317379"}],"wp:term":[{"taxonomy":"product_brand","embeddable":true,"href":"https:\/\/grupotextil.es\/en\/wp-json\/wp\/v2\/product_brand?post=317379"},{"taxonomy":"product_cat","embeddable":true,"href":"https:\/\/grupotextil.es\/en\/wp-json\/wp\/v2\/product_cat?post=317379"},{"taxonomy":"product_tag","embeddable":true,"href":"https:\/\/grupotextil.es\/en\/wp-json\/wp\/v2\/product_tag?post=317379"}],"curies":[{"name":"wp","href":"https:\/\/api.w.org\/{rel}","templated":true}]}}

<div class="product-description">
<div class="article_characteristics">
<ul style="margin-block-start: 0;" >
<li><b>Gorro de chef</b> <b>desechable</b> y <b>ajustable</b>.</li>
<li>Fabricado en <b>tejido no tejido (TNT)</b> de poliéster ligero y resistente.</li>
<li>Forma tubular con plisado redoblado con cuatro agujeros en la parte superior que facilitan la ventilación.</li>
<li>Contorno con dobladillo y cierre trasero con adhesivo para un mejor ajuste.</li>
<li>Métodos idóneos de marcaje: serigrafía.</li>
<li>Ideal para su uso en <b>hostelería</b>.</li>
</ul></div>
</div>
<div class="product-pdf">
<p><a href="https://valento.es/?service=ServeDocuments&amp;function=serve_datasheet&amp;article_ref=GRVASPO" target="_blank" rel="noopener">Descargar ficha técnica (PDF)</a></p>
</div>

<p>Gorro de chef desechable TNT VALENTO SPOON de Valento. Disponible en la categoría Delantales Gorros De Cocina Y Hosteleria. Envío rápido 24/48h.</p>
