{"id":317776,"date":"2026-03-06T01:38:44","date_gmt":"2026-03-06T01:38:44","guid":{"rendered":"https:\/\/grupotextil.es\/?post_type=product&#038;p=317776"},"modified":"2026-03-06T01:38:44","modified_gmt":"2026-03-06T01:38:44","slug":"chaqueta-chef-manga-larga-valento-roast","status":"publish","type":"product","link":"https:\/\/grupotextil.es\/en\/product\/chaqueta-chef-manga-larga-valento-roast\/","title":{"rendered":"Chaqueta chef manga larga VALENTO ROAST"},"content":{"rendered":"<div class=\"product-description\">\n<div class=\"article_characteristics\">\n<ul style=\"margin-block-start: 0;\" >\n<li><b>Chaqueta<\/b> <b>chef<\/b> de <b>manga larga<\/b>.<\/li>\n<li>Confeccionada en tejido sarga mezcla algod\u00f3n con poli\u00e9ster resistente y duradero.<\/li>\n<li><b>Cuello redondo<\/b> abierto, tipo mao, que aporta comodidad.<\/li>\n<li>Cierre frontal con doble botonadura que brinda elegancia y estilo.<\/li>\n<li>Bolsillo en pecho izquierdo para resaltar el marcaje y compartimentos para bol\u00edgrafos en manga izquierda.<\/li>\n<li>M\u00e9todos id\u00f3neos de marcaje: serigraf\u00eda, vinilo, transfer, bordados, cosidos.<\/li>\n<li>Ideal como <b>ropa laboral<\/b> y <b>uniformes de hosteler\u00eda<\/b>.<\/li>\n<\/ul><\/div>\n<\/div>\n<div class=\"product-pdf\">\n<p><a href=\"https:\/\/valento.es\/?service=ServeDocuments&amp;function=serve_datasheet&amp;article_ref=CQVAROA\" target=\"_blank\" rel=\"noopener\">Descargar ficha t\u00e9cnica (PDF)<\/a><\/p>\n<\/div>","protected":false},"excerpt":{"rendered":"<p>Chaqueta chef manga larga VALENTO ROAST de Valento. Disponible en la categor\u00eda Delantales Gorros De Cocina Y Hosteleria. Env\u00edo r\u00e1pido 24\/48h.<\/p>","protected":false},"featured_media":317777,"comment_status":"open","ping_status":"closed","template":"","meta":{"_acf_changed":false},"product_brand":[11282],"product_cat":[13981,13990,13974,13975,13973],"product_tag":[],"class_list":{"0":"post-317776","1":"product","2":"type-product","3":"status-publish","4":"has-post-thumbnail","6":"product_brand-valento","7":"product_cat-h-chaquetas-y-abrigos","8":"product_cat-m-chaquetas-y-abrigos","9":"product_cat-ropa-hombre","10":"product_cat-ropa-mujer","11":"product_cat-ropa","12":"tm-no-options","14":"first","15":"instock","16":"taxable","17":"shipping-taxable","18":"product-type-variable"},"acf":[],"_links":{"self":[{"href":"https:\/\/grupotextil.es\/en\/wp-json\/wp\/v2\/product\/317776","targetHints":{"allow":["GET"]}}],"collection":[{"href":"https:\/\/grupotextil.es\/en\/wp-json\/wp\/v2\/product"}],"about":[{"href":"https:\/\/grupotextil.es\/en\/wp-json\/wp\/v2\/types\/product"}],"replies":[{"embeddable":true,"href":"https:\/\/grupotextil.es\/en\/wp-json\/wp\/v2\/comments?post=317776"}],"wp:featuredmedia":[{"embeddable":true,"href":"https:\/\/grupotextil.es\/en\/wp-json\/wp\/v2\/media\/317777"}],"wp:attachment":[{"href":"https:\/\/grupotextil.es\/en\/wp-json\/wp\/v2\/media?parent=317776"}],"wp:term":[{"taxonomy":"product_brand","embeddable":true,"href":"https:\/\/grupotextil.es\/en\/wp-json\/wp\/v2\/product_brand?post=317776"},{"taxonomy":"product_cat","embeddable":true,"href":"https:\/\/grupotextil.es\/en\/wp-json\/wp\/v2\/product_cat?post=317776"},{"taxonomy":"product_tag","embeddable":true,"href":"https:\/\/grupotextil.es\/en\/wp-json\/wp\/v2\/product_tag?post=317776"}],"curies":[{"name":"wp","href":"https:\/\/api.w.org\/{rel}","templated":true}]}}

<div class="product-description">
<div class="article_characteristics">
<ul style="margin-block-start: 0;" >
<li><b>Chaqueta</b> <b>chef</b> de <b>manga larga</b>.</li>
<li>Confeccionada en tejido sarga mezcla algodón con poliéster resistente y duradero.</li>
<li><b>Cuello redondo</b> abierto, tipo mao, que aporta comodidad.</li>
<li>Cierre frontal con doble botonadura que brinda elegancia y estilo.</li>
<li>Bolsillo en pecho izquierdo para resaltar el marcaje y compartimentos para bolígrafos en manga izquierda.</li>
<li>Métodos idóneos de marcaje: serigrafía, vinilo, transfer, bordados, cosidos.</li>
<li>Ideal como <b>ropa laboral</b> y <b>uniformes de hostelería</b>.</li>
</ul></div>
</div>
<div class="product-pdf">
<p><a href="https://valento.es/?service=ServeDocuments&amp;function=serve_datasheet&amp;article_ref=CQVAROA" target="_blank" rel="noopener">Descargar ficha técnica (PDF)</a></p>
</div>

<p>Chaqueta chef manga larga VALENTO ROAST de Valento. Disponible en la categoría Delantales Gorros De Cocina Y Hosteleria. Envío rápido 24/48h.</p>
