{"id":318121,"date":"2026-03-06T01:39:19","date_gmt":"2026-03-06T01:39:19","guid":{"rendered":"https:\/\/grupotextil.es\/?post_type=product&#038;p=318121"},"modified":"2026-03-06T01:39:19","modified_gmt":"2026-03-06T01:39:19","slug":"estuche-plano-con-cremallera-valento-nebulous","status":"publish","type":"product","link":"https:\/\/grupotextil.es\/en\/product\/estuche-plano-con-cremallera-valento-nebulous\/","title":{"rendered":"Estuche plano con cremallera VALENTO NEBULOUS"},"content":{"rendered":"<div class=\"product-description\">\n<div class=\"article_characteristics\">\n<ul style=\"margin-block-start: 0;\" >\n<li><b>Estuche<\/b> plano <b>con cremallera<\/b>.<\/li>\n<li>Confeccionado en <b>tejido impermeable<\/b> Canvas, grueso y resistente.<\/li>\n<li>Cierre de cremallera en la parte superior del mismo tono que el <b>estuche<\/b>.<\/li>\n<li>M\u00e9todos id\u00f3neos de marcaje: serigraf\u00eda, vinilo, transfer.<\/li>\n<li>Ideal para guardar accesorios, bol\u00edgrafos, material de oficina, material escolar, <b>regalo promocional<\/b>, etc.<\/li>\n<\/ul><\/div>\n<\/div>\n<div class=\"product-pdf\">\n<p><a href=\"https:\/\/valento.es\/?service=ServeDocuments&amp;function=serve_datasheet&amp;article_ref=ESVANEB\" target=\"_blank\" rel=\"noopener\">Descargar ficha t\u00e9cnica (PDF)<\/a><\/p>\n<\/div>","protected":false},"excerpt":{"rendered":"<p>Estuche plano con cremallera VALENTO NEBULOUS de Valento. Disponible en la categor\u00eda Estuches Maletines Y Portadocumentos. Env\u00edo r\u00e1pido 24\/48h.<\/p>","protected":false},"featured_media":318122,"comment_status":"open","ping_status":"closed","template":"","meta":{"_acf_changed":false},"product_brand":[11282],"product_cat":[13974,13975],"product_tag":[],"class_list":{"0":"post-318121","1":"product","2":"type-product","3":"status-publish","4":"has-post-thumbnail","6":"product_brand-valento","7":"product_cat-ropa-hombre","8":"product_cat-ropa-mujer","9":"tm-no-options","11":"first","12":"instock","13":"taxable","14":"shipping-taxable","15":"product-type-variable"},"acf":[],"_links":{"self":[{"href":"https:\/\/grupotextil.es\/en\/wp-json\/wp\/v2\/product\/318121","targetHints":{"allow":["GET"]}}],"collection":[{"href":"https:\/\/grupotextil.es\/en\/wp-json\/wp\/v2\/product"}],"about":[{"href":"https:\/\/grupotextil.es\/en\/wp-json\/wp\/v2\/types\/product"}],"replies":[{"embeddable":true,"href":"https:\/\/grupotextil.es\/en\/wp-json\/wp\/v2\/comments?post=318121"}],"wp:featuredmedia":[{"embeddable":true,"href":"https:\/\/grupotextil.es\/en\/wp-json\/wp\/v2\/media\/318122"}],"wp:attachment":[{"href":"https:\/\/grupotextil.es\/en\/wp-json\/wp\/v2\/media?parent=318121"}],"wp:term":[{"taxonomy":"product_brand","embeddable":true,"href":"https:\/\/grupotextil.es\/en\/wp-json\/wp\/v2\/product_brand?post=318121"},{"taxonomy":"product_cat","embeddable":true,"href":"https:\/\/grupotextil.es\/en\/wp-json\/wp\/v2\/product_cat?post=318121"},{"taxonomy":"product_tag","embeddable":true,"href":"https:\/\/grupotextil.es\/en\/wp-json\/wp\/v2\/product_tag?post=318121"}],"curies":[{"name":"wp","href":"https:\/\/api.w.org\/{rel}","templated":true}]}}

<div class="product-description">
<div class="article_characteristics">
<ul style="margin-block-start: 0;" >
<li><b>Estuche</b> plano <b>con cremallera</b>.</li>
<li>Confeccionado en <b>tejido impermeable</b> Canvas, grueso y resistente.</li>
<li>Cierre de cremallera en la parte superior del mismo tono que el <b>estuche</b>.</li>
<li>Métodos idóneos de marcaje: serigrafía, vinilo, transfer.</li>
<li>Ideal para guardar accesorios, bolígrafos, material de oficina, material escolar, <b>regalo promocional</b>, etc.</li>
</ul></div>
</div>
<div class="product-pdf">
<p><a href="https://valento.es/?service=ServeDocuments&amp;function=serve_datasheet&amp;article_ref=ESVANEB" target="_blank" rel="noopener">Descargar ficha técnica (PDF)</a></p>
</div>

<p>Estuche plano con cremallera VALENTO NEBULOUS de Valento. Disponible en la categoría Estuches Maletines Y Portadocumentos. Envío rápido 24/48h.</p>
