{"id":318170,"date":"2026-03-06T01:39:22","date_gmt":"2026-03-06T01:39:22","guid":{"rendered":"https:\/\/grupotextil.es\/?post_type=product&#038;p=318170"},"modified":"2026-03-06T01:39:22","modified_gmt":"2026-03-06T01:39:22","slug":"bolso-bandolera-unisex-valento-clifford","status":"publish","type":"product","link":"https:\/\/grupotextil.es\/en\/product\/bolso-bandolera-unisex-valento-clifford\/","title":{"rendered":"Bolso bandolera unisex VALENTO CLIFFORD"},"content":{"rendered":"<div class=\"product-description\">\n<div class=\"article_characteristics\">\n<ul style=\"margin-block-start: 0;\" >\n<li><b>Bandolera<\/b> con dise\u00f1o rectangular.<\/li>\n<li>Confeccionada en <b>tejido impermeable<\/b>, grueso y resistente en el exterior con forro liso en el interior.<\/li>\n<li>Amplio espacio interior con cierre de cremallera y solapa delantera con cierre de dos velcros para mantener todo guardado.<\/li>\n<li>Bolsillo exterior trasero con cierre de cremallera y compartimentos en la parte delantera para guardar objetos personales y accesorios.<\/li>\n<li>Correa ajustable mediante pasador que permite llevarla c\u00f3modamente en el hombro.<\/li>\n<li>M\u00e9todos id\u00f3neos de marcaje: serigraf\u00eda, vinilo, transfer.<\/li>\n<li>Ideal como <b>regalo promocional<\/b>, uso acad\u00e9mico y complemento de <b>ropa laboral<\/b>.<\/li>\n<\/ul><\/div>\n<\/div>\n<div class=\"product-pdf\">\n<p><a href=\"https:\/\/valento.es\/?service=ServeDocuments&amp;function=serve_datasheet&amp;article_ref=BSVACLI\" target=\"_blank\" rel=\"noopener\">Descargar ficha t\u00e9cnica (PDF)<\/a><\/p>\n<\/div>","protected":false},"excerpt":{"rendered":"<p>Bolso bandolera unisex VALENTO CLIFFORD de Valento. Disponible en la categor\u00eda Estuches Maletines Y Portadocumentos. Env\u00edo r\u00e1pido 24\/48h.<\/p>","protected":false},"featured_media":318171,"comment_status":"open","ping_status":"closed","template":"","meta":{"_acf_changed":false},"product_brand":[11282],"product_cat":[13974,13975],"product_tag":[],"class_list":{"0":"post-318170","1":"product","2":"type-product","3":"status-publish","4":"has-post-thumbnail","6":"product_brand-valento","7":"product_cat-ropa-hombre","8":"product_cat-ropa-mujer","9":"tm-no-options","11":"first","12":"instock","13":"taxable","14":"shipping-taxable","15":"product-type-variable"},"acf":[],"_links":{"self":[{"href":"https:\/\/grupotextil.es\/en\/wp-json\/wp\/v2\/product\/318170","targetHints":{"allow":["GET"]}}],"collection":[{"href":"https:\/\/grupotextil.es\/en\/wp-json\/wp\/v2\/product"}],"about":[{"href":"https:\/\/grupotextil.es\/en\/wp-json\/wp\/v2\/types\/product"}],"replies":[{"embeddable":true,"href":"https:\/\/grupotextil.es\/en\/wp-json\/wp\/v2\/comments?post=318170"}],"wp:featuredmedia":[{"embeddable":true,"href":"https:\/\/grupotextil.es\/en\/wp-json\/wp\/v2\/media\/318171"}],"wp:attachment":[{"href":"https:\/\/grupotextil.es\/en\/wp-json\/wp\/v2\/media?parent=318170"}],"wp:term":[{"taxonomy":"product_brand","embeddable":true,"href":"https:\/\/grupotextil.es\/en\/wp-json\/wp\/v2\/product_brand?post=318170"},{"taxonomy":"product_cat","embeddable":true,"href":"https:\/\/grupotextil.es\/en\/wp-json\/wp\/v2\/product_cat?post=318170"},{"taxonomy":"product_tag","embeddable":true,"href":"https:\/\/grupotextil.es\/en\/wp-json\/wp\/v2\/product_tag?post=318170"}],"curies":[{"name":"wp","href":"https:\/\/api.w.org\/{rel}","templated":true}]}}

<div class="product-description">
<div class="article_characteristics">
<ul style="margin-block-start: 0;" >
<li><b>Bandolera</b> con diseño rectangular.</li>
<li>Confeccionada en <b>tejido impermeable</b>, grueso y resistente en el exterior con forro liso en el interior.</li>
<li>Amplio espacio interior con cierre de cremallera y solapa delantera con cierre de dos velcros para mantener todo guardado.</li>
<li>Bolsillo exterior trasero con cierre de cremallera y compartimentos en la parte delantera para guardar objetos personales y accesorios.</li>
<li>Correa ajustable mediante pasador que permite llevarla cómodamente en el hombro.</li>
<li>Métodos idóneos de marcaje: serigrafía, vinilo, transfer.</li>
<li>Ideal como <b>regalo promocional</b>, uso académico y complemento de <b>ropa laboral</b>.</li>
</ul></div>
</div>
<div class="product-pdf">
<p><a href="https://valento.es/?service=ServeDocuments&amp;function=serve_datasheet&amp;article_ref=BSVACLI" target="_blank" rel="noopener">Descargar ficha técnica (PDF)</a></p>
</div>

<p>Bolso bandolera unisex VALENTO CLIFFORD de Valento. Disponible en la categoría Estuches Maletines Y Portadocumentos. Envío rápido 24/48h.</p>
