{"id":318188,"date":"2026-03-06T01:39:25","date_gmt":"2026-03-06T01:39:25","guid":{"rendered":"https:\/\/grupotextil.es\/?post_type=product&#038;p=318188"},"modified":"2026-03-06T01:39:25","modified_gmt":"2026-03-06T01:39:25","slug":"porta-documentos-con-fuelle-valento-henry","status":"publish","type":"product","link":"https:\/\/grupotextil.es\/en\/product\/porta-documentos-con-fuelle-valento-henry\/","title":{"rendered":"Porta documentos con fuelle VALENTO HENRY"},"content":{"rendered":"<div class=\"product-description\">\n<div class=\"article_characteristics\">\n<ul style=\"margin-block-start: 0;\" >\n<li><b>Porta documentos<\/b> rectangular con fuelle.<\/li>\n<li>Confeccionado en <b>tejido impermeable<\/b>, grueso y resistente en el exterior con forro liso Canvas en el interior.<\/li>\n<li>Cierre de cremallera para tener todo guardado.<\/li>\n<li>Bolsillo exterior con cierre de cremallera para tener todo m\u00e1s accesible.<\/li>\n<li>Asas cortas para un c\u00f3modo transporte manual.<\/li>\n<li>M\u00e9todos id\u00f3neos de marcaje: serigraf\u00eda, vinilo, transfer, bordados, cosidos.<\/li>\n<li>Ideal para transporte de documentos y como <b>regalo promocional<\/b>.<\/li>\n<\/ul><\/div>\n<\/div>\n<div class=\"product-pdf\">\n<p><a href=\"https:\/\/valento.es\/?service=ServeDocuments&amp;function=serve_datasheet&amp;article_ref=DOVAHEN\" target=\"_blank\" rel=\"noopener\">Descargar ficha t\u00e9cnica (PDF)<\/a><\/p>\n<\/div>","protected":false},"excerpt":{"rendered":"<p>Porta documentos con fuelle VALENTO HENRY de Valento. Disponible en la categor\u00eda Estuches Maletines Y Portadocumentos. Env\u00edo r\u00e1pido 24\/48h.<\/p>","protected":false},"featured_media":318189,"comment_status":"open","ping_status":"closed","template":"","meta":{"_acf_changed":false},"product_brand":[11282],"product_cat":[13962,14006],"product_tag":[],"class_list":{"0":"post-318188","1":"product","2":"type-product","3":"status-publish","4":"has-post-thumbnail","6":"product_brand-valento","7":"product_cat-mr-estuches","8":"product_cat-acc-merchandising","9":"tm-no-options","11":"first","12":"instock","13":"taxable","14":"shipping-taxable","15":"product-type-variable"},"acf":[],"_links":{"self":[{"href":"https:\/\/grupotextil.es\/en\/wp-json\/wp\/v2\/product\/318188","targetHints":{"allow":["GET"]}}],"collection":[{"href":"https:\/\/grupotextil.es\/en\/wp-json\/wp\/v2\/product"}],"about":[{"href":"https:\/\/grupotextil.es\/en\/wp-json\/wp\/v2\/types\/product"}],"replies":[{"embeddable":true,"href":"https:\/\/grupotextil.es\/en\/wp-json\/wp\/v2\/comments?post=318188"}],"wp:featuredmedia":[{"embeddable":true,"href":"https:\/\/grupotextil.es\/en\/wp-json\/wp\/v2\/media\/318189"}],"wp:attachment":[{"href":"https:\/\/grupotextil.es\/en\/wp-json\/wp\/v2\/media?parent=318188"}],"wp:term":[{"taxonomy":"product_brand","embeddable":true,"href":"https:\/\/grupotextil.es\/en\/wp-json\/wp\/v2\/product_brand?post=318188"},{"taxonomy":"product_cat","embeddable":true,"href":"https:\/\/grupotextil.es\/en\/wp-json\/wp\/v2\/product_cat?post=318188"},{"taxonomy":"product_tag","embeddable":true,"href":"https:\/\/grupotextil.es\/en\/wp-json\/wp\/v2\/product_tag?post=318188"}],"curies":[{"name":"wp","href":"https:\/\/api.w.org\/{rel}","templated":true}]}}

<div class="product-description">
<div class="article_characteristics">
<ul style="margin-block-start: 0;" >
<li><b>Porta documentos</b> rectangular con fuelle.</li>
<li>Confeccionado en <b>tejido impermeable</b>, grueso y resistente en el exterior con forro liso Canvas en el interior.</li>
<li>Cierre de cremallera para tener todo guardado.</li>
<li>Bolsillo exterior con cierre de cremallera para tener todo más accesible.</li>
<li>Asas cortas para un cómodo transporte manual.</li>
<li>Métodos idóneos de marcaje: serigrafía, vinilo, transfer, bordados, cosidos.</li>
<li>Ideal para transporte de documentos y como <b>regalo promocional</b>.</li>
</ul></div>
</div>
<div class="product-pdf">
<p><a href="https://valento.es/?service=ServeDocuments&amp;function=serve_datasheet&amp;article_ref=DOVAHEN" target="_blank" rel="noopener">Descargar ficha técnica (PDF)</a></p>
</div>

<p>Porta documentos con fuelle VALENTO HENRY de Valento. Disponible en la categoría Estuches Maletines Y Portadocumentos. Envío rápido 24/48h.</p>
