{"id":318194,"date":"2026-03-06T01:39:27","date_gmt":"2026-03-06T01:39:27","guid":{"rendered":"https:\/\/grupotextil.es\/?post_type=product&#038;p=318194"},"modified":"2026-03-06T01:39:27","modified_gmt":"2026-03-06T01:39:27","slug":"funda-porta-documentos-valento-document","status":"publish","type":"product","link":"https:\/\/grupotextil.es\/en\/product\/funda-porta-documentos-valento-document\/","title":{"rendered":"Funda porta documentos VALENTO DOCUMENT"},"content":{"rendered":"<div class=\"product-description\">\n<div class=\"article_characteristics\">\n<ul style=\"margin-block-start: 0;\" >\n<li>Funda grande <b>porta documentos<\/b>.<\/li>\n<li>Confeccionado en <b>tejido impermeable<\/b>, grueso y resistente en el exterior y forro liso y espuma en el interior.<\/li>\n<li>Tres compartimentos interiores para organizar objetos, uno a la izquierda con rejilla y a la derecha doble compartimento uno de ellos con cremallera.<\/li>\n<li>Cinta el\u00e1stica textil gruesa central para colgar bol\u00edgrafos.<\/li>\n<li>Cierre de cremallera para tener todo guardado.<\/li>\n<li>M\u00e9todos id\u00f3neos de marcaje: serigraf\u00eda, vinilo, transfer.<\/li>\n<li>Ideal para llevar documentos y como <b>regalo promocional<\/b>.<\/li>\n<\/ul><\/div>\n<\/div>\n<div class=\"product-pdf\">\n<p><a href=\"https:\/\/valento.es\/?service=ServeDocuments&amp;function=serve_datasheet&amp;article_ref=PDVADOC\" target=\"_blank\" rel=\"noopener\">Descargar ficha t\u00e9cnica (PDF)<\/a><\/p>\n<\/div>","protected":false},"excerpt":{"rendered":"<p>Funda porta documentos VALENTO DOCUMENT de Valento. Disponible en la categor\u00eda Estuches Maletines Y Portadocumentos. Env\u00edo r\u00e1pido 24\/48h.<\/p>","protected":false},"featured_media":318195,"comment_status":"open","ping_status":"closed","template":"","meta":{"_acf_changed":false},"product_brand":[11282],"product_cat":[13962,14006],"product_tag":[],"class_list":{"0":"post-318194","1":"product","2":"type-product","3":"status-publish","4":"has-post-thumbnail","6":"product_brand-valento","7":"product_cat-mr-estuches","8":"product_cat-acc-merchandising","9":"tm-no-options","11":"first","12":"instock","13":"taxable","14":"shipping-taxable","15":"product-type-variable"},"acf":[],"_links":{"self":[{"href":"https:\/\/grupotextil.es\/en\/wp-json\/wp\/v2\/product\/318194","targetHints":{"allow":["GET"]}}],"collection":[{"href":"https:\/\/grupotextil.es\/en\/wp-json\/wp\/v2\/product"}],"about":[{"href":"https:\/\/grupotextil.es\/en\/wp-json\/wp\/v2\/types\/product"}],"replies":[{"embeddable":true,"href":"https:\/\/grupotextil.es\/en\/wp-json\/wp\/v2\/comments?post=318194"}],"wp:featuredmedia":[{"embeddable":true,"href":"https:\/\/grupotextil.es\/en\/wp-json\/wp\/v2\/media\/318195"}],"wp:attachment":[{"href":"https:\/\/grupotextil.es\/en\/wp-json\/wp\/v2\/media?parent=318194"}],"wp:term":[{"taxonomy":"product_brand","embeddable":true,"href":"https:\/\/grupotextil.es\/en\/wp-json\/wp\/v2\/product_brand?post=318194"},{"taxonomy":"product_cat","embeddable":true,"href":"https:\/\/grupotextil.es\/en\/wp-json\/wp\/v2\/product_cat?post=318194"},{"taxonomy":"product_tag","embeddable":true,"href":"https:\/\/grupotextil.es\/en\/wp-json\/wp\/v2\/product_tag?post=318194"}],"curies":[{"name":"wp","href":"https:\/\/api.w.org\/{rel}","templated":true}]}}

<div class="product-description">
<div class="article_characteristics">
<ul style="margin-block-start: 0;" >
<li>Funda grande <b>porta documentos</b>.</li>
<li>Confeccionado en <b>tejido impermeable</b>, grueso y resistente en el exterior y forro liso y espuma en el interior.</li>
<li>Tres compartimentos interiores para organizar objetos, uno a la izquierda con rejilla y a la derecha doble compartimento uno de ellos con cremallera.</li>
<li>Cinta elástica textil gruesa central para colgar bolígrafos.</li>
<li>Cierre de cremallera para tener todo guardado.</li>
<li>Métodos idóneos de marcaje: serigrafía, vinilo, transfer.</li>
<li>Ideal para llevar documentos y como <b>regalo promocional</b>.</li>
</ul></div>
</div>
<div class="product-pdf">
<p><a href="https://valento.es/?service=ServeDocuments&amp;function=serve_datasheet&amp;article_ref=PDVADOC" target="_blank" rel="noopener">Descargar ficha técnica (PDF)</a></p>
</div>

<p>Funda porta documentos VALENTO DOCUMENT de Valento. Disponible en la categoría Estuches Maletines Y Portadocumentos. Envío rápido 24/48h.</p>
