{"id":318206,"date":"2026-03-06T01:39:30","date_gmt":"2026-03-06T01:39:30","guid":{"rendered":"https:\/\/grupotextil.es\/?post_type=product&#038;p=318206"},"modified":"2026-03-06T01:39:30","modified_gmt":"2026-03-06T01:39:30","slug":"maletin-para-portatil-valento-pascal","status":"publish","type":"product","link":"https:\/\/grupotextil.es\/en\/product\/maletin-para-portatil-valento-pascal\/","title":{"rendered":"Malet\u00edn para port\u00e1til VALENTO PASCAL"},"content":{"rendered":"<div class=\"product-description\">\n<div class=\"article_characteristics\">\n<ul style=\"margin-block-start: 0;\" >\n<li><b>Malet\u00edn<\/b> para port\u00e1til.<\/li>\n<li>Confeccionado en <b>tejido impermeable<\/b>, grueso y resistente en el exterior con forro liso en el interior.<\/li>\n<li>Asa de mano reforzada con goma y cinta de hombro extra\u00edble para un c\u00f3modo transporte tipo bandolera.<\/li>\n<li>Incluye separador acolchado interior con sujeci\u00f3n de velcro para mejor protecci\u00f3n del dispositivo port\u00e1til.<\/li>\n<li>Dos bolsillos delanteros con solapa y velcro, compartimento para bol\u00edgrafos y un bolsillo trasero con cremallera para tener todo guardado.<\/li>\n<li>M\u00e9todos id\u00f3neos de marcaje: serigraf\u00eda, vinilo, transfer, bordados, cosidos.<\/li>\n<li>Ideal como <b>regalo promocional<\/b>.<\/li>\n<\/ul><\/div>\n<\/div>\n<div class=\"product-pdf\">\n<p><a href=\"https:\/\/valento.es\/?service=ServeDocuments&amp;function=serve_datasheet&amp;article_ref=MIVAPAS\" target=\"_blank\" rel=\"noopener\">Descargar ficha t\u00e9cnica (PDF)<\/a><\/p>\n<\/div>","protected":false},"excerpt":{"rendered":"<p>Malet\u00edn para port\u00e1til VALENTO PASCAL de Valento. Disponible en la categor\u00eda Estuches Maletines Y Portadocumentos. Env\u00edo r\u00e1pido 24\/48h.<\/p>","protected":false},"featured_media":318207,"comment_status":"open","ping_status":"closed","template":"","meta":{"_acf_changed":false},"product_brand":[11282],"product_cat":[13962,14006],"product_tag":[],"class_list":{"0":"post-318206","1":"product","2":"type-product","3":"status-publish","4":"has-post-thumbnail","6":"product_brand-valento","7":"product_cat-mr-estuches","8":"product_cat-acc-merchandising","9":"tm-no-options","11":"first","12":"instock","13":"taxable","14":"shipping-taxable","15":"product-type-variable"},"acf":[],"_links":{"self":[{"href":"https:\/\/grupotextil.es\/en\/wp-json\/wp\/v2\/product\/318206","targetHints":{"allow":["GET"]}}],"collection":[{"href":"https:\/\/grupotextil.es\/en\/wp-json\/wp\/v2\/product"}],"about":[{"href":"https:\/\/grupotextil.es\/en\/wp-json\/wp\/v2\/types\/product"}],"replies":[{"embeddable":true,"href":"https:\/\/grupotextil.es\/en\/wp-json\/wp\/v2\/comments?post=318206"}],"wp:featuredmedia":[{"embeddable":true,"href":"https:\/\/grupotextil.es\/en\/wp-json\/wp\/v2\/media\/318207"}],"wp:attachment":[{"href":"https:\/\/grupotextil.es\/en\/wp-json\/wp\/v2\/media?parent=318206"}],"wp:term":[{"taxonomy":"product_brand","embeddable":true,"href":"https:\/\/grupotextil.es\/en\/wp-json\/wp\/v2\/product_brand?post=318206"},{"taxonomy":"product_cat","embeddable":true,"href":"https:\/\/grupotextil.es\/en\/wp-json\/wp\/v2\/product_cat?post=318206"},{"taxonomy":"product_tag","embeddable":true,"href":"https:\/\/grupotextil.es\/en\/wp-json\/wp\/v2\/product_tag?post=318206"}],"curies":[{"name":"wp","href":"https:\/\/api.w.org\/{rel}","templated":true}]}}

Maletín para portátil VALENTO PASCAL

<div class="product-description">
<div class="article_characteristics">
<ul style="margin-block-start: 0;" >
<li><b>Maletín</b> para portátil.</li>
<li>Confeccionado en <b>tejido impermeable</b>, grueso y resistente en el exterior con forro liso en el interior.</li>
<li>Asa de mano reforzada con goma y cinta de hombro extraíble para un cómodo transporte tipo bandolera.</li>
<li>Incluye separador acolchado interior con sujeción de velcro para mejor protección del dispositivo portátil.</li>
<li>Dos bolsillos delanteros con solapa y velcro, compartimento para bolígrafos y un bolsillo trasero con cremallera para tener todo guardado.</li>
<li>Métodos idóneos de marcaje: serigrafía, vinilo, transfer, bordados, cosidos.</li>
<li>Ideal como <b>regalo promocional</b>.</li>
</ul></div>
</div>
<div class="product-pdf">
<p><a href="https://valento.es/?service=ServeDocuments&amp;function=serve_datasheet&amp;article_ref=MIVAPAS" target="_blank" rel="noopener">Descargar ficha técnica (PDF)</a></p>
</div>

<p>Maletín para portátil VALENTO PASCAL de Valento. Disponible en la categoría Estuches Maletines Y Portadocumentos. Envío rápido 24/48h.</p>
