{"id":318211,"date":"2026-03-06T01:39:32","date_gmt":"2026-03-06T01:39:32","guid":{"rendered":"https:\/\/grupotextil.es\/?post_type=product&#038;p=318211"},"modified":"2026-03-06T01:39:32","modified_gmt":"2026-03-06T01:39:32","slug":"funda-de-traje-tnt-tejido-no-tejido-valento-tailor","status":"publish","type":"product","link":"https:\/\/grupotextil.es\/en\/product\/funda-de-traje-tnt-tejido-no-tejido-valento-tailor\/","title":{"rendered":"Funda de traje TNT tejido no tejido VALENTO TAILOR"},"content":{"rendered":"<div class=\"product-description\">\n<div class=\"article_characteristics\">\n<ul style=\"margin-block-start: 0;\" >\n<li><b>Funda de traje<\/b> en <b>tejido no tejido (TNT)<\/b>.<\/li>\n<li>Confeccionada en <b>tejido no tejido (TNT)<\/b> con acabado gofrado y repelente.<\/li>\n<li>Asas cortas a ambos lados, que permiten su uso extendido o doblado y facilitan su transporte, con refuerzo en forma de cruz, cosido con hilo que aumenta su resistencia.<\/li>\n<li>Abertura superior para el paso de la percha que permite colgar la funda f\u00e1cilmente.<\/li>\n<li>Cremallera inferior para un mejor guardado de las prendas.<\/li>\n<li>M\u00e9todos id\u00f3neos de marcaje: serigraf\u00eda.<\/li>\n<li>Ideal para guardar trajes, abrigos, chaquetas, camisas, etc.<\/li>\n<\/ul><\/div>\n<\/div>\n<div class=\"product-pdf\">\n<p><a href=\"https:\/\/valento.es\/?service=ServeDocuments&amp;function=serve_datasheet&amp;article_ref=FTVATAI\" target=\"_blank\" rel=\"noopener\">Descargar ficha t\u00e9cnica (PDF)<\/a><\/p>\n<\/div>","protected":false},"excerpt":{"rendered":"<p>Funda de traje TNT tejido no tejido VALENTO TAILOR de Valento. Disponible en la categor\u00eda Fundas De Traje. Env\u00edo r\u00e1pido 24\/48h.<\/p>","protected":false},"featured_media":318212,"comment_status":"open","ping_status":"closed","template":"","meta":{"_acf_changed":false},"product_brand":[11282],"product_cat":[13948],"product_tag":[],"class_list":{"0":"post-318211","1":"product","2":"type-product","3":"status-publish","4":"has-post-thumbnail","6":"product_brand-valento","7":"product_cat-accesorios","8":"tm-no-options","10":"first","11":"instock","12":"taxable","13":"shipping-taxable","14":"product-type-variable"},"acf":[],"_links":{"self":[{"href":"https:\/\/grupotextil.es\/en\/wp-json\/wp\/v2\/product\/318211","targetHints":{"allow":["GET"]}}],"collection":[{"href":"https:\/\/grupotextil.es\/en\/wp-json\/wp\/v2\/product"}],"about":[{"href":"https:\/\/grupotextil.es\/en\/wp-json\/wp\/v2\/types\/product"}],"replies":[{"embeddable":true,"href":"https:\/\/grupotextil.es\/en\/wp-json\/wp\/v2\/comments?post=318211"}],"wp:featuredmedia":[{"embeddable":true,"href":"https:\/\/grupotextil.es\/en\/wp-json\/wp\/v2\/media\/318212"}],"wp:attachment":[{"href":"https:\/\/grupotextil.es\/en\/wp-json\/wp\/v2\/media?parent=318211"}],"wp:term":[{"taxonomy":"product_brand","embeddable":true,"href":"https:\/\/grupotextil.es\/en\/wp-json\/wp\/v2\/product_brand?post=318211"},{"taxonomy":"product_cat","embeddable":true,"href":"https:\/\/grupotextil.es\/en\/wp-json\/wp\/v2\/product_cat?post=318211"},{"taxonomy":"product_tag","embeddable":true,"href":"https:\/\/grupotextil.es\/en\/wp-json\/wp\/v2\/product_tag?post=318211"}],"curies":[{"name":"wp","href":"https:\/\/api.w.org\/{rel}","templated":true}]}}

<div class="product-description">
<div class="article_characteristics">
<ul style="margin-block-start: 0;" >
<li><b>Funda de traje</b> en <b>tejido no tejido (TNT)</b>.</li>
<li>Confeccionada en <b>tejido no tejido (TNT)</b> con acabado gofrado y repelente.</li>
<li>Asas cortas a ambos lados, que permiten su uso extendido o doblado y facilitan su transporte, con refuerzo en forma de cruz, cosido con hilo que aumenta su resistencia.</li>
<li>Abertura superior para el paso de la percha que permite colgar la funda fácilmente.</li>
<li>Cremallera inferior para un mejor guardado de las prendas.</li>
<li>Métodos idóneos de marcaje: serigrafía.</li>
<li>Ideal para guardar trajes, abrigos, chaquetas, camisas, etc.</li>
</ul></div>
</div>
<div class="product-pdf">
<p><a href="https://valento.es/?service=ServeDocuments&amp;function=serve_datasheet&amp;article_ref=FTVATAI" target="_blank" rel="noopener">Descargar ficha técnica (PDF)</a></p>
</div>

<p>Funda de traje TNT tejido no tejido VALENTO TAILOR de Valento. Disponible en la categoría Fundas De Traje. Envío rápido 24/48h.</p>
