{"id":318298,"date":"2026-03-06T01:39:47","date_gmt":"2026-03-06T01:39:47","guid":{"rendered":"https:\/\/grupotextil.es\/?post_type=product&#038;p=318298"},"modified":"2026-03-06T01:39:47","modified_gmt":"2026-03-06T01:39:47","slug":"gorro-reversible-impermeable-valento-travel","status":"publish","type":"product","link":"https:\/\/grupotextil.es\/en\/product\/gorro-reversible-impermeable-valento-travel\/","title":{"rendered":"Gorro reversible impermeable VALENTO TRAVEL"},"content":{"rendered":"<div class=\"product-description\">\n<div class=\"article_characteristics\">\n<ul style=\"margin-block-start: 0;\" >\n<li><b>Gorro reversible<\/b> <b>impermeable<\/b>.<\/li>\n<li>Confeccionado con doble capa de tejido: una cara <b>tejido <b>impermeable<\/b><\/b> plano que evita el traspaso de agua y la otra micro-polar <b>anti-pilling<\/b> con alta retenci\u00f3n t\u00e9rmica.<\/li>\n<li>Corona lisa y cinta perimetral que mantiene su forma.<\/li>\n<li>M\u00e9todos id\u00f3neos de marcaje: serigraf\u00eda, vinilo.<\/li>\n<li>Ideal para realizar actividades en la naturaleza y como <b>regalo promocional<\/b>.<\/li>\n<\/ul><\/div>\n<\/div>\n<div class=\"product-pdf\">\n<p><a href=\"https:\/\/valento.es\/?service=ServeDocuments&amp;function=serve_datasheet&amp;article_ref=GRVAREV\" target=\"_blank\" rel=\"noopener\">Descargar ficha t\u00e9cnica (PDF)<\/a><\/p>\n<\/div>","protected":false},"excerpt":{"rendered":"<p>Gorro reversible impermeable VALENTO TRAVEL de Valento. Disponible en la categor\u00eda Gorras Y Gorros De Invierno. Env\u00edo r\u00e1pido 24\/48h.<\/p>","protected":false},"featured_media":318299,"comment_status":"open","ping_status":"closed","template":"","meta":{"_acf_changed":false},"product_brand":[11282],"product_cat":[13974,13932,13975],"product_tag":[],"class_list":{"0":"post-318298","1":"product","2":"type-product","3":"status-publish","4":"has-post-thumbnail","6":"product_brand-valento","7":"product_cat-ropa-hombre","8":"product_cat-hosteleria-horeca","9":"product_cat-ropa-mujer","10":"tm-no-options","12":"first","13":"instock","14":"taxable","15":"shipping-taxable","16":"product-type-variable"},"acf":[],"_links":{"self":[{"href":"https:\/\/grupotextil.es\/en\/wp-json\/wp\/v2\/product\/318298","targetHints":{"allow":["GET"]}}],"collection":[{"href":"https:\/\/grupotextil.es\/en\/wp-json\/wp\/v2\/product"}],"about":[{"href":"https:\/\/grupotextil.es\/en\/wp-json\/wp\/v2\/types\/product"}],"replies":[{"embeddable":true,"href":"https:\/\/grupotextil.es\/en\/wp-json\/wp\/v2\/comments?post=318298"}],"wp:featuredmedia":[{"embeddable":true,"href":"https:\/\/grupotextil.es\/en\/wp-json\/wp\/v2\/media\/318299"}],"wp:attachment":[{"href":"https:\/\/grupotextil.es\/en\/wp-json\/wp\/v2\/media?parent=318298"}],"wp:term":[{"taxonomy":"product_brand","embeddable":true,"href":"https:\/\/grupotextil.es\/en\/wp-json\/wp\/v2\/product_brand?post=318298"},{"taxonomy":"product_cat","embeddable":true,"href":"https:\/\/grupotextil.es\/en\/wp-json\/wp\/v2\/product_cat?post=318298"},{"taxonomy":"product_tag","embeddable":true,"href":"https:\/\/grupotextil.es\/en\/wp-json\/wp\/v2\/product_tag?post=318298"}],"curies":[{"name":"wp","href":"https:\/\/api.w.org\/{rel}","templated":true}]}}

<div class="product-description">
<div class="article_characteristics">
<ul style="margin-block-start: 0;" >
<li><b>Gorro reversible</b> <b>impermeable</b>.</li>
<li>Confeccionado con doble capa de tejido: una cara <b>tejido <b>impermeable</b></b> plano que evita el traspaso de agua y la otra micro-polar <b>anti-pilling</b> con alta retención térmica.</li>
<li>Corona lisa y cinta perimetral que mantiene su forma.</li>
<li>Métodos idóneos de marcaje: serigrafía, vinilo.</li>
<li>Ideal para realizar actividades en la naturaleza y como <b>regalo promocional</b>.</li>
</ul></div>
</div>
<div class="product-pdf">
<p><a href="https://valento.es/?service=ServeDocuments&amp;function=serve_datasheet&amp;article_ref=GRVAREV" target="_blank" rel="noopener">Descargar ficha técnica (PDF)</a></p>
</div>

<p>Gorro reversible impermeable VALENTO TRAVEL de Valento. Disponible en la categoría Gorras Y Gorros De Invierno. Envío rápido 24/48h.</p>
