{"id":319084,"date":"2026-03-06T01:40:59","date_gmt":"2026-03-06T01:40:59","guid":{"rendered":"https:\/\/grupotextil.es\/?post_type=product&#038;p=319084"},"modified":"2026-03-06T01:40:59","modified_gmt":"2026-03-06T01:40:59","slug":"chaqueta-de-punto-con-cremallera-valento-carlo","status":"publish","type":"product","link":"https:\/\/grupotextil.es\/en\/product\/chaqueta-de-punto-con-cremallera-valento-carlo\/","title":{"rendered":"Chaqueta de punto con cremallera VALENTO CARLO"},"content":{"rendered":"<div class=\"product-description\">\n<div class=\"article_characteristics\">\n<ul style=\"margin-block-start: 0;\" >\n<li><b>Chaqueta de punto<\/b> con cierre de <b>cremallera entera<\/b>.<\/li>\n<li>Confeccionada en tejido de punto tricot grueso <b>100% acr\u00edlico<\/b> Galga 12, de tacto agradable y con buena retenci\u00f3n t\u00e9rmica.<\/li>\n<li>Cuello de canal\u00e9 tipo camisero y cierre frontal de cremallera.<\/li>\n<li>Pu\u00f1os y bajo de canal\u00e9 el\u00e1stico que se adapta c\u00f3modamente.<\/li>\n<li>Dos bolsillos verticales para tener todo accesible.<\/li>\n<li>M\u00e9todos id\u00f3neos de marcaje: bordados, cosidos.<\/li>\n<li>Ideal como <b>ropa laboral<\/b>, <b>uniforme corporativo<\/b> y uso casual.<\/li>\n<\/ul><\/div>\n<\/div>\n<div class=\"product-pdf\">\n<p><a href=\"https:\/\/valento.es\/?service=ServeDocuments&amp;function=serve_datasheet&amp;article_ref=CQVACAR\" target=\"_blank\" rel=\"noopener\">Descargar ficha t\u00e9cnica (PDF)<\/a><\/p>\n<\/div>","protected":false},"excerpt":{"rendered":"<p>Chaqueta de punto con cremallera VALENTO CARLO de Valento. Disponible en la categor\u00eda Jerseys. Env\u00edo r\u00e1pido 24\/48h.<\/p>","protected":false},"featured_media":319085,"comment_status":"open","ping_status":"closed","template":"","meta":{"_acf_changed":false},"product_brand":[11282],"product_cat":[13981,13990,13974,13975,13973],"product_tag":[],"class_list":{"0":"post-319084","1":"product","2":"type-product","3":"status-publish","4":"has-post-thumbnail","6":"product_brand-valento","7":"product_cat-h-chaquetas-y-abrigos","8":"product_cat-m-chaquetas-y-abrigos","9":"product_cat-ropa-hombre","10":"product_cat-ropa-mujer","11":"product_cat-ropa","12":"tm-no-options","14":"first","15":"instock","16":"taxable","17":"shipping-taxable","18":"product-type-variable"},"acf":[],"_links":{"self":[{"href":"https:\/\/grupotextil.es\/en\/wp-json\/wp\/v2\/product\/319084","targetHints":{"allow":["GET"]}}],"collection":[{"href":"https:\/\/grupotextil.es\/en\/wp-json\/wp\/v2\/product"}],"about":[{"href":"https:\/\/grupotextil.es\/en\/wp-json\/wp\/v2\/types\/product"}],"replies":[{"embeddable":true,"href":"https:\/\/grupotextil.es\/en\/wp-json\/wp\/v2\/comments?post=319084"}],"wp:featuredmedia":[{"embeddable":true,"href":"https:\/\/grupotextil.es\/en\/wp-json\/wp\/v2\/media\/319085"}],"wp:attachment":[{"href":"https:\/\/grupotextil.es\/en\/wp-json\/wp\/v2\/media?parent=319084"}],"wp:term":[{"taxonomy":"product_brand","embeddable":true,"href":"https:\/\/grupotextil.es\/en\/wp-json\/wp\/v2\/product_brand?post=319084"},{"taxonomy":"product_cat","embeddable":true,"href":"https:\/\/grupotextil.es\/en\/wp-json\/wp\/v2\/product_cat?post=319084"},{"taxonomy":"product_tag","embeddable":true,"href":"https:\/\/grupotextil.es\/en\/wp-json\/wp\/v2\/product_tag?post=319084"}],"curies":[{"name":"wp","href":"https:\/\/api.w.org\/{rel}","templated":true}]}}

<div class="product-description">
<div class="article_characteristics">
<ul style="margin-block-start: 0;" >
<li><b>Chaqueta de punto</b> con cierre de <b>cremallera entera</b>.</li>
<li>Confeccionada en tejido de punto tricot grueso <b>100% acrílico</b> Galga 12, de tacto agradable y con buena retención térmica.</li>
<li>Cuello de canalé tipo camisero y cierre frontal de cremallera.</li>
<li>Puños y bajo de canalé elástico que se adapta cómodamente.</li>
<li>Dos bolsillos verticales para tener todo accesible.</li>
<li>Métodos idóneos de marcaje: bordados, cosidos.</li>
<li>Ideal como <b>ropa laboral</b>, <b>uniforme corporativo</b> y uso casual.</li>
</ul></div>
</div>
<div class="product-pdf">
<p><a href="https://valento.es/?service=ServeDocuments&amp;function=serve_datasheet&amp;article_ref=CQVACAR" target="_blank" rel="noopener">Descargar ficha técnica (PDF)</a></p>
</div>

<p>Chaqueta de punto con cremallera VALENTO CARLO de Valento. Disponible en la categoría Jerseys. Envío rápido 24/48h.</p>
