{"id":320667,"date":"2026-03-06T01:42:15","date_gmt":"2026-03-06T01:42:15","guid":{"rendered":"https:\/\/grupotextil.es\/?post_type=product&#038;p=320667"},"modified":"2026-03-06T01:42:15","modified_gmt":"2026-03-06T01:42:15","slug":"mochila-de-gran-capacidad-valento-werpat","status":"publish","type":"product","link":"https:\/\/grupotextil.es\/en\/product\/mochila-de-gran-capacidad-valento-werpat\/","title":{"rendered":"Mochila de gran capacidad VALENTO WERPAT"},"content":{"rendered":"<div class=\"product-description\">\n<div class=\"article_characteristics\">\n<ul style=\"margin-block-start: 0;\" >\n<li><b>Mochila<\/b> de gran capacidad.<\/li>\n<li>Confeccionada en <b>tejido impermeable<\/b>, grueso y resistente en el exterior con forro liso en el interior y tejido de rejilla en la espalda que favorece la ventilaci\u00f3n.<\/li>\n<li>Refuerzo ergon\u00f3mico con espuma interior, en las zonas dorsal y lumbar, para mayor confort.<\/li>\n<li>Asa superior de agarre recubierta con goma flexible que facilita c\u00f3modamente su transporte manual.<\/li>\n<li>Tres amplios bolsillos exteriores con cierre de cremallera para tener todo accesible (el m\u00e1s peque\u00f1o con salida para cables) y dos bolsillos laterales para la sujeci\u00f3n de botellas o cualquier otro elemento.<\/li>\n<li>M\u00e9todos id\u00f3neos de marcaje: serigraf\u00eda, vinilo, transfer, bordados, cosidos.<\/li>\n<li>Ideal para uso <b>deportivo<\/b>, <b>deportes de aventura<\/b>, viajes, etc.<\/li>\n<\/ul><\/div>\n<\/div>\n<div class=\"product-pdf\">\n<p><a href=\"https:\/\/valento.es\/?service=ServeDocuments&amp;function=serve_datasheet&amp;article_ref=MCVAWER\" target=\"_blank\" rel=\"noopener\">Descargar ficha t\u00e9cnica (PDF)<\/a><\/p>\n<\/div>","protected":false},"excerpt":{"rendered":"<p>Mochila de gran capacidad VALENTO WERPAT de Valento. Disponible en la categor\u00eda Mochilas. Env\u00edo r\u00e1pido 24\/48h.<\/p>","protected":false},"featured_media":320668,"comment_status":"open","ping_status":"closed","template":"","meta":{"_acf_changed":false},"product_brand":[11282],"product_cat":[13954],"product_tag":[],"class_list":{"0":"post-320667","1":"product","2":"type-product","3":"status-publish","4":"has-post-thumbnail","6":"product_brand-valento","7":"product_cat-acc-bolsas-y-mochilas","8":"tm-no-options","10":"first","11":"instock","12":"taxable","13":"shipping-taxable","14":"product-type-variable"},"acf":[],"_links":{"self":[{"href":"https:\/\/grupotextil.es\/en\/wp-json\/wp\/v2\/product\/320667","targetHints":{"allow":["GET"]}}],"collection":[{"href":"https:\/\/grupotextil.es\/en\/wp-json\/wp\/v2\/product"}],"about":[{"href":"https:\/\/grupotextil.es\/en\/wp-json\/wp\/v2\/types\/product"}],"replies":[{"embeddable":true,"href":"https:\/\/grupotextil.es\/en\/wp-json\/wp\/v2\/comments?post=320667"}],"wp:featuredmedia":[{"embeddable":true,"href":"https:\/\/grupotextil.es\/en\/wp-json\/wp\/v2\/media\/320668"}],"wp:attachment":[{"href":"https:\/\/grupotextil.es\/en\/wp-json\/wp\/v2\/media?parent=320667"}],"wp:term":[{"taxonomy":"product_brand","embeddable":true,"href":"https:\/\/grupotextil.es\/en\/wp-json\/wp\/v2\/product_brand?post=320667"},{"taxonomy":"product_cat","embeddable":true,"href":"https:\/\/grupotextil.es\/en\/wp-json\/wp\/v2\/product_cat?post=320667"},{"taxonomy":"product_tag","embeddable":true,"href":"https:\/\/grupotextil.es\/en\/wp-json\/wp\/v2\/product_tag?post=320667"}],"curies":[{"name":"wp","href":"https:\/\/api.w.org\/{rel}","templated":true}]}}

<div class="product-description">
<div class="article_characteristics">
<ul style="margin-block-start: 0;" >
<li><b>Mochila</b> de gran capacidad.</li>
<li>Confeccionada en <b>tejido impermeable</b>, grueso y resistente en el exterior con forro liso en el interior y tejido de rejilla en la espalda que favorece la ventilación.</li>
<li>Refuerzo ergonómico con espuma interior, en las zonas dorsal y lumbar, para mayor confort.</li>
<li>Asa superior de agarre recubierta con goma flexible que facilita cómodamente su transporte manual.</li>
<li>Tres amplios bolsillos exteriores con cierre de cremallera para tener todo accesible (el más pequeño con salida para cables) y dos bolsillos laterales para la sujeción de botellas o cualquier otro elemento.</li>
<li>Métodos idóneos de marcaje: serigrafía, vinilo, transfer, bordados, cosidos.</li>
<li>Ideal para uso <b>deportivo</b>, <b>deportes de aventura</b>, viajes, etc.</li>
</ul></div>
</div>
<div class="product-pdf">
<p><a href="https://valento.es/?service=ServeDocuments&amp;function=serve_datasheet&amp;article_ref=MCVAWER" target="_blank" rel="noopener">Descargar ficha técnica (PDF)</a></p>
</div>

<p>Mochila de gran capacidad VALENTO WERPAT de Valento. Disponible en la categoría Mochilas. Envío rápido 24/48h.</p>
