{"id":325858,"date":"2026-03-06T01:43:59","date_gmt":"2026-03-06T01:43:59","guid":{"rendered":"https:\/\/grupotextil.es\/?post_type=product&#038;p=325858"},"modified":"2026-03-06T01:43:59","modified_gmt":"2026-03-06T01:43:59","slug":"pantalon-de-vestir-con-pinzas-valento-kent","status":"publish","type":"product","link":"https:\/\/grupotextil.es\/en\/product\/pantalon-de-vestir-con-pinzas-valento-kent\/","title":{"rendered":"Pantal\u00f3n de vestir con pinzas VALENTO KENT"},"content":{"rendered":"<div class=\"product-description\">\n<div class=\"article_characteristics\">\n<ul style=\"margin-block-start: 0;\" >\n<li><b>Pantal\u00f3n<\/b> de vestir con pinzas.<\/li>\n<li>Confeccionado en tejido de sastrer\u00eda, flexible, c\u00f3modo y vers\u00e1til.<\/li>\n<li>Cierre de cremallera y bot\u00f3n, cintura con trabillas para el cintur\u00f3n para mejor ajuste y pinzas mayor comodidad.<\/li>\n<li>Bolsillo cerillero oculto en cintura, dos bolsillos oblicuos y uno trasero derecho con cierre de bot\u00f3n para tener todo accesible.<\/li>\n<li>Bajo con dobladillo y costuras sobrehiladas que aumentan su durabilidad y resistencia.<\/li>\n<li>M\u00e9todos id\u00f3neos de marcaje: serigraf\u00eda, vinilo, transfer, bordados, cosidos.<\/li>\n<li>Ideal como <b>uniformes de hosteler\u00eda<\/b>, <b>uniformes corporativos<\/b> y traje formal.<\/li>\n<\/ul><\/div>\n<\/div>\n<div class=\"product-pdf\">\n<p><a href=\"https:\/\/valento.es\/?service=ServeDocuments&amp;function=serve_datasheet&amp;article_ref=PAVAKEN\" target=\"_blank\" rel=\"noopener\">Descargar ficha t\u00e9cnica (PDF)<\/a><\/p>\n<\/div>","protected":false},"excerpt":{"rendered":"<p>Pantal\u00f3n de vestir con pinzas VALENTO KENT de Valento. Disponible en la categor\u00eda Pantalones. Env\u00edo r\u00e1pido 24\/48h.<\/p>","protected":false},"featured_media":325859,"comment_status":"open","ping_status":"closed","template":"","meta":{"_acf_changed":false},"product_brand":[11282],"product_cat":[13974,13975,13992,13983,13973],"product_tag":[],"class_list":{"0":"post-325858","1":"product","2":"type-product","3":"status-publish","4":"has-post-thumbnail","6":"product_brand-valento","7":"product_cat-ropa-hombre","8":"product_cat-ropa-mujer","9":"product_cat-m-pantalones","10":"product_cat-h-pantalones","11":"product_cat-ropa","12":"tm-no-options","14":"first","15":"instock","16":"taxable","17":"shipping-taxable","18":"product-type-variable"},"acf":[],"_links":{"self":[{"href":"https:\/\/grupotextil.es\/en\/wp-json\/wp\/v2\/product\/325858","targetHints":{"allow":["GET"]}}],"collection":[{"href":"https:\/\/grupotextil.es\/en\/wp-json\/wp\/v2\/product"}],"about":[{"href":"https:\/\/grupotextil.es\/en\/wp-json\/wp\/v2\/types\/product"}],"replies":[{"embeddable":true,"href":"https:\/\/grupotextil.es\/en\/wp-json\/wp\/v2\/comments?post=325858"}],"wp:featuredmedia":[{"embeddable":true,"href":"https:\/\/grupotextil.es\/en\/wp-json\/wp\/v2\/media\/325859"}],"wp:attachment":[{"href":"https:\/\/grupotextil.es\/en\/wp-json\/wp\/v2\/media?parent=325858"}],"wp:term":[{"taxonomy":"product_brand","embeddable":true,"href":"https:\/\/grupotextil.es\/en\/wp-json\/wp\/v2\/product_brand?post=325858"},{"taxonomy":"product_cat","embeddable":true,"href":"https:\/\/grupotextil.es\/en\/wp-json\/wp\/v2\/product_cat?post=325858"},{"taxonomy":"product_tag","embeddable":true,"href":"https:\/\/grupotextil.es\/en\/wp-json\/wp\/v2\/product_tag?post=325858"}],"curies":[{"name":"wp","href":"https:\/\/api.w.org\/{rel}","templated":true}]}}

Pantalón de vestir con pinzas VALENTO KENT

<div class="product-description">
<div class="article_characteristics">
<ul style="margin-block-start: 0;" >
<li><b>Pantalón</b> de vestir con pinzas.</li>
<li>Confeccionado en tejido de sastrería, flexible, cómodo y versátil.</li>
<li>Cierre de cremallera y botón, cintura con trabillas para el cinturón para mejor ajuste y pinzas mayor comodidad.</li>
<li>Bolsillo cerillero oculto en cintura, dos bolsillos oblicuos y uno trasero derecho con cierre de botón para tener todo accesible.</li>
<li>Bajo con dobladillo y costuras sobrehiladas que aumentan su durabilidad y resistencia.</li>
<li>Métodos idóneos de marcaje: serigrafía, vinilo, transfer, bordados, cosidos.</li>
<li>Ideal como <b>uniformes de hostelería</b>, <b>uniformes corporativos</b> y traje formal.</li>
</ul></div>
</div>
<div class="product-pdf">
<p><a href="https://valento.es/?service=ServeDocuments&amp;function=serve_datasheet&amp;article_ref=PAVAKEN" target="_blank" rel="noopener">Descargar ficha técnica (PDF)</a></p>
</div>

<p>Pantalón de vestir con pinzas VALENTO KENT de Valento. Disponible en la categoría Pantalones. Envío rápido 24/48h.</p>
