{"id":327663,"date":"2026-03-06T01:44:45","date_gmt":"2026-03-06T01:44:45","guid":{"rendered":"https:\/\/grupotextil.es\/?post_type=product&#038;p=327663"},"modified":"2026-03-06T01:44:45","modified_gmt":"2026-03-06T01:44:45","slug":"pantalon-de-trekking-bi-elastico-valento-dator","status":"publish","type":"product","link":"https:\/\/grupotextil.es\/en\/product\/pantalon-de-trekking-bi-elastico-valento-dator\/","title":{"rendered":"Pantal\u00f3n de trekking bi-el\u00e1stico VALENTO DATOR"},"content":{"rendered":"<div class=\"product-description\">\n<div class=\"article_characteristics\">\n<ul style=\"margin-block-start: 0;\" >\n<li><b>Pantal\u00f3n<\/b> <b>el\u00e1stico<\/b> <b>multibolsillos<\/b> con dise\u00f1o <b>bicolor<\/b>.<\/li>\n<li>Confeccionado en tejido <b>bi-<b>el\u00e1stico<\/b><\/b> complex que aporta mayor movilidad con acabado hidro-repelente para mayor confort.<\/li>\n<li>Parte trasera y rodilleras con color a contraste (excepto en azul marino).<\/li>\n<li>Cintura con goma el\u00e1stica en los laterales para mejor ajuste y mayor comodidad.<\/li>\n<li>Dos bolsillos verticales en caderas, dos laterales y dos traseros, todos con cierre de cremallera y vivo, para tener todo accesible y disponible.<\/li>\n<li>M\u00e9todos id\u00f3neos de marcaje: bordados, cosidos, y termo-adhesivos anti-sublimaci\u00f3n.<\/li>\n<li>Ideal como <b>ropa laboral<\/b>, <b>uniformes de trabajo<\/b>, <b>deportes de aventura<\/b> y actividades en la naturaleza.<\/li>\n<\/ul><\/div>\n<\/div>\n<div class=\"product-pdf\">\n<p><a href=\"https:\/\/valento.es\/?service=ServeDocuments&amp;function=serve_datasheet&amp;article_ref=PAVADAT\" target=\"_blank\" rel=\"noopener\">Descargar ficha t\u00e9cnica (PDF)<\/a><\/p>\n<\/div>","protected":false},"excerpt":{"rendered":"<p>Pantal\u00f3n de trekking bi-el\u00e1stico VALENTO DATOR de Valento. Disponible en la categor\u00eda Pantalones De Trekking. Env\u00edo r\u00e1pido 24\/48h.<\/p>","protected":false},"featured_media":327664,"comment_status":"open","ping_status":"closed","template":"","meta":{"_acf_changed":false},"product_brand":[11282],"product_cat":[13974,13975,13983,13992,13973],"product_tag":[],"class_list":{"0":"post-327663","1":"product","2":"type-product","3":"status-publish","4":"has-post-thumbnail","6":"product_brand-valento","7":"product_cat-ropa-hombre","8":"product_cat-ropa-mujer","9":"product_cat-h-pantalones","10":"product_cat-m-pantalones","11":"product_cat-ropa","12":"tm-no-options","14":"first","15":"instock","16":"taxable","17":"shipping-taxable","18":"product-type-variable"},"acf":[],"_links":{"self":[{"href":"https:\/\/grupotextil.es\/en\/wp-json\/wp\/v2\/product\/327663","targetHints":{"allow":["GET"]}}],"collection":[{"href":"https:\/\/grupotextil.es\/en\/wp-json\/wp\/v2\/product"}],"about":[{"href":"https:\/\/grupotextil.es\/en\/wp-json\/wp\/v2\/types\/product"}],"replies":[{"embeddable":true,"href":"https:\/\/grupotextil.es\/en\/wp-json\/wp\/v2\/comments?post=327663"}],"wp:featuredmedia":[{"embeddable":true,"href":"https:\/\/grupotextil.es\/en\/wp-json\/wp\/v2\/media\/327664"}],"wp:attachment":[{"href":"https:\/\/grupotextil.es\/en\/wp-json\/wp\/v2\/media?parent=327663"}],"wp:term":[{"taxonomy":"product_brand","embeddable":true,"href":"https:\/\/grupotextil.es\/en\/wp-json\/wp\/v2\/product_brand?post=327663"},{"taxonomy":"product_cat","embeddable":true,"href":"https:\/\/grupotextil.es\/en\/wp-json\/wp\/v2\/product_cat?post=327663"},{"taxonomy":"product_tag","embeddable":true,"href":"https:\/\/grupotextil.es\/en\/wp-json\/wp\/v2\/product_tag?post=327663"}],"curies":[{"name":"wp","href":"https:\/\/api.w.org\/{rel}","templated":true}]}}

Pantalón de trekking bi-elástico VALENTO DATOR

<div class="product-description">
<div class="article_characteristics">
<ul style="margin-block-start: 0;" >
<li><b>Pantalón</b> <b>elástico</b> <b>multibolsillos</b> con diseño <b>bicolor</b>.</li>
<li>Confeccionado en tejido <b>bi-<b>elástico</b></b> complex que aporta mayor movilidad con acabado hidro-repelente para mayor confort.</li>
<li>Parte trasera y rodilleras con color a contraste (excepto en azul marino).</li>
<li>Cintura con goma elástica en los laterales para mejor ajuste y mayor comodidad.</li>
<li>Dos bolsillos verticales en caderas, dos laterales y dos traseros, todos con cierre de cremallera y vivo, para tener todo accesible y disponible.</li>
<li>Métodos idóneos de marcaje: bordados, cosidos, y termo-adhesivos anti-sublimación.</li>
<li>Ideal como <b>ropa laboral</b>, <b>uniformes de trabajo</b>, <b>deportes de aventura</b> y actividades en la naturaleza.</li>
</ul></div>
</div>
<div class="product-pdf">
<p><a href="https://valento.es/?service=ServeDocuments&amp;function=serve_datasheet&amp;article_ref=PAVADAT" target="_blank" rel="noopener">Descargar ficha técnica (PDF)</a></p>
</div>

<p>Pantalón de trekking bi-elástico VALENTO DATOR de Valento. Disponible en la categoría Pantalones De Trekking. Envío rápido 24/48h.</p>
