{"id":331149,"date":"2026-03-06T01:45:50","date_gmt":"2026-03-06T01:45:50","guid":{"rendered":"https:\/\/grupotextil.es\/?post_type=product&#038;p=331149"},"modified":"2026-03-06T01:45:50","modified_gmt":"2026-03-06T01:45:50","slug":"jersey-polar-reforzado-softshell-valento-willie","status":"publish","type":"product","link":"https:\/\/grupotextil.es\/en\/product\/jersey-polar-reforzado-softshell-valento-willie\/","title":{"rendered":"Jersey polar reforzado softshell VALENTO WILLIE"},"content":{"rendered":"<div class=\"product-description\">\n<div class=\"article_characteristics\">\n<ul style=\"margin-block-start: 0;\" >\n<li><b>Jersey polar<\/b> reforzado, de cuello alto con <b>media cremallera<\/b>.<\/li>\n<li>Confeccionado en tejido micro-polar tupido con <b>anti-pilling<\/b> exterior, y perchado interior que aporta alta retenci\u00f3n t\u00e9rmica, reforzado con tejido softshell en canes\u00fa delantero y trasero y con tejido bi-el\u00e1stico en coderas.<\/li>\n<li>Cuello alto de doble capa con <b>media cremallera<\/b> para mayor calidez y confort.<\/li>\n<li>Pu\u00f1os y bajo de canal\u00e9 el\u00e1stico que se adapta c\u00f3modamente.<\/li>\n<li>Incluye dos departamentos para bol\u00edgrafos en la parte superior de ambas mangas para mejor accesibilidad.<\/li>\n<li>M\u00e9todos id\u00f3neos de marcaje: bordados, cosidos, serigraf\u00eda (en la parte softshell).<\/li>\n<li>Ideal como <b>ropa laboral<\/b>, <b>uniformes de trabajo<\/b> y <b>textil promocional<\/b>.<\/li>\n<\/ul><\/div>\n<\/div>\n<div class=\"product-pdf\">\n<p><a href=\"https:\/\/valento.es\/?service=ServeDocuments&amp;function=serve_datasheet&amp;article_ref=JEVAWIL\" target=\"_blank\" rel=\"noopener\">Descargar ficha t\u00e9cnica (PDF)<\/a><\/p>\n<\/div>","protected":false},"excerpt":{"rendered":"<p>Jersey polar reforzado softshell VALENTO WILLIE de Valento. Disponible en la categor\u00eda Polares. Env\u00edo r\u00e1pido 24\/48h.<\/p>","protected":false},"featured_media":331150,"comment_status":"open","ping_status":"closed","template":"","meta":{"_acf_changed":false},"product_brand":[11282],"product_cat":[13981,13990,13974,13975,13973,13980,13989],"product_tag":[],"class_list":{"0":"post-331149","1":"product","2":"type-product","3":"status-publish","4":"has-post-thumbnail","6":"product_brand-valento","7":"product_cat-h-chaquetas-y-abrigos","8":"product_cat-m-chaquetas-y-abrigos","9":"product_cat-ropa-hombre","10":"product_cat-ropa-mujer","11":"product_cat-ropa","12":"product_cat-h-sudaderas","13":"product_cat-m-sudaderas","14":"tm-no-options","16":"first","17":"instock","18":"taxable","19":"shipping-taxable","20":"product-type-variable"},"acf":[],"_links":{"self":[{"href":"https:\/\/grupotextil.es\/en\/wp-json\/wp\/v2\/product\/331149","targetHints":{"allow":["GET"]}}],"collection":[{"href":"https:\/\/grupotextil.es\/en\/wp-json\/wp\/v2\/product"}],"about":[{"href":"https:\/\/grupotextil.es\/en\/wp-json\/wp\/v2\/types\/product"}],"replies":[{"embeddable":true,"href":"https:\/\/grupotextil.es\/en\/wp-json\/wp\/v2\/comments?post=331149"}],"wp:featuredmedia":[{"embeddable":true,"href":"https:\/\/grupotextil.es\/en\/wp-json\/wp\/v2\/media\/331150"}],"wp:attachment":[{"href":"https:\/\/grupotextil.es\/en\/wp-json\/wp\/v2\/media?parent=331149"}],"wp:term":[{"taxonomy":"product_brand","embeddable":true,"href":"https:\/\/grupotextil.es\/en\/wp-json\/wp\/v2\/product_brand?post=331149"},{"taxonomy":"product_cat","embeddable":true,"href":"https:\/\/grupotextil.es\/en\/wp-json\/wp\/v2\/product_cat?post=331149"},{"taxonomy":"product_tag","embeddable":true,"href":"https:\/\/grupotextil.es\/en\/wp-json\/wp\/v2\/product_tag?post=331149"}],"curies":[{"name":"wp","href":"https:\/\/api.w.org\/{rel}","templated":true}]}}

<div class="product-description">
<div class="article_characteristics">
<ul style="margin-block-start: 0;" >
<li><b>Jersey polar</b> reforzado, de cuello alto con <b>media cremallera</b>.</li>
<li>Confeccionado en tejido micro-polar tupido con <b>anti-pilling</b> exterior, y perchado interior que aporta alta retención térmica, reforzado con tejido softshell en canesú delantero y trasero y con tejido bi-elástico en coderas.</li>
<li>Cuello alto de doble capa con <b>media cremallera</b> para mayor calidez y confort.</li>
<li>Puños y bajo de canalé elástico que se adapta cómodamente.</li>
<li>Incluye dos departamentos para bolígrafos en la parte superior de ambas mangas para mejor accesibilidad.</li>
<li>Métodos idóneos de marcaje: bordados, cosidos, serigrafía (en la parte softshell).</li>
<li>Ideal como <b>ropa laboral</b>, <b>uniformes de trabajo</b> y <b>textil promocional</b>.</li>
</ul></div>
</div>
<div class="product-pdf">
<p><a href="https://valento.es/?service=ServeDocuments&amp;function=serve_datasheet&amp;article_ref=JEVAWIL" target="_blank" rel="noopener">Descargar ficha técnica (PDF)</a></p>
</div>

<p>Jersey polar reforzado softshell VALENTO WILLIE de Valento. Disponible en la categoría Polares. Envío rápido 24/48h.</p>
