{"id":331746,"date":"2026-03-06T01:46:11","date_gmt":"2026-03-06T01:46:11","guid":{"rendered":"https:\/\/grupotextil.es\/?post_type=product&#038;p=331746"},"modified":"2026-03-06T01:46:11","modified_gmt":"2026-03-06T01:46:11","slug":"chaqueta-de-punto-con-polar-interior-valento-waterford","status":"publish","type":"product","link":"https:\/\/grupotextil.es\/en\/product\/chaqueta-de-punto-con-polar-interior-valento-waterford\/","title":{"rendered":"Chaqueta de punto con polar interior VALENTO WATERFORD"},"content":{"rendered":"<div class=\"product-description\">\n<div class=\"article_characteristics\">\n<ul style=\"margin-block-start: 0;\" >\n<li><b>Chaqueta de punto<\/b> con <b>polar interior<\/b>.<\/li>\n<li>Confeccionada en tejido grueso de doble capa: exterior de punto acr\u00edlico y perchado interior polar para mayor retenci\u00f3n t\u00e9rmica.<\/li>\n<li><b>Cuello alto<\/b> de doble capa con cierre de cremallera central para mayor calidez y confort.<\/li>\n<li>Dos bolsillos en cintura y uno vertical en la zona del pecho izquierdo, los tres con cremallera para tener todo guardado.<\/li>\n<li>Pu\u00f1os y bajo con vivo el\u00e1stico que se ajusta c\u00f3modamente.<\/li>\n<li>M\u00e9todos id\u00f3neos de marcaje: bordados, cosidos.<\/li>\n<li>Ideal para actividades al aire libre, <b>trekking<\/b>, monta\u00f1a y <b>uniformes de invierno<\/b>.<\/li>\n<\/ul><\/div>\n<\/div>\n<div class=\"product-pdf\">\n<p><a href=\"https:\/\/valento.es\/?service=ServeDocuments&amp;function=serve_datasheet&amp;article_ref=FPVAWAT\" target=\"_blank\" rel=\"noopener\">Descargar ficha t\u00e9cnica (PDF)<\/a><\/p>\n<\/div>","protected":false},"excerpt":{"rendered":"<p>Chaqueta de punto con polar interior VALENTO WATERFORD de Valento. Disponible en la categor\u00eda Polares. Env\u00edo r\u00e1pido 24\/48h.<\/p>","protected":false},"featured_media":331747,"comment_status":"open","ping_status":"closed","template":"","meta":{"_acf_changed":false},"product_brand":[11282],"product_cat":[13981,13990,13974,13975,13973],"product_tag":[],"class_list":{"0":"post-331746","1":"product","2":"type-product","3":"status-publish","4":"has-post-thumbnail","6":"product_brand-valento","7":"product_cat-h-chaquetas-y-abrigos","8":"product_cat-m-chaquetas-y-abrigos","9":"product_cat-ropa-hombre","10":"product_cat-ropa-mujer","11":"product_cat-ropa","12":"tm-no-options","14":"first","15":"instock","16":"taxable","17":"shipping-taxable","18":"product-type-variable"},"acf":[],"_links":{"self":[{"href":"https:\/\/grupotextil.es\/en\/wp-json\/wp\/v2\/product\/331746","targetHints":{"allow":["GET"]}}],"collection":[{"href":"https:\/\/grupotextil.es\/en\/wp-json\/wp\/v2\/product"}],"about":[{"href":"https:\/\/grupotextil.es\/en\/wp-json\/wp\/v2\/types\/product"}],"replies":[{"embeddable":true,"href":"https:\/\/grupotextil.es\/en\/wp-json\/wp\/v2\/comments?post=331746"}],"wp:featuredmedia":[{"embeddable":true,"href":"https:\/\/grupotextil.es\/en\/wp-json\/wp\/v2\/media\/331747"}],"wp:attachment":[{"href":"https:\/\/grupotextil.es\/en\/wp-json\/wp\/v2\/media?parent=331746"}],"wp:term":[{"taxonomy":"product_brand","embeddable":true,"href":"https:\/\/grupotextil.es\/en\/wp-json\/wp\/v2\/product_brand?post=331746"},{"taxonomy":"product_cat","embeddable":true,"href":"https:\/\/grupotextil.es\/en\/wp-json\/wp\/v2\/product_cat?post=331746"},{"taxonomy":"product_tag","embeddable":true,"href":"https:\/\/grupotextil.es\/en\/wp-json\/wp\/v2\/product_tag?post=331746"}],"curies":[{"name":"wp","href":"https:\/\/api.w.org\/{rel}","templated":true}]}}

<div class="product-description">
<div class="article_characteristics">
<ul style="margin-block-start: 0;" >
<li><b>Chaqueta de punto</b> con <b>polar interior</b>.</li>
<li>Confeccionada en tejido grueso de doble capa: exterior de punto acrílico y perchado interior polar para mayor retención térmica.</li>
<li><b>Cuello alto</b> de doble capa con cierre de cremallera central para mayor calidez y confort.</li>
<li>Dos bolsillos en cintura y uno vertical en la zona del pecho izquierdo, los tres con cremallera para tener todo guardado.</li>
<li>Puños y bajo con vivo elástico que se ajusta cómodamente.</li>
<li>Métodos idóneos de marcaje: bordados, cosidos.</li>
<li>Ideal para actividades al aire libre, <b>trekking</b>, montaña y <b>uniformes de invierno</b>.</li>
</ul></div>
</div>
<div class="product-pdf">
<p><a href="https://valento.es/?service=ServeDocuments&amp;function=serve_datasheet&amp;article_ref=FPVAWAT" target="_blank" rel="noopener">Descargar ficha técnica (PDF)</a></p>
</div>

<p>Chaqueta de punto con polar interior VALENTO WATERFORD de Valento. Disponible en la categoría Polares. Envío rápido 24/48h.</p>
