{"id":332835,"date":"2026-03-06T01:46:18","date_gmt":"2026-03-06T01:46:18","guid":{"rendered":"https:\/\/grupotextil.es\/?post_type=product&#038;p=332835"},"modified":"2026-03-06T01:46:18","modified_gmt":"2026-03-06T01:46:18","slug":"polo-de-manga-larga-100-algodon-valento-predator","status":"publish","type":"product","link":"https:\/\/grupotextil.es\/en\/product\/polo-de-manga-larga-100-algodon-valento-predator\/","title":{"rendered":"Polo de manga larga 100% algod\u00f3n VALENTO PREDATOR"},"content":{"rendered":"<div class=\"product-description\">\n<div class=\"article_characteristics\">\n<ul style=\"margin-block-start: 0;\" >\n<li><b>Polo<\/b> de <b>manga larga<\/b>, uno de nuestros <b>polos<\/b> m\u00e1s vendidos por su inmejorable relaci\u00f3n calidad-precio y su gran variedad de colores.<\/li>\n<li>Confeccionado en tejido pique <b>100% algod\u00f3n<\/b> suave y confortable.<\/li>\n<li>Cuello de tricotosa con cierre de tapeta central con dos botones a tono.<\/li>\n<li>Mangas con pu\u00f1o de canal\u00e9 el\u00e1stico que se adapta c\u00f3modamente.<\/li>\n<li>Doble pespunte en bajo que aumenta su resistencia y aberturas laterales para un mayor confort.<\/li>\n<li>Incluye bolsillo para coser, m\u00e9todos id\u00f3neos de marcaje: serigraf\u00eda, transfer, bordados, cosidos.<\/li>\n<li>Ideal como <b>ropa laboral<\/b>, <b>textil promocional<\/b> y <b>ropa casual<\/b>.<\/li>\n<\/ul><\/div>\n<\/div>\n<div class=\"product-pdf\">\n<p><a href=\"https:\/\/valento.es\/?service=ServeDocuments&amp;function=serve_datasheet&amp;article_ref=POVATOL\" target=\"_blank\" rel=\"noopener\">Descargar ficha t\u00e9cnica (PDF)<\/a><\/p>\n<\/div>","protected":false},"excerpt":{"rendered":"<p>Polo de manga larga 100% algod\u00f3n VALENTO PREDATOR de Valento. Disponible en la categor\u00eda Polos. Env\u00edo r\u00e1pido 24\/48h.<\/p>","protected":false},"featured_media":332836,"comment_status":"open","ping_status":"closed","template":"","meta":{"_acf_changed":false},"product_brand":[11282],"product_cat":[13974,13975,13979,13988,13973],"product_tag":[],"class_list":{"0":"post-332835","1":"product","2":"type-product","3":"status-publish","4":"has-post-thumbnail","6":"product_brand-valento","7":"product_cat-ropa-hombre","8":"product_cat-ropa-mujer","9":"product_cat-h-polos","10":"product_cat-m-polos","11":"product_cat-ropa","12":"tm-no-options","14":"first","15":"instock","16":"taxable","17":"shipping-taxable","18":"product-type-variable"},"acf":[],"_links":{"self":[{"href":"https:\/\/grupotextil.es\/en\/wp-json\/wp\/v2\/product\/332835","targetHints":{"allow":["GET"]}}],"collection":[{"href":"https:\/\/grupotextil.es\/en\/wp-json\/wp\/v2\/product"}],"about":[{"href":"https:\/\/grupotextil.es\/en\/wp-json\/wp\/v2\/types\/product"}],"replies":[{"embeddable":true,"href":"https:\/\/grupotextil.es\/en\/wp-json\/wp\/v2\/comments?post=332835"}],"wp:featuredmedia":[{"embeddable":true,"href":"https:\/\/grupotextil.es\/en\/wp-json\/wp\/v2\/media\/332836"}],"wp:attachment":[{"href":"https:\/\/grupotextil.es\/en\/wp-json\/wp\/v2\/media?parent=332835"}],"wp:term":[{"taxonomy":"product_brand","embeddable":true,"href":"https:\/\/grupotextil.es\/en\/wp-json\/wp\/v2\/product_brand?post=332835"},{"taxonomy":"product_cat","embeddable":true,"href":"https:\/\/grupotextil.es\/en\/wp-json\/wp\/v2\/product_cat?post=332835"},{"taxonomy":"product_tag","embeddable":true,"href":"https:\/\/grupotextil.es\/en\/wp-json\/wp\/v2\/product_tag?post=332835"}],"curies":[{"name":"wp","href":"https:\/\/api.w.org\/{rel}","templated":true}]}}

Polo de manga larga 100% algodón VALENTO PREDATOR

<div class="product-description">
<div class="article_characteristics">
<ul style="margin-block-start: 0;" >
<li><b>Polo</b> de <b>manga larga</b>, uno de nuestros <b>polos</b> más vendidos por su inmejorable relación calidad-precio y su gran variedad de colores.</li>
<li>Confeccionado en tejido pique <b>100% algodón</b> suave y confortable.</li>
<li>Cuello de tricotosa con cierre de tapeta central con dos botones a tono.</li>
<li>Mangas con puño de canalé elástico que se adapta cómodamente.</li>
<li>Doble pespunte en bajo que aumenta su resistencia y aberturas laterales para un mayor confort.</li>
<li>Incluye bolsillo para coser, métodos idóneos de marcaje: serigrafía, transfer, bordados, cosidos.</li>
<li>Ideal como <b>ropa laboral</b>, <b>textil promocional</b> y <b>ropa casual</b>.</li>
</ul></div>
</div>
<div class="product-pdf">
<p><a href="https://valento.es/?service=ServeDocuments&amp;function=serve_datasheet&amp;article_ref=POVATOL" target="_blank" rel="noopener">Descargar ficha técnica (PDF)</a></p>
</div>

<p>Polo de manga larga 100% algodón VALENTO PREDATOR de Valento. Disponible en la categoría Polos. Envío rápido 24/48h.</p>
