{"id":334478,"date":"2026-03-06T01:46:32","date_gmt":"2026-03-06T01:46:32","guid":{"rendered":"https:\/\/grupotextil.es\/?post_type=product&#038;p=334478"},"modified":"2026-03-06T01:46:32","modified_gmt":"2026-03-06T01:46:32","slug":"polo-de-trabajo-manga-larga-valento-thunder","status":"publish","type":"product","link":"https:\/\/grupotextil.es\/en\/product\/polo-de-trabajo-manga-larga-valento-thunder\/","title":{"rendered":"Polo de trabajo manga larga VALENTO THUNDER"},"content":{"rendered":"<div class=\"product-description\">\n<div class=\"article_characteristics\">\n<ul style=\"margin-block-start: 0;\" >\n<li><b>Polo<\/b> de <b>manga larga<\/b> y dise\u00f1o <b>bicolor<\/b>.<\/li>\n<li>Confeccionado en tejido pique mezcla algod\u00f3n con poli\u00e9ster resistente y duradero.<\/li>\n<li>Colores neutros como base combinados con colores llamativos en bandas laterales y con vivo en el pecho.<\/li>\n<li>Cuello de tricotosa con cierre de tapeta central y dos botones a tono con el cuerpo, cinta interior de color a contraste que refuerza y mantiene su forma, pu\u00f1os de canal\u00e9 el\u00e1stico que se adapta c\u00f3modamente.<\/li>\n<li>Doble pespunte en bajo que aumenta su resistencia y aberturas laterales para un mayor confort.<\/li>\n<li>Incluye bolsillo para coser y resaltar los diferentes m\u00e9todos id\u00f3neos de marcaje: serigraf\u00eda, transfer, bordados, cosidos.<\/li>\n<li>Ideal como <b>ropa laboral<\/b>, <b>uniformes de trabajo<\/b> y para combinar con el resto de la <b>colecci\u00f3n THUNDER<\/b>: camiseta, pantal\u00f3n, sudadera, forro polar, parka, chaqueta softshell, <b>polo<\/b> M\/C y chalecos.<\/li>\n<\/ul><\/div>\n<\/div>\n<div class=\"product-pdf\">\n<p><a href=\"https:\/\/valento.es\/?service=ServeDocuments&amp;function=serve_datasheet&amp;article_ref=POVATHL\" target=\"_blank\" rel=\"noopener\">Descargar ficha t\u00e9cnica (PDF)<\/a><\/p>\n<\/div>","protected":false},"excerpt":{"rendered":"<p>Polo de trabajo manga larga VALENTO THUNDER de Valento. Disponible en la categor\u00eda Polos. Env\u00edo r\u00e1pido 24\/48h.<\/p>","protected":false},"featured_media":334479,"comment_status":"open","ping_status":"closed","template":"","meta":{"_acf_changed":false},"product_brand":[11282],"product_cat":[13974,13975,13988,13979,13973],"product_tag":[],"class_list":{"0":"post-334478","1":"product","2":"type-product","3":"status-publish","4":"has-post-thumbnail","6":"product_brand-valento","7":"product_cat-ropa-hombre","8":"product_cat-ropa-mujer","9":"product_cat-m-polos","10":"product_cat-h-polos","11":"product_cat-ropa","12":"tm-no-options","14":"first","15":"instock","16":"taxable","17":"shipping-taxable","18":"product-type-variable"},"acf":[],"_links":{"self":[{"href":"https:\/\/grupotextil.es\/en\/wp-json\/wp\/v2\/product\/334478","targetHints":{"allow":["GET"]}}],"collection":[{"href":"https:\/\/grupotextil.es\/en\/wp-json\/wp\/v2\/product"}],"about":[{"href":"https:\/\/grupotextil.es\/en\/wp-json\/wp\/v2\/types\/product"}],"replies":[{"embeddable":true,"href":"https:\/\/grupotextil.es\/en\/wp-json\/wp\/v2\/comments?post=334478"}],"wp:featuredmedia":[{"embeddable":true,"href":"https:\/\/grupotextil.es\/en\/wp-json\/wp\/v2\/media\/334479"}],"wp:attachment":[{"href":"https:\/\/grupotextil.es\/en\/wp-json\/wp\/v2\/media?parent=334478"}],"wp:term":[{"taxonomy":"product_brand","embeddable":true,"href":"https:\/\/grupotextil.es\/en\/wp-json\/wp\/v2\/product_brand?post=334478"},{"taxonomy":"product_cat","embeddable":true,"href":"https:\/\/grupotextil.es\/en\/wp-json\/wp\/v2\/product_cat?post=334478"},{"taxonomy":"product_tag","embeddable":true,"href":"https:\/\/grupotextil.es\/en\/wp-json\/wp\/v2\/product_tag?post=334478"}],"curies":[{"name":"wp","href":"https:\/\/api.w.org\/{rel}","templated":true}]}}

<div class="product-description">
<div class="article_characteristics">
<ul style="margin-block-start: 0;" >
<li><b>Polo</b> de <b>manga larga</b> y diseño <b>bicolor</b>.</li>
<li>Confeccionado en tejido pique mezcla algodón con poliéster resistente y duradero.</li>
<li>Colores neutros como base combinados con colores llamativos en bandas laterales y con vivo en el pecho.</li>
<li>Cuello de tricotosa con cierre de tapeta central y dos botones a tono con el cuerpo, cinta interior de color a contraste que refuerza y mantiene su forma, puños de canalé elástico que se adapta cómodamente.</li>
<li>Doble pespunte en bajo que aumenta su resistencia y aberturas laterales para un mayor confort.</li>
<li>Incluye bolsillo para coser y resaltar los diferentes métodos idóneos de marcaje: serigrafía, transfer, bordados, cosidos.</li>
<li>Ideal como <b>ropa laboral</b>, <b>uniformes de trabajo</b> y para combinar con el resto de la <b>colección THUNDER</b>: camiseta, pantalón, sudadera, forro polar, parka, chaqueta softshell, <b>polo</b> M/C y chalecos.</li>
</ul></div>
</div>
<div class="product-pdf">
<p><a href="https://valento.es/?service=ServeDocuments&amp;function=serve_datasheet&amp;article_ref=POVATHL" target="_blank" rel="noopener">Descargar ficha técnica (PDF)</a></p>
</div>

<p>Polo de trabajo manga larga VALENTO THUNDER de Valento. Disponible en la categoría Polos. Envío rápido 24/48h.</p>
