{"id":335286,"date":"2026-03-06T01:46:44","date_gmt":"2026-03-06T01:46:44","guid":{"rendered":"https:\/\/grupotextil.es\/?post_type=product&#038;p=335286"},"modified":"2026-03-06T01:46:44","modified_gmt":"2026-03-06T01:46:44","slug":"polo-de-manga-corta-ranglan-valento-venur","status":"publish","type":"product","link":"https:\/\/grupotextil.es\/en\/product\/polo-de-manga-corta-ranglan-valento-venur\/","title":{"rendered":"Polo de manga corta rangl\u00e1n VALENTO VENUR"},"content":{"rendered":"<div class=\"product-description\">\n<div class=\"article_characteristics\">\n<ul style=\"margin-block-start: 0;\" >\n<li><b>Polo<\/b> de <b>manga corta<\/b> con dise\u00f1o <b>tricolor<\/b>.<\/li>\n<li>Confeccionado en tejido pique <b>100% algod\u00f3n<\/b> suave y confortable.<\/li>\n<li>Cuello y bocamangas de tricotosa con cierre de tapeta central y dos botones.<\/li>\n<li><b>Manga rangl\u00e1n<\/b> combinada a contraste con vivo.<\/li>\n<li>Doble pespunte en bajo que aumenta su resistencia y aberturas laterales para un mayor confort.<\/li>\n<li>Incluye bolsillo para coser, m\u00e9todos id\u00f3neos de marcaje: serigraf\u00eda, transfer, bordados, cosidos.<\/li>\n<li>Ideal como <b>ropa laboral<\/b>, <b>ropa casual<\/b>, <b>ropa deportiva<\/b> y <b>textil promocional<\/b>.<\/li>\n<\/ul><\/div>\n<\/div>\n<div class=\"product-pdf\">\n<p><a href=\"https:\/\/valento.es\/?service=ServeDocuments&amp;function=serve_datasheet&amp;article_ref=POVARGC\" target=\"_blank\" rel=\"noopener\">Descargar ficha t\u00e9cnica (PDF)<\/a><\/p>\n<\/div>","protected":false},"excerpt":{"rendered":"<p>Polo de manga corta rangl\u00e1n VALENTO VENUR de Valento. Disponible en la categor\u00eda Polos. Env\u00edo r\u00e1pido 24\/48h.<\/p>","protected":false},"featured_media":335287,"comment_status":"open","ping_status":"closed","template":"","meta":{"_acf_changed":false},"product_brand":[11282],"product_cat":[13974,13975,13979,13988,13973],"product_tag":[],"class_list":{"0":"post-335286","1":"product","2":"type-product","3":"status-publish","4":"has-post-thumbnail","6":"product_brand-valento","7":"product_cat-ropa-hombre","8":"product_cat-ropa-mujer","9":"product_cat-h-polos","10":"product_cat-m-polos","11":"product_cat-ropa","12":"tm-no-options","14":"first","15":"instock","16":"taxable","17":"shipping-taxable","18":"product-type-variable"},"acf":[],"_links":{"self":[{"href":"https:\/\/grupotextil.es\/en\/wp-json\/wp\/v2\/product\/335286","targetHints":{"allow":["GET"]}}],"collection":[{"href":"https:\/\/grupotextil.es\/en\/wp-json\/wp\/v2\/product"}],"about":[{"href":"https:\/\/grupotextil.es\/en\/wp-json\/wp\/v2\/types\/product"}],"replies":[{"embeddable":true,"href":"https:\/\/grupotextil.es\/en\/wp-json\/wp\/v2\/comments?post=335286"}],"wp:featuredmedia":[{"embeddable":true,"href":"https:\/\/grupotextil.es\/en\/wp-json\/wp\/v2\/media\/335287"}],"wp:attachment":[{"href":"https:\/\/grupotextil.es\/en\/wp-json\/wp\/v2\/media?parent=335286"}],"wp:term":[{"taxonomy":"product_brand","embeddable":true,"href":"https:\/\/grupotextil.es\/en\/wp-json\/wp\/v2\/product_brand?post=335286"},{"taxonomy":"product_cat","embeddable":true,"href":"https:\/\/grupotextil.es\/en\/wp-json\/wp\/v2\/product_cat?post=335286"},{"taxonomy":"product_tag","embeddable":true,"href":"https:\/\/grupotextil.es\/en\/wp-json\/wp\/v2\/product_tag?post=335286"}],"curies":[{"name":"wp","href":"https:\/\/api.w.org\/{rel}","templated":true}]}}

Polo de manga corta ranglán VALENTO VENUR

<div class="product-description">
<div class="article_characteristics">
<ul style="margin-block-start: 0;" >
<li><b>Polo</b> de <b>manga corta</b> con diseño <b>tricolor</b>.</li>
<li>Confeccionado en tejido pique <b>100% algodón</b> suave y confortable.</li>
<li>Cuello y bocamangas de tricotosa con cierre de tapeta central y dos botones.</li>
<li><b>Manga ranglán</b> combinada a contraste con vivo.</li>
<li>Doble pespunte en bajo que aumenta su resistencia y aberturas laterales para un mayor confort.</li>
<li>Incluye bolsillo para coser, métodos idóneos de marcaje: serigrafía, transfer, bordados, cosidos.</li>
<li>Ideal como <b>ropa laboral</b>, <b>ropa casual</b>, <b>ropa deportiva</b> y <b>textil promocional</b>.</li>
</ul></div>
</div>
<div class="product-pdf">
<p><a href="https://valento.es/?service=ServeDocuments&amp;function=serve_datasheet&amp;article_ref=POVARGC" target="_blank" rel="noopener">Descargar ficha técnica (PDF)</a></p>
</div>

<p>Polo de manga corta ranglán VALENTO VENUR de Valento. Disponible en la categoría Polos. Envío rápido 24/48h.</p>
