{"id":335844,"date":"2026-03-06T01:46:55","date_gmt":"2026-03-06T01:46:55","guid":{"rendered":"https:\/\/grupotextil.es\/?post_type=product&#038;p=335844"},"modified":"2026-03-06T01:46:55","modified_gmt":"2026-03-06T01:46:55","slug":"polo-tecnico-tricolor-manga-corta-valento-varsity","status":"publish","type":"product","link":"https:\/\/grupotextil.es\/en\/product\/polo-tecnico-tricolor-manga-corta-valento-varsity\/","title":{"rendered":"Polo t\u00e9cnico tricolor manga corta VALENTO VARSITY"},"content":{"rendered":"<div class=\"product-description\">\n<div class=\"article_characteristics\">\n<ul style=\"margin-block-start: 0;\" >\n<li><b>Polo t\u00e9cnico<\/b> de <b>manga corta<\/b> con dise\u00f1o <b>tricolor<\/b> por ambas caras.<\/li>\n<li>Confeccionado en <b>tejido t\u00e9cnico transpirable<\/b> pique <b>100% poli\u00e9ster<\/b> que facilita el <b>secado r\u00e1pido<\/b> y la eliminaci\u00f3n del sudor.<\/li>\n<li>Formado por piezas de diferentes colores entrecortadas y cosidas a doble pespunte para un mejor acabado.<\/li>\n<li>Cuello y bocamangas de tricotosa que se adaptan c\u00f3modamente.<\/li>\n<li>Costuras interiores sobrehiladas que aumentan su resistencia y aberturas laterales para un mayor confort.<\/li>\n<li>M\u00e9todos id\u00f3neos de marcaje: serigraf\u00eda, transfer, bordados, cosidos.<\/li>\n<li>Ideal como <b>ropa deportiva<\/b>, <b>ropa laboral<\/b> y <b>textil promocional<\/b>.<\/li>\n<\/ul><\/div>\n<\/div>\n<div class=\"product-pdf\">\n<p><a href=\"https:\/\/valento.es\/?service=ServeDocuments&amp;function=serve_datasheet&amp;article_ref=POVAVAR\" target=\"_blank\" rel=\"noopener\">Descargar ficha t\u00e9cnica (PDF)<\/a><\/p>\n<\/div>","protected":false},"excerpt":{"rendered":"<p>Polo t\u00e9cnico tricolor manga corta VALENTO VARSITY de Valento. Disponible en la categor\u00eda Polos. Env\u00edo r\u00e1pido 24\/48h.<\/p>","protected":false},"featured_media":335845,"comment_status":"open","ping_status":"closed","template":"","meta":{"_acf_changed":false},"product_brand":[11282],"product_cat":[13974,13975,13979,13988,13973],"product_tag":[],"class_list":{"0":"post-335844","1":"product","2":"type-product","3":"status-publish","4":"has-post-thumbnail","6":"product_brand-valento","7":"product_cat-ropa-hombre","8":"product_cat-ropa-mujer","9":"product_cat-h-polos","10":"product_cat-m-polos","11":"product_cat-ropa","12":"tm-no-options","14":"first","15":"instock","16":"taxable","17":"shipping-taxable","18":"product-type-variable"},"acf":[],"_links":{"self":[{"href":"https:\/\/grupotextil.es\/en\/wp-json\/wp\/v2\/product\/335844","targetHints":{"allow":["GET"]}}],"collection":[{"href":"https:\/\/grupotextil.es\/en\/wp-json\/wp\/v2\/product"}],"about":[{"href":"https:\/\/grupotextil.es\/en\/wp-json\/wp\/v2\/types\/product"}],"replies":[{"embeddable":true,"href":"https:\/\/grupotextil.es\/en\/wp-json\/wp\/v2\/comments?post=335844"}],"wp:featuredmedia":[{"embeddable":true,"href":"https:\/\/grupotextil.es\/en\/wp-json\/wp\/v2\/media\/335845"}],"wp:attachment":[{"href":"https:\/\/grupotextil.es\/en\/wp-json\/wp\/v2\/media?parent=335844"}],"wp:term":[{"taxonomy":"product_brand","embeddable":true,"href":"https:\/\/grupotextil.es\/en\/wp-json\/wp\/v2\/product_brand?post=335844"},{"taxonomy":"product_cat","embeddable":true,"href":"https:\/\/grupotextil.es\/en\/wp-json\/wp\/v2\/product_cat?post=335844"},{"taxonomy":"product_tag","embeddable":true,"href":"https:\/\/grupotextil.es\/en\/wp-json\/wp\/v2\/product_tag?post=335844"}],"curies":[{"name":"wp","href":"https:\/\/api.w.org\/{rel}","templated":true}]}}

Polo técnico tricolor manga corta VALENTO VARSITY

<div class="product-description">
<div class="article_characteristics">
<ul style="margin-block-start: 0;" >
<li><b>Polo técnico</b> de <b>manga corta</b> con diseño <b>tricolor</b> por ambas caras.</li>
<li>Confeccionado en <b>tejido técnico transpirable</b> pique <b>100% poliéster</b> que facilita el <b>secado rápido</b> y la eliminación del sudor.</li>
<li>Formado por piezas de diferentes colores entrecortadas y cosidas a doble pespunte para un mejor acabado.</li>
<li>Cuello y bocamangas de tricotosa que se adaptan cómodamente.</li>
<li>Costuras interiores sobrehiladas que aumentan su resistencia y aberturas laterales para un mayor confort.</li>
<li>Métodos idóneos de marcaje: serigrafía, transfer, bordados, cosidos.</li>
<li>Ideal como <b>ropa deportiva</b>, <b>ropa laboral</b> y <b>textil promocional</b>.</li>
</ul></div>
</div>
<div class="product-pdf">
<p><a href="https://valento.es/?service=ServeDocuments&amp;function=serve_datasheet&amp;article_ref=POVAVAR" target="_blank" rel="noopener">Descargar ficha técnica (PDF)</a></p>
</div>

<p>Polo técnico tricolor manga corta VALENTO VARSITY de Valento. Disponible en la categoría Polos. Envío rápido 24/48h.</p>
