{"id":336142,"date":"2026-03-06T01:47:04","date_gmt":"2026-03-06T01:47:04","guid":{"rendered":"https:\/\/grupotextil.es\/?post_type=product&#038;p=336142"},"modified":"2026-03-06T01:47:04","modified_gmt":"2026-03-06T01:47:04","slug":"polo-sin-mangas-de-mujer-valento-vega","status":"publish","type":"product","link":"https:\/\/grupotextil.es\/en\/product\/polo-sin-mangas-de-mujer-valento-vega\/","title":{"rendered":"Polo sin mangas de mujer VALENTO VEGA"},"content":{"rendered":"<div class=\"product-description\">\n<div class=\"article_characteristics\">\n<ul style=\"margin-block-start: 0;\" >\n<li><b>Polo<\/b> <b>sin mangas<\/b> para <b>mujer<\/b>, corte entallado y dise\u00f1o en colores lisos.<\/li>\n<li>Confeccionado en tejido pique <b>100% algod\u00f3n<\/b> suave y confortable.<\/li>\n<li>Cuello con cierre de derecha a izquierda con tapeta central y dos botones a tono.<\/li>\n<li>Cuello y sisas de tricotosa que se adaptan c\u00f3modamente.<\/li>\n<li>Doble pespunte en bajo que aumenta su resistencia y aberturas laterales para un mayor confort.<\/li>\n<li>Incluye bolsillo para coser, m\u00e9todos id\u00f3neos de marcaje: serigraf\u00eda, transfer, bordados, cosidos.<\/li>\n<li>Ideal como <b>ropa laboral<\/b>, <b>ropa casual<\/b> y <b>textil promocional<\/b>.<\/li>\n<\/ul><\/div>\n<\/div>\n<div class=\"product-pdf\">\n<p><a href=\"https:\/\/valento.es\/?service=ServeDocuments&amp;function=serve_datasheet&amp;article_ref=POVATMT\" target=\"_blank\" rel=\"noopener\">Descargar ficha t\u00e9cnica (PDF)<\/a><\/p>\n<\/div>","protected":false},"excerpt":{"rendered":"<p>Polo sin mangas de mujer VALENTO VEGA de Valento. Disponible en la categor\u00eda Polos. Env\u00edo r\u00e1pido 24\/48h.<\/p>","protected":false},"featured_media":336143,"comment_status":"open","ping_status":"closed","template":"","meta":{"_acf_changed":false},"product_brand":[11282],"product_cat":[13974,13975,13979,13988,13973],"product_tag":[],"class_list":{"0":"post-336142","1":"product","2":"type-product","3":"status-publish","4":"has-post-thumbnail","6":"product_brand-valento","7":"product_cat-ropa-hombre","8":"product_cat-ropa-mujer","9":"product_cat-h-polos","10":"product_cat-m-polos","11":"product_cat-ropa","12":"tm-no-options","14":"first","15":"instock","16":"taxable","17":"shipping-taxable","18":"product-type-variable"},"acf":[],"_links":{"self":[{"href":"https:\/\/grupotextil.es\/en\/wp-json\/wp\/v2\/product\/336142","targetHints":{"allow":["GET"]}}],"collection":[{"href":"https:\/\/grupotextil.es\/en\/wp-json\/wp\/v2\/product"}],"about":[{"href":"https:\/\/grupotextil.es\/en\/wp-json\/wp\/v2\/types\/product"}],"replies":[{"embeddable":true,"href":"https:\/\/grupotextil.es\/en\/wp-json\/wp\/v2\/comments?post=336142"}],"wp:featuredmedia":[{"embeddable":true,"href":"https:\/\/grupotextil.es\/en\/wp-json\/wp\/v2\/media\/336143"}],"wp:attachment":[{"href":"https:\/\/grupotextil.es\/en\/wp-json\/wp\/v2\/media?parent=336142"}],"wp:term":[{"taxonomy":"product_brand","embeddable":true,"href":"https:\/\/grupotextil.es\/en\/wp-json\/wp\/v2\/product_brand?post=336142"},{"taxonomy":"product_cat","embeddable":true,"href":"https:\/\/grupotextil.es\/en\/wp-json\/wp\/v2\/product_cat?post=336142"},{"taxonomy":"product_tag","embeddable":true,"href":"https:\/\/grupotextil.es\/en\/wp-json\/wp\/v2\/product_tag?post=336142"}],"curies":[{"name":"wp","href":"https:\/\/api.w.org\/{rel}","templated":true}]}}

<div class="product-description">
<div class="article_characteristics">
<ul style="margin-block-start: 0;" >
<li><b>Polo</b> <b>sin mangas</b> para <b>mujer</b>, corte entallado y diseño en colores lisos.</li>
<li>Confeccionado en tejido pique <b>100% algodón</b> suave y confortable.</li>
<li>Cuello con cierre de derecha a izquierda con tapeta central y dos botones a tono.</li>
<li>Cuello y sisas de tricotosa que se adaptan cómodamente.</li>
<li>Doble pespunte en bajo que aumenta su resistencia y aberturas laterales para un mayor confort.</li>
<li>Incluye bolsillo para coser, métodos idóneos de marcaje: serigrafía, transfer, bordados, cosidos.</li>
<li>Ideal como <b>ropa laboral</b>, <b>ropa casual</b> y <b>textil promocional</b>.</li>
</ul></div>
</div>
<div class="product-pdf">
<p><a href="https://valento.es/?service=ServeDocuments&amp;function=serve_datasheet&amp;article_ref=POVATMT" target="_blank" rel="noopener">Descargar ficha técnica (PDF)</a></p>
</div>

<p>Polo sin mangas de mujer VALENTO VEGA de Valento. Disponible en la categoría Polos. Envío rápido 24/48h.</p>
