{"id":336322,"date":"2026-03-06T01:47:09","date_gmt":"2026-03-06T01:47:09","guid":{"rendered":"https:\/\/grupotextil.es\/?post_type=product&#038;p=336322"},"modified":"2026-03-06T01:47:09","modified_gmt":"2026-03-06T01:47:09","slug":"polo-termico-de-manga-larga-valento-hurricane","status":"publish","type":"product","link":"https:\/\/grupotextil.es\/en\/product\/polo-termico-de-manga-larga-valento-hurricane\/","title":{"rendered":"Polo t\u00e9rmico de manga larga VALENTO HURRICANE"},"content":{"rendered":"<div class=\"product-description\">\n<div class=\"article_characteristics\">\n<ul style=\"margin-block-start: 0;\" >\n<li><b>Polo t\u00e9cnico<\/b> de <b>manga larga<\/b> y efecto <b>t\u00e9rmico<\/b>, dise\u00f1o <b>bicolor<\/b>.<\/li>\n<li>Confeccionado en <b>tejido t\u00e9cnico transpirable<\/b> pique <b>100% poli\u00e9ster<\/b> con <b>fibra lobular<\/b> que favorece la eliminaci\u00f3n del sudor mediante sus canales, con perchado interior que aporta retenci\u00f3n t\u00e9rmica y tratamiento <b>antibacteriano<\/b> que previene la acumulaci\u00f3n de olores.<\/li>\n<li>Cuello tipo camisero con botones en las solapas y cierre de tapeta central con tres botones.<\/li>\n<li>Bolsillo oculto en manga izquierda para guardar bol\u00edgrafos.<\/li>\n<li>Doble pespunte en bajo que aumenta su resistencia y aberturas laterales para un mayor confort.<\/li>\n<li>Incluye bolsillo para coser, m\u00e9todos id\u00f3neos de marcaje: serigraf\u00eda, transfer, bordados, cosidos.<\/li>\n<li>Ideal como <b>ropa laboral<\/b> y <b>uniformes de trabajo<\/b>.<\/li>\n<\/ul><\/div>\n<\/div>\n<div class=\"product-pdf\">\n<p><a href=\"https:\/\/valento.es\/?service=ServeDocuments&amp;function=serve_datasheet&amp;article_ref=POVAHUL\" target=\"_blank\" rel=\"noopener\">Descargar ficha t\u00e9cnica (PDF)<\/a><\/p>\n<\/div>","protected":false},"excerpt":{"rendered":"<p>Polo t\u00e9rmico de manga larga VALENTO HURRICANE de Valento. Disponible en la categor\u00eda Polos. Env\u00edo r\u00e1pido 24\/48h.<\/p>","protected":false},"featured_media":336323,"comment_status":"open","ping_status":"closed","template":"","meta":{"_acf_changed":false},"product_brand":[11282],"product_cat":[13974,13975,13979,13988,13973],"product_tag":[],"class_list":{"0":"post-336322","1":"product","2":"type-product","3":"status-publish","4":"has-post-thumbnail","6":"product_brand-valento","7":"product_cat-ropa-hombre","8":"product_cat-ropa-mujer","9":"product_cat-h-polos","10":"product_cat-m-polos","11":"product_cat-ropa","12":"tm-no-options","14":"first","15":"instock","16":"taxable","17":"shipping-taxable","18":"product-type-variable"},"acf":[],"_links":{"self":[{"href":"https:\/\/grupotextil.es\/en\/wp-json\/wp\/v2\/product\/336322","targetHints":{"allow":["GET"]}}],"collection":[{"href":"https:\/\/grupotextil.es\/en\/wp-json\/wp\/v2\/product"}],"about":[{"href":"https:\/\/grupotextil.es\/en\/wp-json\/wp\/v2\/types\/product"}],"replies":[{"embeddable":true,"href":"https:\/\/grupotextil.es\/en\/wp-json\/wp\/v2\/comments?post=336322"}],"wp:featuredmedia":[{"embeddable":true,"href":"https:\/\/grupotextil.es\/en\/wp-json\/wp\/v2\/media\/336323"}],"wp:attachment":[{"href":"https:\/\/grupotextil.es\/en\/wp-json\/wp\/v2\/media?parent=336322"}],"wp:term":[{"taxonomy":"product_brand","embeddable":true,"href":"https:\/\/grupotextil.es\/en\/wp-json\/wp\/v2\/product_brand?post=336322"},{"taxonomy":"product_cat","embeddable":true,"href":"https:\/\/grupotextil.es\/en\/wp-json\/wp\/v2\/product_cat?post=336322"},{"taxonomy":"product_tag","embeddable":true,"href":"https:\/\/grupotextil.es\/en\/wp-json\/wp\/v2\/product_tag?post=336322"}],"curies":[{"name":"wp","href":"https:\/\/api.w.org\/{rel}","templated":true}]}}

Polo térmico de manga larga VALENTO HURRICANE

<div class="product-description">
<div class="article_characteristics">
<ul style="margin-block-start: 0;" >
<li><b>Polo técnico</b> de <b>manga larga</b> y efecto <b>térmico</b>, diseño <b>bicolor</b>.</li>
<li>Confeccionado en <b>tejido técnico transpirable</b> pique <b>100% poliéster</b> con <b>fibra lobular</b> que favorece la eliminación del sudor mediante sus canales, con perchado interior que aporta retención térmica y tratamiento <b>antibacteriano</b> que previene la acumulación de olores.</li>
<li>Cuello tipo camisero con botones en las solapas y cierre de tapeta central con tres botones.</li>
<li>Bolsillo oculto en manga izquierda para guardar bolígrafos.</li>
<li>Doble pespunte en bajo que aumenta su resistencia y aberturas laterales para un mayor confort.</li>
<li>Incluye bolsillo para coser, métodos idóneos de marcaje: serigrafía, transfer, bordados, cosidos.</li>
<li>Ideal como <b>ropa laboral</b> y <b>uniformes de trabajo</b>.</li>
</ul></div>
</div>
<div class="product-pdf">
<p><a href="https://valento.es/?service=ServeDocuments&amp;function=serve_datasheet&amp;article_ref=POVAHUL" target="_blank" rel="noopener">Descargar ficha técnica (PDF)</a></p>
</div>

<p>Polo térmico de manga larga VALENTO HURRICANE de Valento. Disponible en la categoría Polos. Envío rápido 24/48h.</p>
