{"id":336396,"date":"2026-03-06T01:47:12","date_gmt":"2026-03-06T01:47:12","guid":{"rendered":"https:\/\/grupotextil.es\/?post_type=product&#038;p=336396"},"modified":"2026-03-06T01:47:12","modified_gmt":"2026-03-06T01:47:12","slug":"bateria-para-ropa-calefactable-valento","status":"publish","type":"product","link":"https:\/\/grupotextil.es\/en\/product\/bateria-para-ropa-calefactable-valento\/","title":{"rendered":"Bater\u00eda para ropa CALEFACTABLE VALENTO"},"content":{"rendered":"<div class=\"product-description\">\n<div class=\"article_characteristics\">\n<ul style=\"margin-block-start: 0;\" >\n<li><b>Bater\u00eda<\/b> de iones de litio inteligente para <b>ropa calefactable<\/b>.<\/li>\n<li>Capacidad 2200 mHa.<\/li>\n<li>Incluye 3 niveles de regulaci\u00f3n de temperatura.<\/li>\n<li>Duraci\u00f3n entre 1 y 3 horas dependiendo de la intensidad y de la temperatura exterior.<\/li>\n<li>Ideal para el funcionamiento de las siguientes <b>prendas calefactables<\/b>: anorak PANDA, chaleco DEER y chaqueta softshell MOOSE.<\/li>\n<\/ul><\/div>\n<\/div>\n<div class=\"product-pdf\">\n<p><a href=\"https:\/\/valento.es\/?service=ServeDocuments&amp;function=serve_datasheet&amp;article_ref=BRVACAL\" target=\"_blank\" rel=\"noopener\">Descargar ficha t\u00e9cnica (PDF)<\/a><\/p>\n<\/div>","protected":false},"excerpt":{"rendered":"<p>Bater\u00eda para ropa CALEFACTABLE VALENTO de Valento. Disponible en la categor\u00eda Ropa Calefactable. Env\u00edo r\u00e1pido 24\/48h.<\/p>","protected":false},"featured_media":336397,"comment_status":"open","ping_status":"closed","template":"","meta":{"_acf_changed":false},"product_brand":[11282],"product_cat":[13974,13975],"product_tag":[],"class_list":{"0":"post-336396","1":"product","2":"type-product","3":"status-publish","4":"has-post-thumbnail","6":"product_brand-valento","7":"product_cat-ropa-hombre","8":"product_cat-ropa-mujer","9":"tm-no-options","11":"first","12":"instock","13":"taxable","14":"shipping-taxable","15":"product-type-variable"},"acf":[],"_links":{"self":[{"href":"https:\/\/grupotextil.es\/en\/wp-json\/wp\/v2\/product\/336396","targetHints":{"allow":["GET"]}}],"collection":[{"href":"https:\/\/grupotextil.es\/en\/wp-json\/wp\/v2\/product"}],"about":[{"href":"https:\/\/grupotextil.es\/en\/wp-json\/wp\/v2\/types\/product"}],"replies":[{"embeddable":true,"href":"https:\/\/grupotextil.es\/en\/wp-json\/wp\/v2\/comments?post=336396"}],"wp:featuredmedia":[{"embeddable":true,"href":"https:\/\/grupotextil.es\/en\/wp-json\/wp\/v2\/media\/336397"}],"wp:attachment":[{"href":"https:\/\/grupotextil.es\/en\/wp-json\/wp\/v2\/media?parent=336396"}],"wp:term":[{"taxonomy":"product_brand","embeddable":true,"href":"https:\/\/grupotextil.es\/en\/wp-json\/wp\/v2\/product_brand?post=336396"},{"taxonomy":"product_cat","embeddable":true,"href":"https:\/\/grupotextil.es\/en\/wp-json\/wp\/v2\/product_cat?post=336396"},{"taxonomy":"product_tag","embeddable":true,"href":"https:\/\/grupotextil.es\/en\/wp-json\/wp\/v2\/product_tag?post=336396"}],"curies":[{"name":"wp","href":"https:\/\/api.w.org\/{rel}","templated":true}]}}

Batería para ropa CALEFACTABLE VALENTO

<div class="product-description">
<div class="article_characteristics">
<ul style="margin-block-start: 0;" >
<li><b>Batería</b> de iones de litio inteligente para <b>ropa calefactable</b>.</li>
<li>Capacidad 2200 mHa.</li>
<li>Incluye 3 niveles de regulación de temperatura.</li>
<li>Duración entre 1 y 3 horas dependiendo de la intensidad y de la temperatura exterior.</li>
<li>Ideal para el funcionamiento de las siguientes <b>prendas calefactables</b>: anorak PANDA, chaleco DEER y chaqueta softshell MOOSE.</li>
</ul></div>
</div>
<div class="product-pdf">
<p><a href="https://valento.es/?service=ServeDocuments&amp;function=serve_datasheet&amp;article_ref=BRVACAL" target="_blank" rel="noopener">Descargar ficha técnica (PDF)</a></p>
</div>

<p>Batería para ropa CALEFACTABLE VALENTO de Valento. Disponible en la categoría Ropa Calefactable. Envío rápido 24/48h.</p>
