{"id":337824,"date":"2026-03-06T01:47:32","date_gmt":"2026-03-06T01:47:32","guid":{"rendered":"https:\/\/grupotextil.es\/?post_type=product&#038;p=337824"},"modified":"2026-03-06T01:47:32","modified_gmt":"2026-03-06T01:47:32","slug":"chaqueta-impermeable-valento-walter","status":"publish","type":"product","link":"https:\/\/grupotextil.es\/en\/product\/chaqueta-impermeable-valento-walter\/","title":{"rendered":"Chaqueta impermeable VALENTO WALTER"},"content":{"rendered":"<div class=\"product-description\">\n<div class=\"article_characteristics\">\n<ul style=\"margin-block-start: 0;\" >\n<li><b>Chaqueta impermeable<\/b> <b>con capucha<\/b> y cuello alto.<\/li>\n<li>Confeccionada con <b>tejido impermeable<\/b> exterior plano con recubrimiento interior que bloquea el paso del agua.<\/li>\n<li>Capucha con cord\u00f3n escamoteable recogida en el bolsillo del cuello con cremallera, costuras termo-selladas para evitar filtraciones de agua y mantener el cuerpo seco ante la lluvia.<\/li>\n<li>Doble pu\u00f1o con el\u00e1stico interior para un mejor ajuste y abertura cubierta en la espalda que aporta ventilaci\u00f3n.<\/li>\n<li>Amplios bolsillos delanteros con cortina superior que evita la entrada del agua.<\/li>\n<li>M\u00e9todos id\u00f3neos de marcaje: serigraf\u00eda, vinilo.<\/li>\n<li>Prenda a juego con el <b>pantal\u00f3n impermeable<\/b> LARRY, ideal para actividades en exteriores.<\/li>\n<\/ul><\/div>\n<\/div>\n<div class=\"product-pdf\">\n<p><a href=\"https:\/\/valento.es\/?service=ServeDocuments&amp;function=serve_datasheet&amp;article_ref=CQVAWAL\" target=\"_blank\" rel=\"noopener\">Descargar ficha t\u00e9cnica (PDF)<\/a><\/p>\n<\/div>","protected":false},"excerpt":{"rendered":"<p>Chaqueta impermeable VALENTO WALTER de Valento. Disponible en la categor\u00eda Ropa De Lluvia. Env\u00edo r\u00e1pido 24\/48h.<\/p>","protected":false},"featured_media":337825,"comment_status":"open","ping_status":"closed","template":"","meta":{"_acf_changed":false},"product_brand":[11282],"product_cat":[13990,13981,13974,13975,13973],"product_tag":[],"class_list":{"0":"post-337824","1":"product","2":"type-product","3":"status-publish","4":"has-post-thumbnail","6":"product_brand-valento","7":"product_cat-m-chaquetas-y-abrigos","8":"product_cat-h-chaquetas-y-abrigos","9":"product_cat-ropa-hombre","10":"product_cat-ropa-mujer","11":"product_cat-ropa","12":"tm-no-options","14":"first","15":"instock","16":"taxable","17":"shipping-taxable","18":"product-type-variable"},"acf":[],"_links":{"self":[{"href":"https:\/\/grupotextil.es\/en\/wp-json\/wp\/v2\/product\/337824","targetHints":{"allow":["GET"]}}],"collection":[{"href":"https:\/\/grupotextil.es\/en\/wp-json\/wp\/v2\/product"}],"about":[{"href":"https:\/\/grupotextil.es\/en\/wp-json\/wp\/v2\/types\/product"}],"replies":[{"embeddable":true,"href":"https:\/\/grupotextil.es\/en\/wp-json\/wp\/v2\/comments?post=337824"}],"wp:featuredmedia":[{"embeddable":true,"href":"https:\/\/grupotextil.es\/en\/wp-json\/wp\/v2\/media\/337825"}],"wp:attachment":[{"href":"https:\/\/grupotextil.es\/en\/wp-json\/wp\/v2\/media?parent=337824"}],"wp:term":[{"taxonomy":"product_brand","embeddable":true,"href":"https:\/\/grupotextil.es\/en\/wp-json\/wp\/v2\/product_brand?post=337824"},{"taxonomy":"product_cat","embeddable":true,"href":"https:\/\/grupotextil.es\/en\/wp-json\/wp\/v2\/product_cat?post=337824"},{"taxonomy":"product_tag","embeddable":true,"href":"https:\/\/grupotextil.es\/en\/wp-json\/wp\/v2\/product_tag?post=337824"}],"curies":[{"name":"wp","href":"https:\/\/api.w.org\/{rel}","templated":true}]}}

<div class="product-description">
<div class="article_characteristics">
<ul style="margin-block-start: 0;" >
<li><b>Chaqueta impermeable</b> <b>con capucha</b> y cuello alto.</li>
<li>Confeccionada con <b>tejido impermeable</b> exterior plano con recubrimiento interior que bloquea el paso del agua.</li>
<li>Capucha con cordón escamoteable recogida en el bolsillo del cuello con cremallera, costuras termo-selladas para evitar filtraciones de agua y mantener el cuerpo seco ante la lluvia.</li>
<li>Doble puño con elástico interior para un mejor ajuste y abertura cubierta en la espalda que aporta ventilación.</li>
<li>Amplios bolsillos delanteros con cortina superior que evita la entrada del agua.</li>
<li>Métodos idóneos de marcaje: serigrafía, vinilo.</li>
<li>Prenda a juego con el <b>pantalón impermeable</b> LARRY, ideal para actividades en exteriores.</li>
</ul></div>
</div>
<div class="product-pdf">
<p><a href="https://valento.es/?service=ServeDocuments&amp;function=serve_datasheet&amp;article_ref=CQVAWAL" target="_blank" rel="noopener">Descargar ficha técnica (PDF)</a></p>
</div>

<p>Chaqueta impermeable VALENTO WALTER de Valento. Disponible en la categoría Ropa De Lluvia. Envío rápido 24/48h.</p>
