{"id":338626,"date":"2026-03-06T01:47:57","date_gmt":"2026-03-06T01:47:57","guid":{"rendered":"https:\/\/grupotextil.es\/?post_type=product&#038;p=338626"},"modified":"2026-03-06T01:47:57","modified_gmt":"2026-03-06T01:47:57","slug":"conjunto-termico-valento-volcano","status":"publish","type":"product","link":"https:\/\/grupotextil.es\/en\/product\/conjunto-termico-valento-volcano\/","title":{"rendered":"Conjunto t\u00e9rmico VALENTO VOLCANO"},"content":{"rendered":"<div class=\"product-description\">\n<div class=\"article_characteristics\">\n<ul style=\"margin-block-start: 0;\" >\n<li><b>Conjunto t\u00e9rmico<\/b> <b>sin costuras<\/b>.<\/li>\n<li>Confeccionado en <b>tejido transpirable<\/b> de gran elasticidad en jaspeado vigor\u00e9.<\/li>\n<li>Ensamblado con los m\u00e9todos seamless (<b>sin costuras<\/b>) y flat seam (costuras planas) que minimizan el roce con la piel.<\/li>\n<li><b>Camiseta<\/b> de <b>manga larga<\/b>, <b>cuello redondo<\/b> con cinta interior que refuerza y mantiene su forma, <b>manga rangl\u00e1n<\/b> con costuras planas, pu\u00f1os y bajo con costura invisible.<\/li>\n<li><b>Mallas t\u00e9rmicas<\/b> con dobladillo y costura invisible en cintura y bajo para mayor comodidad al igual que la <b>camiseta<\/b>.<\/li>\n<li>Ideal como ropa de monta\u00f1a y prenda interior para actividades que requieran esfuerzo f\u00edsico.<\/li>\n<\/ul><\/div>\n<\/div>\n<div class=\"product-pdf\">\n<p><a href=\"https:\/\/valento.es\/?service=ServeDocuments&amp;function=serve_datasheet&amp;article_ref=CDVAVOL\" target=\"_blank\" rel=\"noopener\">Descargar ficha t\u00e9cnica (PDF)<\/a><\/p>\n<\/div>","protected":false},"excerpt":{"rendered":"<p>Conjunto t\u00e9rmico VALENTO VOLCANO de Valento. Disponible en la categor\u00eda Ropa Termica. Env\u00edo r\u00e1pido 24\/48h.<\/p>","protected":false},"featured_media":338627,"comment_status":"open","ping_status":"closed","template":"","meta":{"_acf_changed":false},"product_brand":[11282],"product_cat":[13940],"product_tag":[],"class_list":{"0":"post-338626","1":"product","2":"type-product","3":"status-publish","4":"has-post-thumbnail","6":"product_brand-valento","7":"product_cat-rd-conjuntos-deportivos","8":"tm-no-options","10":"first","11":"instock","12":"taxable","13":"shipping-taxable","14":"product-type-variable"},"acf":[],"_links":{"self":[{"href":"https:\/\/grupotextil.es\/en\/wp-json\/wp\/v2\/product\/338626","targetHints":{"allow":["GET"]}}],"collection":[{"href":"https:\/\/grupotextil.es\/en\/wp-json\/wp\/v2\/product"}],"about":[{"href":"https:\/\/grupotextil.es\/en\/wp-json\/wp\/v2\/types\/product"}],"replies":[{"embeddable":true,"href":"https:\/\/grupotextil.es\/en\/wp-json\/wp\/v2\/comments?post=338626"}],"wp:featuredmedia":[{"embeddable":true,"href":"https:\/\/grupotextil.es\/en\/wp-json\/wp\/v2\/media\/338627"}],"wp:attachment":[{"href":"https:\/\/grupotextil.es\/en\/wp-json\/wp\/v2\/media?parent=338626"}],"wp:term":[{"taxonomy":"product_brand","embeddable":true,"href":"https:\/\/grupotextil.es\/en\/wp-json\/wp\/v2\/product_brand?post=338626"},{"taxonomy":"product_cat","embeddable":true,"href":"https:\/\/grupotextil.es\/en\/wp-json\/wp\/v2\/product_cat?post=338626"},{"taxonomy":"product_tag","embeddable":true,"href":"https:\/\/grupotextil.es\/en\/wp-json\/wp\/v2\/product_tag?post=338626"}],"curies":[{"name":"wp","href":"https:\/\/api.w.org\/{rel}","templated":true}]}}

Conjunto térmico VALENTO VOLCANO

<div class="product-description">
<div class="article_characteristics">
<ul style="margin-block-start: 0;" >
<li><b>Conjunto térmico</b> <b>sin costuras</b>.</li>
<li>Confeccionado en <b>tejido transpirable</b> de gran elasticidad en jaspeado vigoré.</li>
<li>Ensamblado con los métodos seamless (<b>sin costuras</b>) y flat seam (costuras planas) que minimizan el roce con la piel.</li>
<li><b>Camiseta</b> de <b>manga larga</b>, <b>cuello redondo</b> con cinta interior que refuerza y mantiene su forma, <b>manga ranglán</b> con costuras planas, puños y bajo con costura invisible.</li>
<li><b>Mallas térmicas</b> con dobladillo y costura invisible en cintura y bajo para mayor comodidad al igual que la <b>camiseta</b>.</li>
<li>Ideal como ropa de montaña y prenda interior para actividades que requieran esfuerzo físico.</li>
</ul></div>
</div>
<div class="product-pdf">
<p><a href="https://valento.es/?service=ServeDocuments&amp;function=serve_datasheet&amp;article_ref=CDVAVOL" target="_blank" rel="noopener">Descargar ficha técnica (PDF)</a></p>
</div>

<p>Conjunto térmico VALENTO VOLCANO de Valento. Disponible en la categoría Ropa Termica. Envío rápido 24/48h.</p>
