{"id":340003,"date":"2026-03-06T01:48:21","date_gmt":"2026-03-06T01:48:21","guid":{"rendered":"https:\/\/grupotextil.es\/?post_type=product&#038;p=340003"},"modified":"2026-03-06T01:48:21","modified_gmt":"2026-03-06T01:48:21","slug":"chaqueta-softshell-reforzada-valento-caledonia","status":"publish","type":"product","link":"https:\/\/grupotextil.es\/en\/product\/chaqueta-softshell-reforzada-valento-caledonia\/","title":{"rendered":"Chaqueta softshell reforzada VALENTO CALEDONIA"},"content":{"rendered":"<div class=\"product-description\">\n<div class=\"article_characteristics\">\n<ul style=\"margin-block-start: 0;\" >\n<li><b>Chaqueta<\/b> <b>softshell<\/b> con refuerzos y dise\u00f1o <b>bicolor<\/b>.<\/li>\n<li>Confeccionada en tejido <b>softshell<\/b> el\u00e1stico de tres capas (exterior plana hidr\u00f3fuga, intermedia transpirable e interior micro-polar) con efecto cortavientos, hidro-repelente y alta retenci\u00f3n t\u00e9rmica, refuerzos de tejido Rip-Stop extra-resistente e impermeable que aumenta su durabilidad en las zonas de mayor desgaste.<\/li>\n<li>Cuello alto con interior de borreguillo para mayor calidez y cierre de <b>cremallera entera<\/b> para mayor confort.<\/li>\n<li>Pu\u00f1os con fruncido el\u00e1stico que se adapta c\u00f3modamente y bajo recto con cord\u00f3n regulador para ajuste c\u00f3modo.<\/li>\n<li>Dos bolsillos oblicuos y uno en pecho izquierdo, los tres con cremallera para tener todo accesible.<\/li>\n<li>M\u00e9todos id\u00f3neos de marcaje: bordados, cosidos y termo-adhesivos anti-sublimaci\u00f3n.<\/li>\n<li>Ideal para <b>deportes de aventura<\/b> y como <b>ropa laboral<\/b>.<\/li>\n<\/ul><\/div>\n<\/div>\n<div class=\"product-pdf\">\n<p><a href=\"https:\/\/valento.es\/?service=ServeDocuments&amp;function=serve_datasheet&amp;article_ref=CQVACAL\" target=\"_blank\" rel=\"noopener\">Descargar ficha t\u00e9cnica (PDF)<\/a><\/p>\n<\/div>","protected":false},"excerpt":{"rendered":"<p>Chaqueta softshell reforzada VALENTO CALEDONIA de Valento. Disponible en la categor\u00eda Softshell. Env\u00edo r\u00e1pido 24\/48h.<\/p>","protected":false},"featured_media":340004,"comment_status":"open","ping_status":"closed","template":"","meta":{"_acf_changed":false},"product_brand":[11282],"product_cat":[13981,13990,13974,13975,13973],"product_tag":[],"class_list":{"0":"post-340003","1":"product","2":"type-product","3":"status-publish","4":"has-post-thumbnail","6":"product_brand-valento","7":"product_cat-h-chaquetas-y-abrigos","8":"product_cat-m-chaquetas-y-abrigos","9":"product_cat-ropa-hombre","10":"product_cat-ropa-mujer","11":"product_cat-ropa","12":"tm-no-options","14":"first","15":"instock","16":"taxable","17":"shipping-taxable","18":"product-type-variable"},"acf":[],"_links":{"self":[{"href":"https:\/\/grupotextil.es\/en\/wp-json\/wp\/v2\/product\/340003","targetHints":{"allow":["GET"]}}],"collection":[{"href":"https:\/\/grupotextil.es\/en\/wp-json\/wp\/v2\/product"}],"about":[{"href":"https:\/\/grupotextil.es\/en\/wp-json\/wp\/v2\/types\/product"}],"replies":[{"embeddable":true,"href":"https:\/\/grupotextil.es\/en\/wp-json\/wp\/v2\/comments?post=340003"}],"wp:featuredmedia":[{"embeddable":true,"href":"https:\/\/grupotextil.es\/en\/wp-json\/wp\/v2\/media\/340004"}],"wp:attachment":[{"href":"https:\/\/grupotextil.es\/en\/wp-json\/wp\/v2\/media?parent=340003"}],"wp:term":[{"taxonomy":"product_brand","embeddable":true,"href":"https:\/\/grupotextil.es\/en\/wp-json\/wp\/v2\/product_brand?post=340003"},{"taxonomy":"product_cat","embeddable":true,"href":"https:\/\/grupotextil.es\/en\/wp-json\/wp\/v2\/product_cat?post=340003"},{"taxonomy":"product_tag","embeddable":true,"href":"https:\/\/grupotextil.es\/en\/wp-json\/wp\/v2\/product_tag?post=340003"}],"curies":[{"name":"wp","href":"https:\/\/api.w.org\/{rel}","templated":true}]}}

<div class="product-description">
<div class="article_characteristics">
<ul style="margin-block-start: 0;" >
<li><b>Chaqueta</b> <b>softshell</b> con refuerzos y diseño <b>bicolor</b>.</li>
<li>Confeccionada en tejido <b>softshell</b> elástico de tres capas (exterior plana hidrófuga, intermedia transpirable e interior micro-polar) con efecto cortavientos, hidro-repelente y alta retención térmica, refuerzos de tejido Rip-Stop extra-resistente e impermeable que aumenta su durabilidad en las zonas de mayor desgaste.</li>
<li>Cuello alto con interior de borreguillo para mayor calidez y cierre de <b>cremallera entera</b> para mayor confort.</li>
<li>Puños con fruncido elástico que se adapta cómodamente y bajo recto con cordón regulador para ajuste cómodo.</li>
<li>Dos bolsillos oblicuos y uno en pecho izquierdo, los tres con cremallera para tener todo accesible.</li>
<li>Métodos idóneos de marcaje: bordados, cosidos y termo-adhesivos anti-sublimación.</li>
<li>Ideal para <b>deportes de aventura</b> y como <b>ropa laboral</b>.</li>
</ul></div>
</div>
<div class="product-pdf">
<p><a href="https://valento.es/?service=ServeDocuments&amp;function=serve_datasheet&amp;article_ref=CQVACAL" target="_blank" rel="noopener">Descargar ficha técnica (PDF)</a></p>
</div>

<p>Chaqueta softshell reforzada VALENTO CALEDONIA de Valento. Disponible en la categoría Softshell. Envío rápido 24/48h.</p>
