{"id":340189,"date":"2026-03-06T01:48:25","date_gmt":"2026-03-06T01:48:25","guid":{"rendered":"https:\/\/grupotextil.es\/?post_type=product&#038;p=340189"},"modified":"2026-03-06T01:48:25","modified_gmt":"2026-03-06T01:48:25","slug":"chaqueta-softshell-con-bolsillos-valento-airforce","status":"publish","type":"product","link":"https:\/\/grupotextil.es\/en\/product\/chaqueta-softshell-con-bolsillos-valento-airforce\/","title":{"rendered":"Chaqueta softshell con bolsillos VALENTO AIRFORCE"},"content":{"rendered":"<div class=\"product-description\">\n<div class=\"article_characteristics\">\n<ul style=\"margin-block-start: 0;\" >\n<li><b>Chaqueta<\/b> <b>softshell<\/b> con tres <b>bolsillos<\/b>.<\/li>\n<li>Confeccionada en tejido <b>softshell<\/b> el\u00e1stico de tres capas (exterior plana hidr\u00f3fuga, intermedia con membrana transpirable e interior micro-polar) con efecto cortavientos, hidro-repelente y de alta retenci\u00f3n t\u00e9rmica.<\/li>\n<li>Cuello alto, cierre de <b>cremallera entera<\/b> con tapeta y cierre de botones a presi\u00f3n para mayor confort.<\/li>\n<li>Pu\u00f1os regulables mediante cierre de velcro y bajo con cord\u00f3n el\u00e1stico regulador para un mejor ajuste y mayor confort.<\/li>\n<li>Dos <b>bolsillos<\/b> oblicuos para tener todo accesible y uno vertical en pecho izquierdo para resaltar el marcaje, los tres con cierre de cremallera.<\/li>\n<li>M\u00e9todos id\u00f3neos de marcaje: bordados, cosidos y termo-adhesivos anti-sublimaci\u00f3n.<\/li>\n<li>Ideal como <b>ropa laboral<\/b>, <b>textil promocional<\/b> y <b>ropa deportiva<\/b>.<\/li>\n<\/ul><\/div>\n<\/div>\n<div class=\"product-pdf\">\n<p><a href=\"https:\/\/valento.es\/?service=ServeDocuments&amp;function=serve_datasheet&amp;article_ref=CQVAAIR\" target=\"_blank\" rel=\"noopener\">Descargar ficha t\u00e9cnica (PDF)<\/a><\/p>\n<\/div>","protected":false},"excerpt":{"rendered":"<p>Chaqueta softshell con bolsillos VALENTO AIRFORCE de Valento. Disponible en la categor\u00eda Softshell. Env\u00edo r\u00e1pido 24\/48h.<\/p>","protected":false},"featured_media":340190,"comment_status":"open","ping_status":"closed","template":"","meta":{"_acf_changed":false},"product_brand":[11282],"product_cat":[13981,13990,13974,13975,13973],"product_tag":[],"class_list":{"0":"post-340189","1":"product","2":"type-product","3":"status-publish","4":"has-post-thumbnail","6":"product_brand-valento","7":"product_cat-h-chaquetas-y-abrigos","8":"product_cat-m-chaquetas-y-abrigos","9":"product_cat-ropa-hombre","10":"product_cat-ropa-mujer","11":"product_cat-ropa","12":"tm-no-options","14":"first","15":"instock","16":"taxable","17":"shipping-taxable","18":"product-type-variable"},"acf":[],"_links":{"self":[{"href":"https:\/\/grupotextil.es\/en\/wp-json\/wp\/v2\/product\/340189","targetHints":{"allow":["GET"]}}],"collection":[{"href":"https:\/\/grupotextil.es\/en\/wp-json\/wp\/v2\/product"}],"about":[{"href":"https:\/\/grupotextil.es\/en\/wp-json\/wp\/v2\/types\/product"}],"replies":[{"embeddable":true,"href":"https:\/\/grupotextil.es\/en\/wp-json\/wp\/v2\/comments?post=340189"}],"wp:featuredmedia":[{"embeddable":true,"href":"https:\/\/grupotextil.es\/en\/wp-json\/wp\/v2\/media\/340190"}],"wp:attachment":[{"href":"https:\/\/grupotextil.es\/en\/wp-json\/wp\/v2\/media?parent=340189"}],"wp:term":[{"taxonomy":"product_brand","embeddable":true,"href":"https:\/\/grupotextil.es\/en\/wp-json\/wp\/v2\/product_brand?post=340189"},{"taxonomy":"product_cat","embeddable":true,"href":"https:\/\/grupotextil.es\/en\/wp-json\/wp\/v2\/product_cat?post=340189"},{"taxonomy":"product_tag","embeddable":true,"href":"https:\/\/grupotextil.es\/en\/wp-json\/wp\/v2\/product_tag?post=340189"}],"curies":[{"name":"wp","href":"https:\/\/api.w.org\/{rel}","templated":true}]}}

<div class="product-description">
<div class="article_characteristics">
<ul style="margin-block-start: 0;" >
<li><b>Chaqueta</b> <b>softshell</b> con tres <b>bolsillos</b>.</li>
<li>Confeccionada en tejido <b>softshell</b> elástico de tres capas (exterior plana hidrófuga, intermedia con membrana transpirable e interior micro-polar) con efecto cortavientos, hidro-repelente y de alta retención térmica.</li>
<li>Cuello alto, cierre de <b>cremallera entera</b> con tapeta y cierre de botones a presión para mayor confort.</li>
<li>Puños regulables mediante cierre de velcro y bajo con cordón elástico regulador para un mejor ajuste y mayor confort.</li>
<li>Dos <b>bolsillos</b> oblicuos para tener todo accesible y uno vertical en pecho izquierdo para resaltar el marcaje, los tres con cierre de cremallera.</li>
<li>Métodos idóneos de marcaje: bordados, cosidos y termo-adhesivos anti-sublimación.</li>
<li>Ideal como <b>ropa laboral</b>, <b>textil promocional</b> y <b>ropa deportiva</b>.</li>
</ul></div>
</div>
<div class="product-pdf">
<p><a href="https://valento.es/?service=ServeDocuments&amp;function=serve_datasheet&amp;article_ref=CQVAAIR" target="_blank" rel="noopener">Descargar ficha técnica (PDF)</a></p>
</div>

<p>Chaqueta softshell con bolsillos VALENTO AIRFORCE de Valento. Disponible en la categoría Softshell. Envío rápido 24/48h.</p>
