{"id":340663,"date":"2026-03-06T01:48:37","date_gmt":"2026-03-06T01:48:37","guid":{"rendered":"https:\/\/grupotextil.es\/?post_type=product&#038;p=340663"},"modified":"2026-03-06T01:48:37","modified_gmt":"2026-03-06T01:48:37","slug":"chaqueta-softshell-mujer-valento-cecile","status":"publish","type":"product","link":"https:\/\/grupotextil.es\/en\/product\/chaqueta-softshell-mujer-valento-cecile\/","title":{"rendered":"Chaqueta softshell mujer VALENTO CECILE"},"content":{"rendered":"<div class=\"product-description\">\n<div class=\"article_characteristics\">\n<ul style=\"margin-block-start: 0;\" >\n<li><b>Chaqueta<\/b> <b>softshell<\/b> de <b>mujer<\/b> con corte entallado.<\/li>\n<li>Confeccionada en tejido <b>softshell<\/b> el\u00e1stico de tres capas (exterior plana hidr\u00f3fuga, intermedia transpirable e interior micro-polar) con efecto cortavientos, hidro-repelente y alta retenci\u00f3n t\u00e9rmica.<\/li>\n<li>Cuello alto de doble capa con cierre de <b>cremallera entera<\/b> que incluye protector de barbilla para mayor calidez y confort.<\/li>\n<li>Dos bolsillos verticales en la cintura con cierre de cremallera para tener todo accesible.<\/li>\n<li>M\u00e9todos id\u00f3neos de marcaje: bordados, cosidos y termo-adhesivos anti-sublimaci\u00f3n.<\/li>\n<li>Ideal como <b>ropa laboral<\/b>, <b>textil promocional<\/b> y <b>ropa casual<\/b>.<\/li>\n<\/ul><\/div>\n<\/div>\n<div class=\"product-pdf\">\n<p><a href=\"https:\/\/valento.es\/?service=ServeDocuments&amp;function=serve_datasheet&amp;article_ref=CQVACEC\" target=\"_blank\" rel=\"noopener\">Descargar ficha t\u00e9cnica (PDF)<\/a><\/p>\n<\/div>","protected":false},"excerpt":{"rendered":"<p>Chaqueta softshell mujer VALENTO CECILE de Valento. Disponible en la categor\u00eda Softshell. Env\u00edo r\u00e1pido 24\/48h.<\/p>","protected":false},"featured_media":340664,"comment_status":"open","ping_status":"closed","template":"","meta":{"_acf_changed":false},"product_brand":[11282],"product_cat":[13981,13990,13974,13975,13973],"product_tag":[],"class_list":{"0":"post-340663","1":"product","2":"type-product","3":"status-publish","4":"has-post-thumbnail","6":"product_brand-valento","7":"product_cat-h-chaquetas-y-abrigos","8":"product_cat-m-chaquetas-y-abrigos","9":"product_cat-ropa-hombre","10":"product_cat-ropa-mujer","11":"product_cat-ropa","12":"tm-no-options","14":"first","15":"instock","16":"taxable","17":"shipping-taxable","18":"product-type-variable"},"acf":[],"_links":{"self":[{"href":"https:\/\/grupotextil.es\/en\/wp-json\/wp\/v2\/product\/340663","targetHints":{"allow":["GET"]}}],"collection":[{"href":"https:\/\/grupotextil.es\/en\/wp-json\/wp\/v2\/product"}],"about":[{"href":"https:\/\/grupotextil.es\/en\/wp-json\/wp\/v2\/types\/product"}],"replies":[{"embeddable":true,"href":"https:\/\/grupotextil.es\/en\/wp-json\/wp\/v2\/comments?post=340663"}],"wp:featuredmedia":[{"embeddable":true,"href":"https:\/\/grupotextil.es\/en\/wp-json\/wp\/v2\/media\/340664"}],"wp:attachment":[{"href":"https:\/\/grupotextil.es\/en\/wp-json\/wp\/v2\/media?parent=340663"}],"wp:term":[{"taxonomy":"product_brand","embeddable":true,"href":"https:\/\/grupotextil.es\/en\/wp-json\/wp\/v2\/product_brand?post=340663"},{"taxonomy":"product_cat","embeddable":true,"href":"https:\/\/grupotextil.es\/en\/wp-json\/wp\/v2\/product_cat?post=340663"},{"taxonomy":"product_tag","embeddable":true,"href":"https:\/\/grupotextil.es\/en\/wp-json\/wp\/v2\/product_tag?post=340663"}],"curies":[{"name":"wp","href":"https:\/\/api.w.org\/{rel}","templated":true}]}}

<div class="product-description">
<div class="article_characteristics">
<ul style="margin-block-start: 0;" >
<li><b>Chaqueta</b> <b>softshell</b> de <b>mujer</b> con corte entallado.</li>
<li>Confeccionada en tejido <b>softshell</b> elástico de tres capas (exterior plana hidrófuga, intermedia transpirable e interior micro-polar) con efecto cortavientos, hidro-repelente y alta retención térmica.</li>
<li>Cuello alto de doble capa con cierre de <b>cremallera entera</b> que incluye protector de barbilla para mayor calidez y confort.</li>
<li>Dos bolsillos verticales en la cintura con cierre de cremallera para tener todo accesible.</li>
<li>Métodos idóneos de marcaje: bordados, cosidos y termo-adhesivos anti-sublimación.</li>
<li>Ideal como <b>ropa laboral</b>, <b>textil promocional</b> y <b>ropa casual</b>.</li>
</ul></div>
</div>
<div class="product-pdf">
<p><a href="https://valento.es/?service=ServeDocuments&amp;function=serve_datasheet&amp;article_ref=CQVACEC" target="_blank" rel="noopener">Descargar ficha técnica (PDF)</a></p>
</div>

<p>Chaqueta softshell mujer VALENTO CECILE de Valento. Disponible en la categoría Softshell. Envío rápido 24/48h.</p>
