{"id":345552,"date":"2026-03-06T01:50:52","date_gmt":"2026-03-06T01:50:52","guid":{"rendered":"https:\/\/grupotextil.es\/?post_type=product&#038;p=345552"},"modified":"2026-03-06T01:50:52","modified_gmt":"2026-03-06T01:50:52","slug":"jersey-de-punto-cuello-de-pico-valento-pierre","status":"publish","type":"product","link":"https:\/\/grupotextil.es\/en\/product\/jersey-de-punto-cuello-de-pico-valento-pierre\/","title":{"rendered":"Jersey de punto cuello de pico VALENTO PIERRE"},"content":{"rendered":"<div class=\"product-description\">\n<div class=\"article_characteristics\">\n<ul style=\"margin-block-start: 0;\" >\n<li><b>Jersey de punto<\/b> con <b>cuello de pico<\/b>, <b>infantil<\/b>.<\/li>\n<li>Confeccionado en tejido de punto tricot <b>100% acr\u00edlico<\/b> Galga 12, de tacto agradable y con buena retenci\u00f3n t\u00e9rmica.<\/li>\n<li><b>Cuello de pico<\/b>, pu\u00f1os y bajo de canal\u00e9 el\u00e1stico que se adaptan c\u00f3modamente.<\/li>\n<li>M\u00e9todos id\u00f3neos de marcaje: bordados, cosidos.<\/li>\n<li>Ideal como <b>uniforme escolar<\/b>.<\/li>\n<\/ul><\/div>\n<\/div>\n<div class=\"product-pdf\">\n<p><a href=\"https:\/\/valento.es\/?service=ServeDocuments&amp;function=serve_datasheet&amp;article_ref=CQVAPIE\" target=\"_blank\" rel=\"noopener\">Descargar ficha t\u00e9cnica (PDF)<\/a><\/p>\n<\/div>","protected":false},"excerpt":{"rendered":"<p>Jersey de punto cuello de pico VALENTO PIERRE de Valento. Disponible en la categor\u00eda Uniforme Escolar. Env\u00edo r\u00e1pido 24\/48h.<\/p>","protected":false},"featured_media":345553,"comment_status":"open","ping_status":"closed","template":"","meta":{"_acf_changed":false},"product_brand":[11282],"product_cat":[13981,13990,13974,13975,13973],"product_tag":[],"class_list":{"0":"post-345552","1":"product","2":"type-product","3":"status-publish","4":"has-post-thumbnail","6":"product_brand-valento","7":"product_cat-h-chaquetas-y-abrigos","8":"product_cat-m-chaquetas-y-abrigos","9":"product_cat-ropa-hombre","10":"product_cat-ropa-mujer","11":"product_cat-ropa","12":"tm-no-options","14":"first","15":"instock","16":"taxable","17":"shipping-taxable","18":"product-type-variable"},"acf":[],"_links":{"self":[{"href":"https:\/\/grupotextil.es\/en\/wp-json\/wp\/v2\/product\/345552","targetHints":{"allow":["GET"]}}],"collection":[{"href":"https:\/\/grupotextil.es\/en\/wp-json\/wp\/v2\/product"}],"about":[{"href":"https:\/\/grupotextil.es\/en\/wp-json\/wp\/v2\/types\/product"}],"replies":[{"embeddable":true,"href":"https:\/\/grupotextil.es\/en\/wp-json\/wp\/v2\/comments?post=345552"}],"wp:featuredmedia":[{"embeddable":true,"href":"https:\/\/grupotextil.es\/en\/wp-json\/wp\/v2\/media\/345553"}],"wp:attachment":[{"href":"https:\/\/grupotextil.es\/en\/wp-json\/wp\/v2\/media?parent=345552"}],"wp:term":[{"taxonomy":"product_brand","embeddable":true,"href":"https:\/\/grupotextil.es\/en\/wp-json\/wp\/v2\/product_brand?post=345552"},{"taxonomy":"product_cat","embeddable":true,"href":"https:\/\/grupotextil.es\/en\/wp-json\/wp\/v2\/product_cat?post=345552"},{"taxonomy":"product_tag","embeddable":true,"href":"https:\/\/grupotextil.es\/en\/wp-json\/wp\/v2\/product_tag?post=345552"}],"curies":[{"name":"wp","href":"https:\/\/api.w.org\/{rel}","templated":true}]}}

<div class="product-description">
<div class="article_characteristics">
<ul style="margin-block-start: 0;" >
<li><b>Jersey de punto</b> con <b>cuello de pico</b>, <b>infantil</b>.</li>
<li>Confeccionado en tejido de punto tricot <b>100% acrílico</b> Galga 12, de tacto agradable y con buena retención térmica.</li>
<li><b>Cuello de pico</b>, puños y bajo de canalé elástico que se adaptan cómodamente.</li>
<li>Métodos idóneos de marcaje: bordados, cosidos.</li>
<li>Ideal como <b>uniforme escolar</b>.</li>
</ul></div>
</div>
<div class="product-pdf">
<p><a href="https://valento.es/?service=ServeDocuments&amp;function=serve_datasheet&amp;article_ref=CQVAPIE" target="_blank" rel="noopener">Descargar ficha técnica (PDF)</a></p>
</div>

<p>Jersey de punto cuello de pico VALENTO PIERRE de Valento. Disponible en la categoría Uniforme Escolar. Envío rápido 24/48h.</p>
