{"id":345630,"date":"2026-03-06T01:50:56","date_gmt":"2026-03-06T01:50:56","guid":{"rendered":"https:\/\/grupotextil.es\/?post_type=product&#038;p=345630"},"modified":"2026-03-06T01:50:56","modified_gmt":"2026-03-06T01:50:56","slug":"bata-escolar-con-botones-valento-notes","status":"publish","type":"product","link":"https:\/\/grupotextil.es\/en\/product\/bata-escolar-con-botones-valento-notes\/","title":{"rendered":"Bata escolar con botones VALENTO NOTES"},"content":{"rendered":"<div class=\"product-description\">\n<div class=\"article_characteristics\">\n<ul style=\"margin-block-start: 0;\" >\n<li><b>Bata infantil<\/b> con cuello de camisa, cierre de botones grandes y amplios bolsillos.<\/li>\n<li>Confeccionada en tejido plano de hilo tintado en dise\u00f1o a cuadros, mezcla algod\u00f3n con poli\u00e9ster, resistente y duradero.<\/li>\n<li>Cuello a contraste que incluye en su parte interior trasera una amplia cinta cosida para colgar la prenda f\u00e1cilmente.<\/li>\n<li>Pu\u00f1os fruncidos con goma el\u00e1stica que se adapta c\u00f3modamente.<\/li>\n<li>Dos amplios bolsillos frontales de plast\u00f3n de color liso para tener todo accesible.<\/li>\n<li>M\u00e9todos id\u00f3neos de marcaje: serigraf\u00eda, transfer, bordados, cosidos.<\/li>\n<li>Ideal para <b>uniforme escolar<\/b> en guarder\u00edas y escuelas infantiles.<\/li>\n<\/ul><\/div>\n<\/div>\n<div class=\"product-pdf\">\n<p><a href=\"https:\/\/valento.es\/?service=ServeDocuments&amp;function=serve_datasheet&amp;article_ref=BTVANOT\" target=\"_blank\" rel=\"noopener\">Descargar ficha t\u00e9cnica (PDF)<\/a><\/p>\n<\/div>","protected":false},"excerpt":{"rendered":"<p>Bata escolar con botones VALENTO NOTES de Valento. Disponible en la categor\u00eda Uniforme Escolar. Env\u00edo r\u00e1pido 24\/48h.<\/p>","protected":false},"featured_media":345631,"comment_status":"open","ping_status":"closed","template":"","meta":{"_acf_changed":false},"product_brand":[11282],"product_cat":[13936],"product_tag":[],"class_list":{"0":"post-345630","1":"product","2":"type-product","3":"status-publish","4":"has-post-thumbnail","6":"product_brand-valento","7":"product_cat-rl-sanidad-y-estetica","8":"tm-no-options","10":"first","11":"instock","12":"taxable","13":"shipping-taxable","14":"product-type-variable"},"acf":[],"_links":{"self":[{"href":"https:\/\/grupotextil.es\/en\/wp-json\/wp\/v2\/product\/345630","targetHints":{"allow":["GET"]}}],"collection":[{"href":"https:\/\/grupotextil.es\/en\/wp-json\/wp\/v2\/product"}],"about":[{"href":"https:\/\/grupotextil.es\/en\/wp-json\/wp\/v2\/types\/product"}],"replies":[{"embeddable":true,"href":"https:\/\/grupotextil.es\/en\/wp-json\/wp\/v2\/comments?post=345630"}],"wp:featuredmedia":[{"embeddable":true,"href":"https:\/\/grupotextil.es\/en\/wp-json\/wp\/v2\/media\/345631"}],"wp:attachment":[{"href":"https:\/\/grupotextil.es\/en\/wp-json\/wp\/v2\/media?parent=345630"}],"wp:term":[{"taxonomy":"product_brand","embeddable":true,"href":"https:\/\/grupotextil.es\/en\/wp-json\/wp\/v2\/product_brand?post=345630"},{"taxonomy":"product_cat","embeddable":true,"href":"https:\/\/grupotextil.es\/en\/wp-json\/wp\/v2\/product_cat?post=345630"},{"taxonomy":"product_tag","embeddable":true,"href":"https:\/\/grupotextil.es\/en\/wp-json\/wp\/v2\/product_tag?post=345630"}],"curies":[{"name":"wp","href":"https:\/\/api.w.org\/{rel}","templated":true}]}}

<div class="product-description">
<div class="article_characteristics">
<ul style="margin-block-start: 0;" >
<li><b>Bata infantil</b> con cuello de camisa, cierre de botones grandes y amplios bolsillos.</li>
<li>Confeccionada en tejido plano de hilo tintado en diseño a cuadros, mezcla algodón con poliéster, resistente y duradero.</li>
<li>Cuello a contraste que incluye en su parte interior trasera una amplia cinta cosida para colgar la prenda fácilmente.</li>
<li>Puños fruncidos con goma elástica que se adapta cómodamente.</li>
<li>Dos amplios bolsillos frontales de plastón de color liso para tener todo accesible.</li>
<li>Métodos idóneos de marcaje: serigrafía, transfer, bordados, cosidos.</li>
<li>Ideal para <b>uniforme escolar</b> en guarderías y escuelas infantiles.</li>
</ul></div>
</div>
<div class="product-pdf">
<p><a href="https://valento.es/?service=ServeDocuments&amp;function=serve_datasheet&amp;article_ref=BTVANOT" target="_blank" rel="noopener">Descargar ficha técnica (PDF)</a></p>
</div>

<p>Bata escolar con botones VALENTO NOTES de Valento. Disponible en la categoría Uniforme Escolar. Envío rápido 24/48h.</p>
