{"id":346770,"date":"2026-03-08T01:30:16","date_gmt":"2026-03-08T00:30:16","guid":{"rendered":"https:\/\/grupotextil.es\/producto\/bolsa-ejecutiva\/"},"modified":"2026-03-08T01:30:16","modified_gmt":"2026-03-08T00:30:16","slug":"bolsa-ejecutiva","status":"publish","type":"product","link":"https:\/\/grupotextil.es\/en\/product\/bolsa-ejecutiva\/","title":{"rendered":"Bag ejecutiva"},"content":{"rendered":"<ul>\n<li>100% poli\u00e9ster (600D\/1680D)<\/li>\n<li>Asa acolchada<\/li>\n<li>Compartimento para port\u00e1til acolchado con cremallera, compatible hasta 17<\/li>\n<li>Secci\u00f3n para documentos con cremallera<\/li>\n<li>Bolsillo frontal con cremallera<\/li>\n<li>Organizador<\/li>\n<li>Presillas para USB<\/li>\n<li>Asa para acoplar a trolley<\/li>\n<li>Capacidad: 13 litros<\/li>\n<li>Medidas: 41 x 30 x 14 cm<\/li>\n<li>M\u00e1ximo bordado: aro plano 18<\/li>\n<li>M\u00e1xima \u00e1rea de impresi\u00f3n: 22 x 18 cm<\/li>\n<\/ul>","protected":false},"excerpt":{"rendered":"<p>100% poli\u00e9ster (600D\/1680D)Asa acolchadaCompartimento para port\u00e1til acolchado con cremallera, compatible hasta 17Secci\u00f3n para documentos con cremalleraBolsillo frontal con cremalleraOrganizadorPresill<\/p>","protected":false},"featured_media":405338,"comment_status":"open","ping_status":"closed","template":"","meta":{"_acf_changed":false},"product_brand":[11657],"product_cat":[13974,13975,13973],"product_tag":[],"class_list":{"0":"post-346770","1":"product","2":"type-product","3":"status-publish","4":"has-post-thumbnail","6":"product_brand-quadra","7":"product_cat-ropa-hombre","8":"product_cat-ropa-mujer","9":"product_cat-ropa","10":"tm-no-options","12":"first","13":"instock","14":"taxable","15":"shipping-taxable","16":"product-type-variable"},"acf":[],"_links":{"self":[{"href":"https:\/\/grupotextil.es\/en\/wp-json\/wp\/v2\/product\/346770","targetHints":{"allow":["GET"]}}],"collection":[{"href":"https:\/\/grupotextil.es\/en\/wp-json\/wp\/v2\/product"}],"about":[{"href":"https:\/\/grupotextil.es\/en\/wp-json\/wp\/v2\/types\/product"}],"replies":[{"embeddable":true,"href":"https:\/\/grupotextil.es\/en\/wp-json\/wp\/v2\/comments?post=346770"}],"wp:featuredmedia":[{"embeddable":true,"href":"https:\/\/grupotextil.es\/en\/wp-json\/wp\/v2\/media\/405338"}],"wp:attachment":[{"href":"https:\/\/grupotextil.es\/en\/wp-json\/wp\/v2\/media?parent=346770"}],"wp:term":[{"taxonomy":"product_brand","embeddable":true,"href":"https:\/\/grupotextil.es\/en\/wp-json\/wp\/v2\/product_brand?post=346770"},{"taxonomy":"product_cat","embeddable":true,"href":"https:\/\/grupotextil.es\/en\/wp-json\/wp\/v2\/product_cat?post=346770"},{"taxonomy":"product_tag","embeddable":true,"href":"https:\/\/grupotextil.es\/en\/wp-json\/wp\/v2\/product_tag?post=346770"}],"curies":[{"name":"wp","href":"https:\/\/api.w.org\/{rel}","templated":true}]}}

<ul>
<li>100% poliéster (600D/1680D)</li>
<li>Asa acolchada</li>
<li>Compartimento para portátil acolchado con cremallera, compatible hasta 17</li>
<li>Sección para documentos con cremallera</li>
<li>Bolsillo frontal con cremallera</li>
<li>Organizador</li>
<li>Presillas para USB</li>
<li>Asa para acoplar a trolley</li>
<li>Capacidad: 13 litros</li>
<li>Medidas: 41 x 30 x 14 cm</li>
<li>Máximo bordado: aro plano 18</li>
<li>Máxima área de impresión: 22 x 18 cm</li>
</ul>

<p>100% poliéster (600D/1680D)Asa acolchadaCompartimento para portátil acolchado con cremallera, compatible hasta 17Sección para documentos con cremalleraBolsillo frontal con cremalleraOrganizadorPresill</p>
