{"id":346773,"date":"2026-03-08T01:30:16","date_gmt":"2026-03-08T00:30:16","guid":{"rendered":"https:\/\/grupotextil.es\/producto\/gorra-snapback-bronx-con-visera-plana-brillante\/"},"modified":"2026-03-08T01:30:16","modified_gmt":"2026-03-08T00:30:16","slug":"gorra-snapback-bronx-con-visera-plana-brillante","status":"publish","type":"product","link":"https:\/\/grupotextil.es\/en\/product\/gorra-snapback-bronx-con-visera-plana-brillante\/","title":{"rendered":"Cap Snapback Bronx con Flat Visor brillante"},"content":{"rendered":"<ul>\n<li>300 g\/m\u00b2<\/li>\n<li>100% poliacr\u00edlico (sarga)<\/li>\n<li>6 paneles<\/li>\n<li>Paneles frontales r\u00edgidos<\/li>\n<li>Ojales cosidos<\/li>\n<li>Visera plana de tejido brillante en contraste<\/li>\n<li>Ajuste Snapback<\/li>\n<li>Etiqueta extra\u00edble<\/li>\n<li>DESCATALOGADO: Este modelo se retira de la colecci\u00f3n de Falk&amp;Ross (todav\u00eda aparece en el porfolio de la marca).<\/li>\n<\/ul>","protected":false},"excerpt":{"rendered":"<p>300 g\/m\u00b2100% poliacr\u00edlico (sarga)6 panelesPaneles frontales r\u00edgidosOjales cosidosVisera plana de tejido brillante en contrasteAjuste SnapbackEtiqueta extra\u00edbleDESCATALOGADO: Este modelo se retira d&#8230;<\/p>","protected":false},"featured_media":405352,"comment_status":"open","ping_status":"closed","template":"","meta":{"_acf_changed":false},"product_brand":[11659],"product_cat":[13974,13975,13973],"product_tag":[],"class_list":{"0":"post-346773","1":"product","2":"type-product","3":"status-publish","4":"has-post-thumbnail","6":"product_brand-result-caps","7":"product_cat-ropa-hombre","8":"product_cat-ropa-mujer","9":"product_cat-ropa","10":"tm-no-options","12":"first","13":"instock","14":"taxable","15":"shipping-taxable","16":"product-type-variable"},"acf":[],"_links":{"self":[{"href":"https:\/\/grupotextil.es\/en\/wp-json\/wp\/v2\/product\/346773","targetHints":{"allow":["GET"]}}],"collection":[{"href":"https:\/\/grupotextil.es\/en\/wp-json\/wp\/v2\/product"}],"about":[{"href":"https:\/\/grupotextil.es\/en\/wp-json\/wp\/v2\/types\/product"}],"replies":[{"embeddable":true,"href":"https:\/\/grupotextil.es\/en\/wp-json\/wp\/v2\/comments?post=346773"}],"wp:featuredmedia":[{"embeddable":true,"href":"https:\/\/grupotextil.es\/en\/wp-json\/wp\/v2\/media\/405352"}],"wp:attachment":[{"href":"https:\/\/grupotextil.es\/en\/wp-json\/wp\/v2\/media?parent=346773"}],"wp:term":[{"taxonomy":"product_brand","embeddable":true,"href":"https:\/\/grupotextil.es\/en\/wp-json\/wp\/v2\/product_brand?post=346773"},{"taxonomy":"product_cat","embeddable":true,"href":"https:\/\/grupotextil.es\/en\/wp-json\/wp\/v2\/product_cat?post=346773"},{"taxonomy":"product_tag","embeddable":true,"href":"https:\/\/grupotextil.es\/en\/wp-json\/wp\/v2\/product_tag?post=346773"}],"curies":[{"name":"wp","href":"https:\/\/api.w.org\/{rel}","templated":true}]}}

<ul>
<li>300 g/m²</li>
<li>100% poliacrílico (sarga)</li>
<li>6 paneles</li>
<li>Paneles frontales rígidos</li>
<li>Ojales cosidos</li>
<li>Visera plana de tejido brillante en contraste</li>
<li>Ajuste Snapback</li>
<li>Etiqueta extraíble</li>
<li>DESCATALOGADO: Este modelo se retira de la colección de Falk&amp;Ross (todavía aparece en el porfolio de la marca).</li>
</ul>

<p>300 g/m²100% poliacrílico (sarga)6 panelesPaneles frontales rígidosOjales cosidosVisera plana de tejido brillante en contrasteAjuste SnapbackEtiqueta extraíbleDESCATALOGADO: Este modelo se retira d&#8230;</p>
