{"id":347153,"date":"2026-03-08T01:30:35","date_gmt":"2026-03-08T00:30:35","guid":{"rendered":"https:\/\/grupotextil.es\/producto\/gorra-new-york\/"},"modified":"2026-03-08T01:30:35","modified_gmt":"2026-03-08T00:30:35","slug":"gorra-new-york","status":"publish","type":"product","link":"https:\/\/grupotextil.es\/en\/product\/gorra-new-york\/","title":{"rendered":"Cap New York"},"content":{"rendered":"<ul>\n<li>54 g\/m\u00b2<\/li>\n<li>100% poli\u00e9ster<\/li>\n<li>Parte inferior de la visera: 100% algod\u00f3n<\/li>\n<li>5 paneles<\/li>\n<li>Panel frontal r\u00edgido<\/li>\n<li>Visera pre-curvada (PE reciclado)<\/li>\n<li>Abertura para el pelo<\/li>\n<li>Cierre de banda ajustable<\/li>\n<li>Etiqueta extra\u00edble<\/li>\n<\/ul>","protected":false},"excerpt":{"rendered":"<p>54 g\/m\u00b2100% poli\u00e9sterParte inferior de la visera: 100% algod\u00f3n5 panelesPanel frontal r\u00edgidoVisera pre-curvada (PE reciclado)Abertura para el peloCierre de banda ajustableEtiqueta extra\u00edble<\/p>","protected":false},"featured_media":405522,"comment_status":"open","ping_status":"closed","template":"","meta":{"_acf_changed":false},"product_brand":[11659],"product_cat":[13974,13975,13973],"product_tag":[],"class_list":{"0":"post-347153","1":"product","2":"type-product","3":"status-publish","4":"has-post-thumbnail","6":"product_brand-result-caps","7":"product_cat-ropa-hombre","8":"product_cat-ropa-mujer","9":"product_cat-ropa","10":"tm-no-options","12":"first","13":"instock","14":"taxable","15":"shipping-taxable","16":"product-type-variable"},"acf":[],"_links":{"self":[{"href":"https:\/\/grupotextil.es\/en\/wp-json\/wp\/v2\/product\/347153","targetHints":{"allow":["GET"]}}],"collection":[{"href":"https:\/\/grupotextil.es\/en\/wp-json\/wp\/v2\/product"}],"about":[{"href":"https:\/\/grupotextil.es\/en\/wp-json\/wp\/v2\/types\/product"}],"replies":[{"embeddable":true,"href":"https:\/\/grupotextil.es\/en\/wp-json\/wp\/v2\/comments?post=347153"}],"wp:featuredmedia":[{"embeddable":true,"href":"https:\/\/grupotextil.es\/en\/wp-json\/wp\/v2\/media\/405522"}],"wp:attachment":[{"href":"https:\/\/grupotextil.es\/en\/wp-json\/wp\/v2\/media?parent=347153"}],"wp:term":[{"taxonomy":"product_brand","embeddable":true,"href":"https:\/\/grupotextil.es\/en\/wp-json\/wp\/v2\/product_brand?post=347153"},{"taxonomy":"product_cat","embeddable":true,"href":"https:\/\/grupotextil.es\/en\/wp-json\/wp\/v2\/product_cat?post=347153"},{"taxonomy":"product_tag","embeddable":true,"href":"https:\/\/grupotextil.es\/en\/wp-json\/wp\/v2\/product_tag?post=347153"}],"curies":[{"name":"wp","href":"https:\/\/api.w.org\/{rel}","templated":true}]}}

<ul>
<li>54 g/m²</li>
<li>100% poliéster</li>
<li>Parte inferior de la visera: 100% algodón</li>
<li>5 paneles</li>
<li>Panel frontal rígido</li>
<li>Visera pre-curvada (PE reciclado)</li>
<li>Abertura para el pelo</li>
<li>Cierre de banda ajustable</li>
<li>Etiqueta extraíble</li>
</ul>

<p>54 g/m²100% poliésterParte inferior de la visera: 100% algodón5 panelesPanel frontal rígidoVisera pre-curvada (PE reciclado)Abertura para el peloCierre de banda ajustableEtiqueta extraíble</p>
