{"id":348092,"date":"2026-03-08T01:31:13","date_gmt":"2026-03-08T00:31:13","guid":{"rendered":"https:\/\/grupotextil.es\/producto\/bolsa-mochila-de-algodon-sheffield\/"},"modified":"2026-03-08T01:31:13","modified_gmt":"2026-03-08T00:31:13","slug":"bolsa-mochila-de-algodon-sheffield","status":"publish","type":"product","link":"https:\/\/grupotextil.es\/en\/product\/bolsa-mochila-de-algodon-sheffield\/","title":{"rendered":"Bag-Mochila de algod\u00f3n Sheffield"},"content":{"rendered":"<ul>\n<li>100% algod\u00f3n<\/li>\n<li>Ropa te\u00f1ida<\/li>\n<li>Correas de hombro ajustables<\/li>\n<li>Gran compartimento con cierre de fuerte cord\u00f3n de algod\u00f3n<\/li>\n<li>Bolsillo trasero con cremallera<\/li>\n<li>Adecuado para serigraf\u00eda, transfer o bordado<\/li>\n<li>Capacidad: 15 Litros<\/li>\n<li>Medidas: 33 x 46 cm<\/li>\n<li>Max. bordado: aro tubular 15<\/li>\n<li>Max. \u00e1rea de impresi\u00f3n: 20 x 28 cm.<\/li>\n<\/ul>","protected":false},"excerpt":{"rendered":"<p>100% algod\u00f3nRopa te\u00f1idaCorreas de hombro ajustablesGran compartimento con cierre de fuerte cord\u00f3n de algod\u00f3nBolsillo trasero con cremalleraAdecuado para serigraf\u00eda, transfer o bordadoCapacidad: 15 &#8230;<\/p>","protected":false},"featured_media":405780,"comment_status":"open","ping_status":"closed","template":"","meta":{"_acf_changed":false},"product_brand":[11660],"product_cat":[13974,13975,13973],"product_tag":[],"class_list":{"0":"post-348092","1":"product","2":"type-product","3":"status-publish","4":"has-post-thumbnail","6":"product_brand-shugon","7":"product_cat-ropa-hombre","8":"product_cat-ropa-mujer","9":"product_cat-ropa","10":"tm-no-options","12":"first","13":"instock","14":"taxable","15":"shipping-taxable","16":"product-type-variable"},"acf":[],"_links":{"self":[{"href":"https:\/\/grupotextil.es\/en\/wp-json\/wp\/v2\/product\/348092","targetHints":{"allow":["GET"]}}],"collection":[{"href":"https:\/\/grupotextil.es\/en\/wp-json\/wp\/v2\/product"}],"about":[{"href":"https:\/\/grupotextil.es\/en\/wp-json\/wp\/v2\/types\/product"}],"replies":[{"embeddable":true,"href":"https:\/\/grupotextil.es\/en\/wp-json\/wp\/v2\/comments?post=348092"}],"wp:featuredmedia":[{"embeddable":true,"href":"https:\/\/grupotextil.es\/en\/wp-json\/wp\/v2\/media\/405780"}],"wp:attachment":[{"href":"https:\/\/grupotextil.es\/en\/wp-json\/wp\/v2\/media?parent=348092"}],"wp:term":[{"taxonomy":"product_brand","embeddable":true,"href":"https:\/\/grupotextil.es\/en\/wp-json\/wp\/v2\/product_brand?post=348092"},{"taxonomy":"product_cat","embeddable":true,"href":"https:\/\/grupotextil.es\/en\/wp-json\/wp\/v2\/product_cat?post=348092"},{"taxonomy":"product_tag","embeddable":true,"href":"https:\/\/grupotextil.es\/en\/wp-json\/wp\/v2\/product_tag?post=348092"}],"curies":[{"name":"wp","href":"https:\/\/api.w.org\/{rel}","templated":true}]}}

Bag-Mochila de algodón Sheffield

<ul>
<li>100% algodón</li>
<li>Ropa teñida</li>
<li>Correas de hombro ajustables</li>
<li>Gran compartimento con cierre de fuerte cordón de algodón</li>
<li>Bolsillo trasero con cremallera</li>
<li>Adecuado para serigrafía, transfer o bordado</li>
<li>Capacidad: 15 Litros</li>
<li>Medidas: 33 x 46 cm</li>
<li>Max. bordado: aro tubular 15</li>
<li>Max. área de impresión: 20 x 28 cm.</li>
</ul>

<p>100% algodónRopa teñidaCorreas de hombro ajustablesGran compartimento con cierre de fuerte cordón de algodónBolsillo trasero con cremalleraAdecuado para serigrafía, transfer o bordadoCapacidad: 15 &#8230;</p>
