{"id":348419,"date":"2026-03-08T01:31:25","date_gmt":"2026-03-08T00:31:25","guid":{"rendered":"https:\/\/grupotextil.es\/producto\/mochila-20-litros-slx\/"},"modified":"2026-03-08T01:31:25","modified_gmt":"2026-03-08T00:31:25","slug":"mochila-20-litros-slx","status":"publish","type":"product","link":"https:\/\/grupotextil.es\/en\/product\/mochila-20-litros-slx\/","title":{"rendered":"Mochila 20 litros SLX"},"content":{"rendered":"<ul>\n<li>100% poli\u00e9ster (600D\/ripstop)<\/li>\n<li>Correas de hombro ajustables y acolchadas<\/li>\n<li>Asa de mano, correas de pecho y cintura ajustables<\/li>\n<li>Panel trasero de malla acolchado, transpirable y ergon\u00f3mico<\/li>\n<li>Compatible con port\u00e1til hasta 15.6\u00ab<\/li>\n<li>Compatible con c\u00e1mara de hidrataci\u00f3n (019.30 &#8211; QX510)<\/li>\n<li>Cubierta impermeable extra\u00edble<\/li>\n<li>Puntos de sujeci\u00f3n para bastones de senderismo y luz de fondo<\/li>\n<li>Bolsillo lateral con cremallera, bolsillo interior de malla<\/li>\n<li>Correas de compresi\u00f3n y detalles reflectantes<\/li>\n<li>Capacidad: 20 litros<\/li>\n<li>Medidas: 31 x 48 x 20 cm<\/li>\n<li>M\u00e1ximo bordado: aro plano 15<\/li>\n<li>M\u00e1xima \u00e1rea de impresi\u00f3n: 14 x 18 cm<\/li>\n<li>Personalizables con los tiradores intercambiables en diferentes colores, ver 093.30 (QX505).<\/li>\n<\/ul>","protected":false},"excerpt":{"rendered":"<p>100% poli\u00e9ster (600D\/ripstop)Correas de hombro ajustables y acolchadasAsa de mano, correas de pecho y cintura ajustablesPanel trasero de malla acolchado, transpirable y ergon\u00f3micoCompatible con por&#8230;<\/p>","protected":false},"featured_media":405819,"comment_status":"open","ping_status":"closed","template":"","meta":{"_acf_changed":false},"product_brand":[11657],"product_cat":[13974,13975,13973],"product_tag":[],"class_list":{"0":"post-348419","1":"product","2":"type-product","3":"status-publish","4":"has-post-thumbnail","6":"product_brand-quadra","7":"product_cat-ropa-hombre","8":"product_cat-ropa-mujer","9":"product_cat-ropa","10":"tm-no-options","12":"first","13":"instock","14":"taxable","15":"shipping-taxable","16":"product-type-variable"},"acf":[],"_links":{"self":[{"href":"https:\/\/grupotextil.es\/en\/wp-json\/wp\/v2\/product\/348419","targetHints":{"allow":["GET"]}}],"collection":[{"href":"https:\/\/grupotextil.es\/en\/wp-json\/wp\/v2\/product"}],"about":[{"href":"https:\/\/grupotextil.es\/en\/wp-json\/wp\/v2\/types\/product"}],"replies":[{"embeddable":true,"href":"https:\/\/grupotextil.es\/en\/wp-json\/wp\/v2\/comments?post=348419"}],"wp:featuredmedia":[{"embeddable":true,"href":"https:\/\/grupotextil.es\/en\/wp-json\/wp\/v2\/media\/405819"}],"wp:attachment":[{"href":"https:\/\/grupotextil.es\/en\/wp-json\/wp\/v2\/media?parent=348419"}],"wp:term":[{"taxonomy":"product_brand","embeddable":true,"href":"https:\/\/grupotextil.es\/en\/wp-json\/wp\/v2\/product_brand?post=348419"},{"taxonomy":"product_cat","embeddable":true,"href":"https:\/\/grupotextil.es\/en\/wp-json\/wp\/v2\/product_cat?post=348419"},{"taxonomy":"product_tag","embeddable":true,"href":"https:\/\/grupotextil.es\/en\/wp-json\/wp\/v2\/product_tag?post=348419"}],"curies":[{"name":"wp","href":"https:\/\/api.w.org\/{rel}","templated":true}]}}

<ul>
<li>100% poliéster (600D/ripstop)</li>
<li>Correas de hombro ajustables y acolchadas</li>
<li>Asa de mano, correas de pecho y cintura ajustables</li>
<li>Panel trasero de malla acolchado, transpirable y ergonómico</li>
<li>Compatible con portátil hasta 15.6«</li>
<li>Compatible con cámara de hidratación (019.30 &#8211; QX510)</li>
<li>Cubierta impermeable extraíble</li>
<li>Puntos de sujeción para bastones de senderismo y luz de fondo</li>
<li>Bolsillo lateral con cremallera, bolsillo interior de malla</li>
<li>Correas de compresión y detalles reflectantes</li>
<li>Capacidad: 20 litros</li>
<li>Medidas: 31 x 48 x 20 cm</li>
<li>Máximo bordado: aro plano 15</li>
<li>Máxima área de impresión: 14 x 18 cm</li>
<li>Personalizables con los tiradores intercambiables en diferentes colores, ver 093.30 (QX505).</li>
</ul>

<p>100% poliéster (600D/ripstop)Correas de hombro ajustables y acolchadasAsa de mano, correas de pecho y cintura ajustablesPanel trasero de malla acolchado, transpirable y ergonómicoCompatible con por&#8230;</p>
