{"id":348822,"date":"2026-03-08T01:31:40","date_gmt":"2026-03-08T00:31:40","guid":{"rendered":"https:\/\/grupotextil.es\/producto\/mochila-executive\/"},"modified":"2026-03-08T01:31:40","modified_gmt":"2026-03-08T00:31:40","slug":"mochila-executive","status":"publish","type":"product","link":"https:\/\/grupotextil.es\/en\/product\/mochila-executive\/","title":{"rendered":"Mochila Executive"},"content":{"rendered":"<ul>\n<li>100% poli\u00e9ster (600D\/1680D)<\/li>\n<li>Correas y asa de mano acolchadas<\/li>\n<li>Base y parte trasera acolchadas<\/li>\n<li>Compartimento acolchado para port\u00e1til, compatible hasta 15.6<\/li>\n<li>Bolsillo para iPad\u2122\/Tablet<\/li>\n<li>Bolsillo interior con cremallera, organizador, presillas para USB<\/li>\n<li>Capacidad: 20 litros<\/li>\n<li>Medidas: 33 x 44 x 17 cm<\/li>\n<li>EasyPocket\u2122 para f\u00e1cil decorado<\/li>\n<li>M\u00e1ximo bordado: aro tubular 15<\/li>\n<li>M\u00e1xima \u00e1rea de impresi\u00f3n: 18 x 24 cm<\/li>\n<\/ul>","protected":false},"excerpt":{"rendered":"<p>100% poli\u00e9ster (600D\/1680D)Correas y asa de mano acolchadasBase y parte trasera acolchadasCompartimento acolchado para port\u00e1til, compatible hasta 15.<\/p>","protected":false},"featured_media":405959,"comment_status":"open","ping_status":"closed","template":"","meta":{"_acf_changed":false},"product_brand":[11657],"product_cat":[13974,13975,13973],"product_tag":[],"class_list":{"0":"post-348822","1":"product","2":"type-product","3":"status-publish","4":"has-post-thumbnail","6":"product_brand-quadra","7":"product_cat-ropa-hombre","8":"product_cat-ropa-mujer","9":"product_cat-ropa","10":"tm-no-options","12":"first","13":"instock","14":"taxable","15":"shipping-taxable","16":"product-type-variable"},"acf":[],"_links":{"self":[{"href":"https:\/\/grupotextil.es\/en\/wp-json\/wp\/v2\/product\/348822","targetHints":{"allow":["GET"]}}],"collection":[{"href":"https:\/\/grupotextil.es\/en\/wp-json\/wp\/v2\/product"}],"about":[{"href":"https:\/\/grupotextil.es\/en\/wp-json\/wp\/v2\/types\/product"}],"replies":[{"embeddable":true,"href":"https:\/\/grupotextil.es\/en\/wp-json\/wp\/v2\/comments?post=348822"}],"wp:featuredmedia":[{"embeddable":true,"href":"https:\/\/grupotextil.es\/en\/wp-json\/wp\/v2\/media\/405959"}],"wp:attachment":[{"href":"https:\/\/grupotextil.es\/en\/wp-json\/wp\/v2\/media?parent=348822"}],"wp:term":[{"taxonomy":"product_brand","embeddable":true,"href":"https:\/\/grupotextil.es\/en\/wp-json\/wp\/v2\/product_brand?post=348822"},{"taxonomy":"product_cat","embeddable":true,"href":"https:\/\/grupotextil.es\/en\/wp-json\/wp\/v2\/product_cat?post=348822"},{"taxonomy":"product_tag","embeddable":true,"href":"https:\/\/grupotextil.es\/en\/wp-json\/wp\/v2\/product_tag?post=348822"}],"curies":[{"name":"wp","href":"https:\/\/api.w.org\/{rel}","templated":true}]}}

<ul>
<li>100% poliéster (600D/1680D)</li>
<li>Correas y asa de mano acolchadas</li>
<li>Base y parte trasera acolchadas</li>
<li>Compartimento acolchado para portátil, compatible hasta 15.6</li>
<li>Bolsillo para iPad™/Tablet</li>
<li>Bolsillo interior con cremallera, organizador, presillas para USB</li>
<li>Capacidad: 20 litros</li>
<li>Medidas: 33 x 44 x 17 cm</li>
<li>EasyPocket™ para fácil decorado</li>
<li>Máximo bordado: aro tubular 15</li>
<li>Máxima área de impresión: 18 x 24 cm</li>
</ul>

<p>100% poliéster (600D/1680D)Correas y asa de mano acolchadasBase y parte trasera acolchadasCompartimento acolchado para portátil, compatible hasta 15.</p>
