{"id":350333,"date":"2026-03-08T01:33:25","date_gmt":"2026-03-08T00:33:25","guid":{"rendered":"https:\/\/grupotextil.es\/producto\/chaqueta-de-chef-de-manga-corta-green-generation\/"},"modified":"2026-03-08T01:33:25","modified_gmt":"2026-03-08T00:33:25","slug":"chaqueta-de-chef-de-manga-corta-green-generation","status":"publish","type":"product","link":"https:\/\/grupotextil.es\/en\/product\/chaqueta-de-chef-de-manga-corta-green-generation\/","title":{"rendered":"Chaqueta de chef de manga corta Green Generation"},"content":{"rendered":"<ul>\n<li>65 % poli\u00e9ster (reciclado), 35 % algod\u00f3n<\/li>\n<li>Parte delantera: 150 g\/m\u00b2<\/li>\n<li>Parte trasera: 170 g\/m\u00b2, 100 % poli\u00e9ster (reciclado), transpirable y regulador de la humedad<\/li>\n<li>Chaqueta de chef innovadora y sostenible, con estilo urbano y un toque natural<\/li>\n<li>El poli\u00e9ster est\u00e1 elaborado a partir de pl\u00e1stico reciclado<\/li>\n<li>Corte sutilmente c\u00f3nico.<\/li>\n<\/ul>","protected":false},"excerpt":{"rendered":"<p>65 % poli\u00e9ster (reciclado), 35 % algod\u00f3nParte delantera: 150 g\/m\u00b2Parte trasera: 170 g\/m\u00b2, 100 % poli\u00e9ster (reciclado), transpirable y regulador de la humedadChaqueta de chef innovadora y sostenible&#8230;<\/p>","protected":false},"featured_media":406497,"comment_status":"open","ping_status":"closed","template":"","meta":{"_acf_changed":false},"product_brand":[11673],"product_cat":[13977,13974,13975,13973],"product_tag":[],"class_list":{"0":"post-350333","1":"product","2":"type-product","3":"status-publish","4":"has-post-thumbnail","6":"product_brand-karlowsky","7":"product_cat-h-camisetas-manga-corta","8":"product_cat-ropa-hombre","9":"product_cat-ropa-mujer","10":"product_cat-ropa","11":"tm-no-options","13":"first","14":"instock","15":"taxable","16":"shipping-taxable","17":"product-type-variable"},"acf":[],"_links":{"self":[{"href":"https:\/\/grupotextil.es\/en\/wp-json\/wp\/v2\/product\/350333","targetHints":{"allow":["GET"]}}],"collection":[{"href":"https:\/\/grupotextil.es\/en\/wp-json\/wp\/v2\/product"}],"about":[{"href":"https:\/\/grupotextil.es\/en\/wp-json\/wp\/v2\/types\/product"}],"replies":[{"embeddable":true,"href":"https:\/\/grupotextil.es\/en\/wp-json\/wp\/v2\/comments?post=350333"}],"wp:featuredmedia":[{"embeddable":true,"href":"https:\/\/grupotextil.es\/en\/wp-json\/wp\/v2\/media\/406497"}],"wp:attachment":[{"href":"https:\/\/grupotextil.es\/en\/wp-json\/wp\/v2\/media?parent=350333"}],"wp:term":[{"taxonomy":"product_brand","embeddable":true,"href":"https:\/\/grupotextil.es\/en\/wp-json\/wp\/v2\/product_brand?post=350333"},{"taxonomy":"product_cat","embeddable":true,"href":"https:\/\/grupotextil.es\/en\/wp-json\/wp\/v2\/product_cat?post=350333"},{"taxonomy":"product_tag","embeddable":true,"href":"https:\/\/grupotextil.es\/en\/wp-json\/wp\/v2\/product_tag?post=350333"}],"curies":[{"name":"wp","href":"https:\/\/api.w.org\/{rel}","templated":true}]}}

<ul>
<li>65 % poliéster (reciclado), 35 % algodón</li>
<li>Parte delantera: 150 g/m²</li>
<li>Parte trasera: 170 g/m², 100 % poliéster (reciclado), transpirable y regulador de la humedad</li>
<li>Chaqueta de chef innovadora y sostenible, con estilo urbano y un toque natural</li>
<li>El poliéster está elaborado a partir de plástico reciclado</li>
<li>Corte sutilmente cónico.</li>
</ul>

<p>65 % poliéster (reciclado), 35 % algodónParte delantera: 150 g/m²Parte trasera: 170 g/m², 100 % poliéster (reciclado), transpirable y regulador de la humedadChaqueta de chef innovadora y sostenible&#8230;</p>
