{"id":350344,"date":"2026-03-08T01:33:27","date_gmt":"2026-03-08T00:33:27","guid":{"rendered":"https:\/\/grupotextil.es\/producto\/mochila-para-portatil-hamburgo\/"},"modified":"2026-03-08T01:33:27","modified_gmt":"2026-03-08T00:33:27","slug":"mochila-para-portatil-hamburgo","status":"publish","type":"product","link":"https:\/\/grupotextil.es\/en\/product\/mochila-para-portatil-hamburgo\/","title":{"rendered":"Mochila para port\u00e1til Hamburgo"},"content":{"rendered":"<ul>\n<li>100% poli\u00e9ster (600D) con revestimiento de PVC<\/li>\n<li>Mochila para port\u00e1til resistente al agua<\/li>\n<li>Cremalleras y tela resistente al agua<\/li>\n<li>Asa de mano y correas acolchadas para los hombros<\/li>\n<li>Bolsillos traseros de malla acolchada para transpirar<\/li>\n<li>2 compartimentos grandes con cremallera y un compartimento superior peque\u00f1o<\/li>\n<li>Un compartimento apto para port\u00e1tiles de hasta 15,6<\/li>\n<li>Bolsillo superior de malla para iPad<\/li>\n<li>Compartimento frontal con bolsillo interior<\/li>\n<li>2 bolsillos laterales de malla el\u00e1stica<\/li>\n<li>Capacidad: 24 Litros<\/li>\n<li>Medidas: 30 x 17 x 48 cm<\/li>\n<li>Adecuado para serigraf\u00eda o bordado<\/li>\n<li>M\u00e1x. bordado: 14 aro tubular<\/li>\n<li>M\u00e1x. \u00e1rea de impresi\u00f3n: 14 x 17 cm<\/li>\n<\/ul>","protected":false},"excerpt":{"rendered":"<p>100% poli\u00e9ster (600D) con revestimiento de PVCMochila para port\u00e1til resistente al aguaCremalleras y tela resistente al aguaAsa de mano y correas acolchadas para los hombrosBolsillos traseros de mal&#8230;<\/p>","protected":false},"featured_media":406517,"comment_status":"open","ping_status":"closed","template":"","meta":{"_acf_changed":false},"product_brand":[11660],"product_cat":[13977,13974,13975,13973],"product_tag":[],"class_list":{"0":"post-350344","1":"product","2":"type-product","3":"status-publish","4":"has-post-thumbnail","6":"product_brand-shugon","7":"product_cat-h-camisetas-manga-corta","8":"product_cat-ropa-hombre","9":"product_cat-ropa-mujer","10":"product_cat-ropa","11":"tm-no-options","13":"first","14":"instock","15":"taxable","16":"shipping-taxable","17":"product-type-variable"},"acf":[],"_links":{"self":[{"href":"https:\/\/grupotextil.es\/en\/wp-json\/wp\/v2\/product\/350344","targetHints":{"allow":["GET"]}}],"collection":[{"href":"https:\/\/grupotextil.es\/en\/wp-json\/wp\/v2\/product"}],"about":[{"href":"https:\/\/grupotextil.es\/en\/wp-json\/wp\/v2\/types\/product"}],"replies":[{"embeddable":true,"href":"https:\/\/grupotextil.es\/en\/wp-json\/wp\/v2\/comments?post=350344"}],"wp:featuredmedia":[{"embeddable":true,"href":"https:\/\/grupotextil.es\/en\/wp-json\/wp\/v2\/media\/406517"}],"wp:attachment":[{"href":"https:\/\/grupotextil.es\/en\/wp-json\/wp\/v2\/media?parent=350344"}],"wp:term":[{"taxonomy":"product_brand","embeddable":true,"href":"https:\/\/grupotextil.es\/en\/wp-json\/wp\/v2\/product_brand?post=350344"},{"taxonomy":"product_cat","embeddable":true,"href":"https:\/\/grupotextil.es\/en\/wp-json\/wp\/v2\/product_cat?post=350344"},{"taxonomy":"product_tag","embeddable":true,"href":"https:\/\/grupotextil.es\/en\/wp-json\/wp\/v2\/product_tag?post=350344"}],"curies":[{"name":"wp","href":"https:\/\/api.w.org\/{rel}","templated":true}]}}

Mochila para portátil Hamburgo

<ul>
<li>100% poliéster (600D) con revestimiento de PVC</li>
<li>Mochila para portátil resistente al agua</li>
<li>Cremalleras y tela resistente al agua</li>
<li>Asa de mano y correas acolchadas para los hombros</li>
<li>Bolsillos traseros de malla acolchada para transpirar</li>
<li>2 compartimentos grandes con cremallera y un compartimento superior pequeño</li>
<li>Un compartimento apto para portátiles de hasta 15,6</li>
<li>Bolsillo superior de malla para iPad</li>
<li>Compartimento frontal con bolsillo interior</li>
<li>2 bolsillos laterales de malla elástica</li>
<li>Capacidad: 24 Litros</li>
<li>Medidas: 30 x 17 x 48 cm</li>
<li>Adecuado para serigrafía o bordado</li>
<li>Máx. bordado: 14 aro tubular</li>
<li>Máx. área de impresión: 14 x 17 cm</li>
</ul>

<p>100% poliéster (600D) con revestimiento de PVCMochila para portátil resistente al aguaCremalleras y tela resistente al aguaAsa de mano y correas acolchadas para los hombrosBolsillos traseros de mal&#8230;</p>
