{"id":350936,"date":"2026-03-08T01:34:21","date_gmt":"2026-03-08T00:34:21","guid":{"rendered":"https:\/\/grupotextil.es\/producto\/bolsa-lona-classic\/"},"modified":"2026-03-08T01:34:21","modified_gmt":"2026-03-08T00:34:21","slug":"bolsa-lona-classic","status":"publish","type":"product","link":"https:\/\/grupotextil.es\/en\/product\/bolsa-lona-classic\/","title":{"rendered":"Bag lona Classic"},"content":{"rendered":"<ul>\n<li>407 g\/m\u00b2<\/li>\n<li>100% algod\u00f3n (lona)<\/li>\n<li>Asas largas (58 cm)<\/li>\n<li>Para transportar a mano o al hombro<\/li>\n<li>Dimensiones: 39 x 42 x 13 cm<\/li>\n<li>Capacidad: 19 Litros<\/li>\n<li>Bordado m\u00e1ximo: aro tubular 18<\/li>\n<li>\u00c1rea de impresi\u00f3n: 35 x 35 cm.<\/li>\n<\/ul>","protected":false},"excerpt":{"rendered":"<p>407 g\/m\u00b2100% algod\u00f3n (lona)Asas largas (58 cm)Para transportar a mano o al hombroDimensiones: 39 x 42 x 13 cmCapacidad: 19 LitrosBordado m\u00e1ximo: aro tubular 18\u00c1rea de impresi\u00f3n: 35 x 35 cm.<\/p>","protected":false},"featured_media":406844,"comment_status":"open","ping_status":"closed","template":"","meta":{"_acf_changed":false},"product_brand":[11657],"product_cat":[13954],"product_tag":[],"class_list":{"0":"post-350936","1":"product","2":"type-product","3":"status-publish","4":"has-post-thumbnail","6":"product_brand-quadra","7":"product_cat-acc-bolsas-y-mochilas","8":"tm-no-options","10":"first","11":"instock","12":"taxable","13":"shipping-taxable","14":"product-type-variable"},"acf":[],"_links":{"self":[{"href":"https:\/\/grupotextil.es\/en\/wp-json\/wp\/v2\/product\/350936","targetHints":{"allow":["GET"]}}],"collection":[{"href":"https:\/\/grupotextil.es\/en\/wp-json\/wp\/v2\/product"}],"about":[{"href":"https:\/\/grupotextil.es\/en\/wp-json\/wp\/v2\/types\/product"}],"replies":[{"embeddable":true,"href":"https:\/\/grupotextil.es\/en\/wp-json\/wp\/v2\/comments?post=350936"}],"wp:featuredmedia":[{"embeddable":true,"href":"https:\/\/grupotextil.es\/en\/wp-json\/wp\/v2\/media\/406844"}],"wp:attachment":[{"href":"https:\/\/grupotextil.es\/en\/wp-json\/wp\/v2\/media?parent=350936"}],"wp:term":[{"taxonomy":"product_brand","embeddable":true,"href":"https:\/\/grupotextil.es\/en\/wp-json\/wp\/v2\/product_brand?post=350936"},{"taxonomy":"product_cat","embeddable":true,"href":"https:\/\/grupotextil.es\/en\/wp-json\/wp\/v2\/product_cat?post=350936"},{"taxonomy":"product_tag","embeddable":true,"href":"https:\/\/grupotextil.es\/en\/wp-json\/wp\/v2\/product_tag?post=350936"}],"curies":[{"name":"wp","href":"https:\/\/api.w.org\/{rel}","templated":true}]}}

<ul>
<li>407 g/m²</li>
<li>100% algodón (lona)</li>
<li>Asas largas (58 cm)</li>
<li>Para transportar a mano o al hombro</li>
<li>Dimensiones: 39 x 42 x 13 cm</li>
<li>Capacidad: 19 Litros</li>
<li>Bordado máximo: aro tubular 18</li>
<li>Área de impresión: 35 x 35 cm.</li>
</ul>

<p>407 g/m²100% algodón (lona)Asas largas (58 cm)Para transportar a mano o al hombroDimensiones: 39 x 42 x 13 cmCapacidad: 19 LitrosBordado máximo: aro tubular 18Área de impresión: 35 x 35 cm.</p>
