{"id":351375,"date":"2026-03-08T01:34:56","date_gmt":"2026-03-08T00:34:56","guid":{"rendered":"https:\/\/grupotextil.es\/producto\/gorra-authentic-baseball\/"},"modified":"2026-03-08T01:34:56","modified_gmt":"2026-03-08T00:34:56","slug":"gorra-authentic-baseball","status":"publish","type":"product","link":"https:\/\/grupotextil.es\/en\/product\/gorra-authentic-baseball\/","title":{"rendered":"Cap Authentic Baseball"},"content":{"rendered":"<ul>\n<li>100% algod\u00f3n (sarga)<\/li>\n<li>6 paneles<\/li>\n<li>Visera pre-curvada<\/li>\n<li>Paneles frontales separados<\/li>\n<li>Ojales ventilaci\u00f3n cosidos<\/li>\n<li>Cierre ajustable con efecto de lat\u00f3n envejecido<\/li>\n<li>Etiqueta extra\u00edble<\/li>\n<\/ul>","protected":false},"excerpt":{"rendered":"<p>100% algod\u00f3n (sarga)6 panelesVisera pre-curvadaPaneles frontales separadosOjales ventilaci\u00f3n cosidosCierre ajustable con efecto de lat\u00f3n envejecidoEtiqueta extra\u00edble<\/p>","protected":false},"featured_media":407296,"comment_status":"open","ping_status":"closed","template":"","meta":{"_acf_changed":false},"product_brand":[11655],"product_cat":[13948,13954,13939,13976],"product_tag":[14009],"class_list":{"0":"post-351375","1":"product","2":"type-product","3":"status-publish","4":"has-post-thumbnail","6":"product_brand-beechfield","7":"product_cat-accesorios","8":"product_cat-acc-bolsas-y-mochilas","9":"product_cat-deportivo","10":"product_cat-ropa-nino","11":"product_tag-top-ventas","12":"tm-no-options","14":"first","15":"instock","16":"taxable","17":"shipping-taxable","18":"product-type-variable"},"acf":[],"_links":{"self":[{"href":"https:\/\/grupotextil.es\/en\/wp-json\/wp\/v2\/product\/351375","targetHints":{"allow":["GET"]}}],"collection":[{"href":"https:\/\/grupotextil.es\/en\/wp-json\/wp\/v2\/product"}],"about":[{"href":"https:\/\/grupotextil.es\/en\/wp-json\/wp\/v2\/types\/product"}],"replies":[{"embeddable":true,"href":"https:\/\/grupotextil.es\/en\/wp-json\/wp\/v2\/comments?post=351375"}],"wp:featuredmedia":[{"embeddable":true,"href":"https:\/\/grupotextil.es\/en\/wp-json\/wp\/v2\/media\/407296"}],"wp:attachment":[{"href":"https:\/\/grupotextil.es\/en\/wp-json\/wp\/v2\/media?parent=351375"}],"wp:term":[{"taxonomy":"product_brand","embeddable":true,"href":"https:\/\/grupotextil.es\/en\/wp-json\/wp\/v2\/product_brand?post=351375"},{"taxonomy":"product_cat","embeddable":true,"href":"https:\/\/grupotextil.es\/en\/wp-json\/wp\/v2\/product_cat?post=351375"},{"taxonomy":"product_tag","embeddable":true,"href":"https:\/\/grupotextil.es\/en\/wp-json\/wp\/v2\/product_tag?post=351375"}],"curies":[{"name":"wp","href":"https:\/\/api.w.org\/{rel}","templated":true}]}}

<ul>
<li>100% algodón (sarga)</li>
<li>6 paneles</li>
<li>Visera pre-curvada</li>
<li>Paneles frontales separados</li>
<li>Ojales ventilación cosidos</li>
<li>Cierre ajustable con efecto de latón envejecido</li>
<li>Etiqueta extraíble</li>
</ul>

<p>100% algodón (sarga)6 panelesVisera pre-curvadaPaneles frontales separadosOjales ventilación cosidosCierre ajustable con efecto de latón envejecidoEtiqueta extraíble</p>
