{"id":351911,"date":"2026-03-08T01:35:48","date_gmt":"2026-03-08T00:35:48","guid":{"rendered":"https:\/\/grupotextil.es\/producto\/gorra-plana-bronx-original-dual\/"},"modified":"2026-03-08T01:35:48","modified_gmt":"2026-03-08T00:35:48","slug":"gorra-plana-bronx-original-dual","status":"publish","type":"product","link":"https:\/\/grupotextil.es\/en\/product\/gorra-plana-bronx-original-dual\/","title":{"rendered":"Cap plana Bronx Original Dual"},"content":{"rendered":"<ul>\n<li>300 g\/m\u00b2<\/li>\n<li>100% acr\u00edlico (sarga)<\/li>\n<li>Bajo de la visera: 100% algod\u00f3n<\/li>\n<li>6 paneles<\/li>\n<li>Paneles frontales r\u00edgidos<\/li>\n<li>Visera plana con 6 filas de pespuntes<\/li>\n<li>Visera PU reciclado<\/li>\n<li>Visera, ojetes y bot\u00f3n en color de contraste<\/li>\n<li>Cierre trasero ajustable<\/li>\n<li>Etiqueta extra\u00edble<\/li>\n<li>Apropiada para bordar<\/li>\n<\/ul>","protected":false},"excerpt":{"rendered":"<p>300 g\/m\u00b2100% acr\u00edlico (sarga)Bajo de la visera: 100% algod\u00f3n6 panelesPaneles frontales r\u00edgidosVisera plana con 6 filas de pespuntesVisera PU recicladoVisera, ojetes y bot\u00f3n en color de contrasteCierre<\/p>","protected":false},"featured_media":407851,"comment_status":"open","ping_status":"closed","template":"","meta":{"_acf_changed":false},"product_brand":[11659],"product_cat":[13948,13954,13939,13974,13930,13975,13973],"product_tag":[],"class_list":{"0":"post-351911","1":"product","2":"type-product","3":"status-publish","4":"has-post-thumbnail","6":"product_brand-result-caps","7":"product_cat-accesorios","8":"product_cat-acc-bolsas-y-mochilas","9":"product_cat-deportivo","10":"product_cat-ropa-hombre","11":"product_cat-laboral","12":"product_cat-ropa-mujer","13":"product_cat-ropa","14":"tm-no-options","16":"first","17":"instock","18":"taxable","19":"shipping-taxable","20":"product-type-variable"},"acf":[],"_links":{"self":[{"href":"https:\/\/grupotextil.es\/en\/wp-json\/wp\/v2\/product\/351911","targetHints":{"allow":["GET"]}}],"collection":[{"href":"https:\/\/grupotextil.es\/en\/wp-json\/wp\/v2\/product"}],"about":[{"href":"https:\/\/grupotextil.es\/en\/wp-json\/wp\/v2\/types\/product"}],"replies":[{"embeddable":true,"href":"https:\/\/grupotextil.es\/en\/wp-json\/wp\/v2\/comments?post=351911"}],"wp:featuredmedia":[{"embeddable":true,"href":"https:\/\/grupotextil.es\/en\/wp-json\/wp\/v2\/media\/407851"}],"wp:attachment":[{"href":"https:\/\/grupotextil.es\/en\/wp-json\/wp\/v2\/media?parent=351911"}],"wp:term":[{"taxonomy":"product_brand","embeddable":true,"href":"https:\/\/grupotextil.es\/en\/wp-json\/wp\/v2\/product_brand?post=351911"},{"taxonomy":"product_cat","embeddable":true,"href":"https:\/\/grupotextil.es\/en\/wp-json\/wp\/v2\/product_cat?post=351911"},{"taxonomy":"product_tag","embeddable":true,"href":"https:\/\/grupotextil.es\/en\/wp-json\/wp\/v2\/product_tag?post=351911"}],"curies":[{"name":"wp","href":"https:\/\/api.w.org\/{rel}","templated":true}]}}

<ul>
<li>300 g/m²</li>
<li>100% acrílico (sarga)</li>
<li>Bajo de la visera: 100% algodón</li>
<li>6 paneles</li>
<li>Paneles frontales rígidos</li>
<li>Visera plana con 6 filas de pespuntes</li>
<li>Visera PU reciclado</li>
<li>Visera, ojetes y botón en color de contraste</li>
<li>Cierre trasero ajustable</li>
<li>Etiqueta extraíble</li>
<li>Apropiada para bordar</li>
</ul>

<p>300 g/m²100% acrílico (sarga)Bajo de la visera: 100% algodón6 panelesPaneles frontales rígidosVisera plana con 6 filas de pespuntesVisera PU recicladoVisera, ojetes y botón en color de contrasteCierre</p>
