{"id":352213,"date":"2026-03-08T01:36:22","date_gmt":"2026-03-08T00:36:22","guid":{"rendered":"https:\/\/grupotextil.es\/producto\/mochila-convertible-q-tech-charge\/"},"modified":"2026-03-08T01:36:22","modified_gmt":"2026-03-08T00:36:22","slug":"mochila-convertible-q-tech-charge","status":"publish","type":"product","link":"https:\/\/grupotextil.es\/en\/product\/mochila-convertible-q-tech-charge\/","title":{"rendered":"Mochila convertible Q-Tech Charge"},"content":{"rendered":"<ul>\n<li>100% poli\u00e9ster (650D)<\/li>\n<li>Asa para el transporte y correas de hombro ajustables y acolchadas<\/li>\n<li>Panel trasero acolchado ergon\u00f3mico y bolsillo con cremallera<\/li>\n<li>Compartimento acolchado para port\u00e1til, compatible hasta 15.6<\/li>\n<li>Compartimiento interno acolchado para iPad\u00ae \/ tablet<\/li>\n<li>Bolsillo frontal con cremallera con secci\u00f3n organizadora<\/li>\n<li>Bolsillo interior con cremallera para objetos de valor<\/li>\n<li>Puerto de carga USB integrado, bolsillo para bater\u00eda externa<\/li>\n<li>Etiqueta extra\u00edble (TearAway) para facilitar el rebranding<\/li>\n<li>Capacidad: 11 litros<\/li>\n<li>Medidas: 33 x 45 cm.<\/li>\n<li>Max. bordado: 15 aro tubular<\/li>\n<li>Max. \u00c1rea de impresi\u00f3n: 20 x 15 cm.<\/li>\n<\/ul>","protected":false},"excerpt":{"rendered":"<p>100% poli\u00e9ster (650D)Asa para el transporte y correas de hombro ajustables y acolchadasPanel trasero acolchado ergon\u00f3mico y bolsillo con cremalleraCompartimento acolchado para port\u00e1til, compatible &#8230;<\/p>","protected":false},"featured_media":408044,"comment_status":"open","ping_status":"closed","template":"","meta":{"_acf_changed":false},"product_brand":[11657],"product_cat":[13948,13954,13939,13974,13930,13975,13973],"product_tag":[],"class_list":{"0":"post-352213","1":"product","2":"type-product","3":"status-publish","4":"has-post-thumbnail","6":"product_brand-quadra","7":"product_cat-accesorios","8":"product_cat-acc-bolsas-y-mochilas","9":"product_cat-deportivo","10":"product_cat-ropa-hombre","11":"product_cat-laboral","12":"product_cat-ropa-mujer","13":"product_cat-ropa","14":"tm-no-options","16":"first","17":"instock","18":"taxable","19":"shipping-taxable","20":"product-type-variable"},"acf":[],"_links":{"self":[{"href":"https:\/\/grupotextil.es\/en\/wp-json\/wp\/v2\/product\/352213","targetHints":{"allow":["GET"]}}],"collection":[{"href":"https:\/\/grupotextil.es\/en\/wp-json\/wp\/v2\/product"}],"about":[{"href":"https:\/\/grupotextil.es\/en\/wp-json\/wp\/v2\/types\/product"}],"replies":[{"embeddable":true,"href":"https:\/\/grupotextil.es\/en\/wp-json\/wp\/v2\/comments?post=352213"}],"wp:featuredmedia":[{"embeddable":true,"href":"https:\/\/grupotextil.es\/en\/wp-json\/wp\/v2\/media\/408044"}],"wp:attachment":[{"href":"https:\/\/grupotextil.es\/en\/wp-json\/wp\/v2\/media?parent=352213"}],"wp:term":[{"taxonomy":"product_brand","embeddable":true,"href":"https:\/\/grupotextil.es\/en\/wp-json\/wp\/v2\/product_brand?post=352213"},{"taxonomy":"product_cat","embeddable":true,"href":"https:\/\/grupotextil.es\/en\/wp-json\/wp\/v2\/product_cat?post=352213"},{"taxonomy":"product_tag","embeddable":true,"href":"https:\/\/grupotextil.es\/en\/wp-json\/wp\/v2\/product_tag?post=352213"}],"curies":[{"name":"wp","href":"https:\/\/api.w.org\/{rel}","templated":true}]}}

<ul>
<li>100% poliéster (650D)</li>
<li>Asa para el transporte y correas de hombro ajustables y acolchadas</li>
<li>Panel trasero acolchado ergonómico y bolsillo con cremallera</li>
<li>Compartimento acolchado para portátil, compatible hasta 15.6</li>
<li>Compartimiento interno acolchado para iPad® / tablet</li>
<li>Bolsillo frontal con cremallera con sección organizadora</li>
<li>Bolsillo interior con cremallera para objetos de valor</li>
<li>Puerto de carga USB integrado, bolsillo para batería externa</li>
<li>Etiqueta extraíble (TearAway) para facilitar el rebranding</li>
<li>Capacidad: 11 litros</li>
<li>Medidas: 33 x 45 cm.</li>
<li>Max. bordado: 15 aro tubular</li>
<li>Max. Área de impresión: 20 x 15 cm.</li>
</ul>

<p>100% poliéster (650D)Asa para el transporte y correas de hombro ajustables y acolchadasPanel trasero acolchado ergonómico y bolsillo con cremalleraCompartimento acolchado para portátil, compatible &#8230;</p>
